000
CXUS52 KFFC 011110
CF6CSG
PRELIMINARY LOCAL CLIMATOLOGICAL DATA (WS FORM: F-6)

                                          STATION:   COLUMBUS
                                          MONTH:     JUNE
                                          YEAR:      2015
                                          LATITUDE:   32 31 N
                                          LONGITUDE:  84 56 W

  TEMPERATURE IN F:       :PCPN:    SNOW:  WIND      :SUNSHINE: SKY     :PK WND
================================================================================
1   2   3   4   5  6A  6B    7    8   9   10  11  12  13   14  15   16   17  18
                                     12Z  AVG MX 2MIN
DY MAX MIN AVG DEP HDD CDD  WTR  SNW DPTH SPD SPD DIR MIN PSBL S-S WX    SPD DR
================================================================================

 1  82  68  75  -2   0  10 0.20  0.0    0  3.0 12 210   M    M   4 13     15 220
 2  85  67  76  -1   0  11    T  0.0    0  2.3  9 270   M    M   6 18     18  80
 3  86  67  77  -1   0  12 0.16  0.0    0  3.8 15 120   M    M   2        17 120
 4  83  66  75  -3   0  10 0.00  0.0    0  5.8 12  70   M    M   7        14  70
 5  89  68  79   1   0  14 0.16  0.0    0  3.5  9  30   M    M   2 1      14  20
 6  91  68  80   2   0  15 0.00  0.0    0  2.4 14 340   M    M   1        28 290
 7  91  68  80   2   0  15 0.00  0.0    0  2.5 15 100   M    M   2        20 110
 8  91  71  81   2   0  16 0.13  0.0    0  5.1 23 250   M    M   2 3      36 240
 9  85  69  77  -2   0  12 1.30  0.0    0  4.6 23 190   M    M   3 123    30 180
10  87  69  78  -1   0  13 0.00  0.0    0  2.7 14 230   M    M   7 1      17 230
11  88  69  79   0   0  14 0.05  0.0    0  3.8 21 130   M    M   3 3      25 120
12  88  69  79   0   0  14 0.49  0.0    0  5.0 23 300   M    M   5 13     31 300
13  91  67  79  -1   0  14 0.00  0.0    0  2.9 20 240   M    M   2        26 240
14  93  69  81   1   0  16    T  0.0    0  2.1 17 190   M    M   1        23 110
15  94  71  83   3   0  18 0.00  0.0    0  2.1 12  30   M    M   1 3      16  30
16  95  73  84   4   0  19 0.00  0.0    0  3.3 12 260   0    0   0        16 290
17  97  74  86   6   0  21 0.00  0.0    0  3.6 20 150   M    M   1 3      24 140
18  96  74  85   5   0  20    T  0.0    0  3.9 22 260   M    M   1 3      29 270
19  93  73  83   2   0  18 0.00  0.0    0  5.6 14 270   M    M   2        18 240
20  93  74  84   3   0  19 0.00  0.0    0  7.5 17 250   M    M   4        23 250
21  93  76  85   4   0  20 0.00  0.0    0  4.5 15 280   M    M   2 3      21 270
22  97  76  87   6   0  22 0.00  0.0    0  4.6 14 340   M    M   0        18 360
23  97  74  86   5   0  21    T  0.0    0  4.5 21 210   M    M   1        26 210
24  94  69  82   1   0  17 1.16  0.0    0  6.1 24  90   M    M   2 13     32  90
25  92  72  82   1   0  17 0.00  0.0    0  4.1 10 230   M    M   0        16 260
26  92  73  83   1   0  18 0.04  0.0    0  4.3 21 210   M    M   1 13     26 210
27  90  73  82   0   0  17    T  0.0    0  7.6 18 270   M    M   6        26 280
28  86  69  78  -4   0  13 0.29  0.0    0  4.6 15 330   M    M   6 13     20 260
29  88  66  77  -5   0  12 0.00  0.0    0  3.7 14 240   M    M   1        21 260
30  87  71  79  -3   0  14 0.09  0.0    0  7.3 22 270   M    M   2 1      28 270
================================================================================
SM 2714 2113         0 472  4.07     0.0 126.8            0     77
================================================================================
AV 90.5 70.4                               4.2 FASTST    0   0   3    MAX(MPH)
                                 MISC ---->  # 24  90               # 36  240
================================================================================
NOTES:
# LAST OF SEVERAL OCCURRENCES

COLUMN 17 PEAK WIND IN M.P.H.

PRELIMINARY LOCAL CLIMATOLOGICAL DATA (WS FORM: F-6) , PAGE 2

                                          STATION:  COLUMBUS
                                          MONTH:    JUNE
                                          YEAR:     2015
                                          LATITUDE:   32 31 N
                                          LONGITUDE:  84 56 W

[TEMPERATURE DATA]      [PRECIPITATION DATA]       SYMBOLS USED IN COLUMN 16

AVERAGE MONTHLY: 80.4   TOTAL FOR MONTH:   4.07    1 = FOG OR MIST
DPTR FM NORMAL:   0.6   DPTR FM NORMAL:    0.35    2 = FOG REDUCING VISIBILITY
HIGHEST:    97 ON 23,22 GRTST 24HR  1.43 ON  8- 9      TO 1/4 MILE OR LESS
LOWEST:     66 ON 29, 4                            3 = THUNDER
                        SNOW, ICE PELLETS, HAIL    4 = ICE PELLETS
                        TOTAL MONTH:   0.0 INCH    5 = HAIL
                        GRTST 24HR     0.0         6 = FREEZING RAIN OR DRIZZLE
                        GRTST DEPTH:   0           7 = DUSTSTORM OR SANDSTORM:
                                                       VSBY 1/2 MILE OR LESS
                                                   8 = SMOKE OR HAZE
[NO. OF DAYS WITH]      [WEATHER - DAYS WITH]      9 = BLOWING SNOW
                                                   X = TORNADO
MAX 32 OR BELOW:   0    0.01 INCH OR MORE:  11
MAX 90 OR ABOVE:  18    0.10 INCH OR MORE:   8
MIN 32 OR BELOW:   0    0.50 INCH OR MORE:   2
MIN  0 OR BELOW:   0    1.00 INCH OR MORE:   2

[HDD (BASE 65) ]
TOTAL THIS MO.     0    CLEAR  (SCALE 0-3)  22
DPTR FM NORMAL     0    PTCLDY (SCALE 4-7)   8
TOTAL FM JUL 1  2212    CLOUDY (SCALE 8-10)  0
DPTR FM NORMAL    92

[CDD (BASE 65) ]
TOTAL THIS MO.   472
DPTR FM NORMAL    26    [PRESSURE DATA]
TOTAL FM JAN 1   918    HIGHEST SLP 30.17 ON 12
DPTR FM NORMAL   114    LOWEST  SLP 29.84 ON 10

[REMARKS]
#FINAL-06-15#
