000
CXUS54 KOUN 300800
CF6CSM
PRELIMINARY LOCAL CLIMATOLOGICAL DATA (WS FORM: F-6)

                                          STATION:   CLINTON
                                          MONTH:     SEPTEMBER
                                          YEAR:      2014
                                          LATITUDE:   35 20 N
                                          LONGITUDE:  99 12 W

  TEMPERATURE IN F:       :PCPN:    SNOW:  WIND      :SUNSHINE: SKY     :PK WND
================================================================================
1   2   3   4   5  6A  6B    7    8   9   10  11  12  13   14  15   16   17  18
                                     12Z  AVG MX 2MIN
DY MAX MIN AVG DEP HDD CDD  WTR  SNW DPTH SPD SPD DIR MIN PSBL S-S WX    SPD DR
================================================================================

 1  99  76  88  10   0  23    T  0.0    0 16.5 25 190   M    M   1        32 200
 2  99  75  87   9   0  22 0.00  0.0    0 17.0 29 170   M    M   0        35 160
 3  99  75  87  10   0  22 0.00  0.0    0 18.8 29 180   M    M   0        36 180
 4  97  75  86   9   0  21 0.00  0.0    0 20.6 32 200   M    M   0        39 200
 5  95  60  78   1   0  13 0.08  0.0    0 14.6 26  10   M    M   3        35  10
 6  69  58  64 -12   1   0 2.95  0.0    0 12.2 23  10   M    M   8        29  10
 7  80  59  70  -6   0   5 0.00  0.0    0  5.7 12  50   M    M   1        20  40
 8  89  67  78   2   0  13 0.00  0.0    0 13.2 24 190   M    M   2        33 190
 9  96  73  85   9   0  20 0.00  0.0    0 19.3 31 190   M    M   0        38 200
10  84  66  75   0   0  10 0.02  0.0    0 16.1 25 190   M    M   3        36 210
11  76  60  68  -7   0   3 0.00  0.0    0 12.9 23  20   M    M   3        26  20
12  65  54  60 -15   5   0    T  0.0    0 20.2 30  10   M    M  10        36  20
13  68  51  60 -14   5   0 0.00  0.0    0  8.3 18  10   M    M   5        24  20
14  76  57  67  -7   0   2    T  0.0    0 13.1 24 190   M    M   3        29 190
15  87  66  77   3   0  12    T  0.0    0  9.5 20 210   M    M   4        28 210
16  90  65  78   5   0  13 0.00  0.0    0  7.9 14 200   M    M   5        16 200
17  91  69  80   7   0  15 0.00  0.0    0 10.8 22 230   M    M   0        28 220
18  84  70  77   4   0  12 0.00  0.0    0  8.1 22  90   M    M   1        25  90
19  90  67  79   7   0  14 0.00  0.0    0  8.2 17 140   M    M   2        22 150
20  89  70  80   8   0  15 0.00  0.0    0  9.1 16 180   M    M   2        22 190
21  87  65  76   4   0  11 0.00  0.0    0  8.7 25  40   M    M   1        29  40
22  82  59  71   0   0   6 0.00  0.0    0  7.7 15  90   M    M   1        18  80
23  88  62  75   4   0  10 0.00  0.0    0 15.3 23 160   M    M   0        30 190
24  85  66  76   6   0  11    T  0.0    0 13.2 22 160   M    M   2        26 190
25  85  64  75   5   0  10 0.00  0.0    0  9.9 15 160   M    M   0        24 160
26  86  60  73   3   0   8 0.00  0.0    0  9.7 18 180   M    M   0        25 160
27  86  64  75   6   0  10 0.00  0.0    0 12.1 17 150   M    M   2        24 160
28  86  63  75   6   0  10 0.00  0.0    0  7.8 14 160   M    M   2        21 180
29  86  61  74   6   0   9 0.00  0.0    0  8.2 17 150   M    M   2        21 140
================================================================================
SM 2494 1877        11 320  3.05     0.0 354.7          M       63
================================================================================
AV 86.0 64.7                              12.2 FASTST   M    M   2    MAX(MPH)
                                 MISC ---->  # 32 200               # 39  200
================================================================================
NOTES:
# LAST OF SEVERAL OCCURRENCES

COLUMN 17 PEAK WIND IN M.P.H.

PRELIMINARY LOCAL CLIMATOLOGICAL DATA (WS FORM: F-6) , PAGE 2

                                          STATION:  CLINTON
                                          MONTH:    SEPTEMBER
                                          YEAR:     2014
                                          LATITUDE:   35 20 N
                                          LONGITUDE:  99 12 W

[TEMPERATURE DATA]      [PRECIPITATION DATA]       SYMBOLS USED IN COLUMN 16

AVERAGE MONTHLY: 75.4   TOTAL FOR MONTH:   3.05    1 = FOG OR MIST
DPTR FM NORMAL:   1.9   DPTR FM NORMAL:    0.20    2 = FOG REDUCING VISIBILITY
HIGHEST:    99 ON  3, 2 GRTST 24HR  3.03 ON  5- 6      TO 1/4 MILE OR LESS
LOWEST:     51 ON 13                               3 = THUNDER
                        SNOW, ICE PELLETS, HAIL    4 = ICE PELLETS
                        TOTAL MONTH:   0.0 INCH    5 = HAIL
                        GRTST 24HR     0.0         6 = FREEZING RAIN OR DRIZZLE
                        GRTST DEPTH:   0           7 = DUSTSTORM OR SANDSTORM:
                                                       VSBY 1/2 MILE OR LESS
                                                   8 = SMOKE OR HAZE
[NO. OF DAYS WITH]      [WEATHER - DAYS WITH]      9 = BLOWING SNOW
                                                   X = TORNADO
MAX 32 OR BELOW:   0    0.01 INCH OR MORE:   3
MAX 90 OR ABOVE:   9    0.10 INCH OR MORE:   1
MIN 32 OR BELOW:   0    0.50 INCH OR MORE:   1
MIN  0 OR BELOW:   0    1.00 INCH OR MORE:   1

[HDD (BASE 65) ]
TOTAL THIS MO.    11    CLEAR  (SCALE 0-3)  22
DPTR FM NORMAL    -3    PTCLDY (SCALE 4-7)   6
TOTAL FM JUL 1    12    CLOUDY (SCALE 8-10)  1
DPTR FM NORMAL    -2

[CDD (BASE 65) ]
TOTAL THIS MO.   320
DPTR FM NORMAL    57    [PRESSURE DATA]
TOTAL FM JAN 1  2085    HIGHEST SLP M ON M
DPTR FM NORMAL   184    LOWEST  SLP 29.72 ON  1

[REMARKS]
