000
CXUS55 KCAE 301400
CF6CUB
PRELIMINARY LOCAL CLIMATOLOGICAL DATA (WS FORM: F-6)

                                          STATION:   HAMILTON - OWENS AIRPORT SC
                                          MONTH:     OCTOBER
                                          YEAR:      2014
                                          LATITUDE:   33 58 N
                                          LONGITUDE:  80 59 W

  TEMPERATURE IN F:       :PCPN:    SNOW:  WIND      :SUNSHINE: SKY     :PK WND
================================================================================
1   2   3   4   5  6A  6B    7    8   9   10  11  12  13   14  15   16   17  18
                                     12Z  AVG MX 2MIN
DY MAX MIN AVG DEP HDD CDD  WTR  SNW DPTH SPD SPD DIR MIN PSBL S-S WX    SPD DR
================================================================================

 1  86  61  74   3   0   9 0.00    M    M  0.6  7 240   M    M   1        10 300
 2  87  63  75   5   0  10 0.00    M    M  1.4 10 190   M    M   0 18     12 190
 3  83  64  74   4   0   9 1.03    M    M  3.5 16 190   M    M   6 13     22 210
 4  74  50  62  -8   3   0 0.00    M    M  8.8 17 270   M    M   0 1      25 280
 5  70  44  57 -12   8   0 0.00    M    M  1.5 13 230   M    M   0        19 230
 6  79  47  63  -6   2   0 0.00    M    M  3.1 14 210   M    M   0        19 200
 7  82  56  69   0   0   4 0.00    M    M  3.5 15 180   M    M   0        19 220
 8  89  61  75   7   0  10 0.00    M    M  3.7 17 280   M    M   0        22 270
 9  84  61  73   5   0   8 0.00    M    M  1.9  9 180   M    M   0 8      12 140
10  88  63  76   9   0  11 0.27    M    M  2.9 10 220   M    M   3 13     14 220
11  89  70  80  13   0  15 0.00    M    M  5.1 17 260   M    M   3        25 250
12  76  66  71   4   0   6 0.00    M    M  3.6  8  70   M    M   9 18     13  80
13  84  67  76  10   0  11 0.00    M    M  3.0 10 190   M    M   7 1      15 170
14  84  70  77  11   0  12 0.25    M    M  6.2 17 180   M    M   7 1      24 190
15  75  62  69   3   0   4 1.02    M    M  4.6 16 260   M    M   5 1      21 260
16  70  55  63  -2   2   0    T    M    M  5.9 16 260   M    M   5        22 250
17  78  50  64  -1   1   0 0.00    M    M  2.8 14 270   M    M   0        19 260
18  82  58  70   6   0   5 0.00    M    M  5.6 16 270   M    M   1        22 280
19  72  51  62  -2   3   0 0.00  0.0    0  2.1 10  20   M    M   0        15  40
20  75  46  61  -3   4   0 0.00  0.0    0  1.9 12 240   M    M   1        15 260
21  79  51  65   2   0   0 0.00    M    M  3.4 15 270   M    M   0        19 270
22  69  46  58  -5   7   0 0.00    M    M  3.1 13 320   M    M   0        20 320
23  72  44  58  -5   7   0 0.00    M    M  2.3 10 300   M    M   0 1      16 310
24  73  47  60  -2   5   0 0.00    M    M  1.3  8 280   M    M   0 1      10 300
25  75  44  60  -2   5   0 0.00    M    M  1.4  9 270   M    M   0 1      12 300
26  87  47  67   5   0   2 0.00    M    M  2.1 10 320   M    M   0        17 300
27  86  50  68   7   0   3 0.00    M    M  1.1  7 170   M    M   0        11 180
28  86  56  71  10   0   6 0.00    M    M  2.1 13 200   M    M   1 12     16 210
29  84  60  72  11   0   7    T    M    M  3.7 15 260   M    M   3        21 250
================================================================================
SM 2318 1610        47 132  2.57     0.0  92.2          M       52
================================================================================
AV 79.9 55.5                               3.2 FASTST   M    M   2    MAX(MPH)
                                 MISC ---->  # 17 270               # 25  280
================================================================================
NOTES:
# LAST OF SEVERAL OCCURRENCES

COLUMN 17 PEAK WIND IN M.P.H.

PRELIMINARY LOCAL CLIMATOLOGICAL DATA (WS FORM: F-6) , PAGE 2

                                          STATION:  HAMILTON - OWENS AIRPORT SC
                                          MONTH:    OCTOBER
                                          YEAR:     2014
                                          LATITUDE:   33 58 N
                                          LONGITUDE:  80 59 W

[TEMPERATURE DATA]      [PRECIPITATION DATA]       SYMBOLS USED IN COLUMN 16

AVERAGE MONTHLY: 67.7   TOTAL FOR MONTH:   2.57    1 = FOG OR MIST
DPTR FM NORMAL:   2.1   DPTR FM NORMAL:   -0.58    2 = FOG REDUCING VISIBILITY
HIGHEST:    89 ON 11, 8 GRTST 24HR  1.27 ON 14-15      TO 1/4 MILE OR LESS
LOWEST:     44 ON 25,23                            3 = THUNDER
                        SNOW, ICE PELLETS, HAIL    4 = ICE PELLETS
                        TOTAL MONTH:   0.0 INCH    5 = HAIL
                        GRTST 24HR     0.0         6 = FREEZING RAIN OR DRIZZLE
                        GRTST DEPTH:   0           7 = DUSTSTORM OR SANDSTORM:
                                                       VSBY 1/2 MILE OR LESS
                                                   8 = SMOKE OR HAZE
[NO. OF DAYS WITH]      [WEATHER - DAYS WITH]      9 = BLOWING SNOW
                                                   X = TORNADO
MAX 32 OR BELOW:   0    0.01 INCH OR MORE:   4
MAX 90 OR ABOVE:   0    0.10 INCH OR MORE:   4
MIN 32 OR BELOW:   0    0.50 INCH OR MORE:   2
MIN  0 OR BELOW:   0    1.00 INCH OR MORE:   2

[HDD (BASE 65) ]
TOTAL THIS MO.    47    CLEAR  (SCALE 0-3)  23
DPTR FM NORMAL   -28    PTCLDY (SCALE 4-7)   5
TOTAL FM JUL 1    51    CLOUDY (SCALE 8-10)  1
DPTR FM NORMAL   -27

[CDD (BASE 65) ]
TOTAL THIS MO.   132
DPTR FM NORMAL    40    [PRESSURE DATA]
TOTAL FM JAN 1  2407    HIGHEST SLP M ON M
DPTR FM NORMAL   168    LOWEST  SLP 29.76 ON  4

[REMARKS]
