000
CXUS54 KHGX 011415
CF6CXO
PRELIMINARY LOCAL CLIMATOLOGICAL DATA (WS FORM: F-6)

                                          STATION:   CONROE
                                          MONTH:     AUGUST
                                          YEAR:      2014
                                          LATITUDE:   30 21 N
                                          LONGITUDE:  95 25 W

  TEMPERATURE IN F:       :PCPN:    SNOW:  WIND      :SUNSHINE: SKY     :PK WND
================================================================================
1   2   3   4   5  6A  6B    7    8   9   10  11  12  13   14  15   16   17  18
                                     12Z  AVG MX 2MIN
DY MAX MIN AVG DEP HDD CDD  WTR  SNW DPTH SPD SPD DIR MIN PSBL S-S WX    SPD DR
================================================================================

 1  85  73  79  -5   0  14 0.00  0.0    0  7.5 16 320   M    M   7        20 330
 2  82  70  76  -8   0  11 0.00  0.0    0  5.5 10 330   M    M   8         M  M
 3  88  70  79  -5   0  14    T  0.0    0  3.2 12 360   M    M   5 1      16  10
 4  92  70  81  -3   0  16 0.06  0.0    0  3.0 15 150   M    M   2 1      18 150
 5  93  71  82  -2   0  17    T  0.0    0  2.6 21 150   M    M   2 13     24 160
 6  94  70  82  -2   0  17 0.00  0.0    0  4.7 14 150   M    M   1 1      19 150
 7  96  72  84   0   0  19 0.00  0.0    0  6.5 15 150   M    M   2 1      20 220
 8  96  75  86   2   0  21 0.00  0.0    0  5.6 17 150   M    M   3 1      21 170
 9  96  73  85   1   0  20 0.00  0.0    0  3.9 20 170   M    M   2 13     23 170
10  95  74  85   1   0  20 0.00  0.0    0  4.2 20 200   M    M   1 3      23 190
11  97  74  86   3   0  21 0.02  0.0    0  4.2 30 310   M    M   1 38     38 310
12  97  72  85   2   0  20 0.00  0.0    0  4.0 14 340   M    M   2        18 350
13  93  68  81  -2   0  16 0.00  0.0    0  3.5 13 360   M    M   0        16 350
14  91  68  80  -3   0  15 0.00  0.0    0  3.2 10 140   M    M   1        14  70
15  96  71  84   1   0  19 0.00  0.0    0  4.1 12 140   M    M   4 1      16 140
16  98  73  86   3   0  21 0.00  0.0    0  7.4 23 150   M    M   1 3      29 150
17  98  76  87   4   0  22 0.04  0.0    0  7.5 20 280   M    M   3 3      28 230
18  97  73  85   2   0  20    T  0.0    0  7.8 20 160   M    M   2 13     25 170
19  96  73  85   2   0  20 0.13  0.0    0  4.8 20 180   M    M   1 138    26 170
20  94  70  82  -1   0  17 0.02  0.0    0  4.7 15 160   M    M   1 13     22 170
21  97  73  85   2   0  20 0.00  0.0    0  8.4 17 160   M    M   2 1      24 160
22  97  71  84   1   0  19 0.00  0.0    0  5.7 13 150   M    M   3 1      19 140
23  95  70  83   1   0  18 0.00  0.0    0  4.2 13 140   M    M   1        16 140
24  97  70  84   2   0  19 0.00  0.0    0  2.2 10 130   M    M   1        14 140
25  96  71  84   2   0  19 0.00  0.0    0  2.0 10 120   M    M   1        14 120
26  94  71  83   1   0  18 0.00  0.0    0  2.1 13 350   M    M   2 38     17 140
27  95  69  82   0   0  17 0.00  0.0    0  4.0 18 140   M    M   2 18     25 140
28  93  71  82   0   0  17 0.01  0.0    0  4.7 22 160   M    M   2 1      27 160
29  90  73  82   0   0  17 0.01  0.0    0  3.8 21 140   M    M   3        27 140
30  90  73  82   1   0  17    T  0.0    0  4.5 15 150   M    M   5        19 120
31  87  71  79  -2   0  14 0.11  0.0    0  5.4 18 180   M    M   3 1      24 190
================================================================================
SM 2905 2219         0 555  0.40     0.0 144.9          M       74
================================================================================
AV 93.7 71.6                               4.7 FASTST   M    M   2    MAX(MPH)
                                 MISC ---->  # 30 310               # 38  310
================================================================================
NOTES:
# LAST OF SEVERAL OCCURRENCES

COLUMN 17 PEAK WIND IN M.P.H.

PRELIMINARY LOCAL CLIMATOLOGICAL DATA (WS FORM: F-6) , PAGE 2

                                          STATION:  CONROE
                                          MONTH:    AUGUST
                                          YEAR:     2014
                                          LATITUDE:   30 21 N
                                          LONGITUDE:  95 25 W

[TEMPERATURE DATA]      [PRECIPITATION DATA]       SYMBOLS USED IN COLUMN 16

AVERAGE MONTHLY: 82.6   TOTAL FOR MONTH:   0.40    1 = FOG OR MIST
DPTR FM NORMAL:  -0.2   DPTR FM NORMAL:   -2.94    2 = FOG REDUCING VISIBILITY
HIGHEST:    98 ON 17,16 GRTST 24HR  0.13 ON 19-19      TO 1/4 MILE OR LESS
LOWEST:     68 ON 14,13                            3 = THUNDER
                        SNOW, ICE PELLETS, HAIL    4 = ICE PELLETS
                        TOTAL MONTH:   0.0 INCH    5 = HAIL
                        GRTST 24HR     0.0         6 = FREEZING RAIN OR DRIZZLE
                        GRTST DEPTH:   0           7 = DUSTSTORM OR SANDSTORM:
                                                       VSBY 1/2 MILE OR LESS
                                                   8 = SMOKE OR HAZE
[NO. OF DAYS WITH]      [WEATHER - DAYS WITH]      9 = BLOWING SNOW
                                                   X = TORNADO
MAX 32 OR BELOW:   0    0.01 INCH OR MORE:   8
MAX 90 OR ABOVE:  27    0.10 INCH OR MORE:   2
MIN 32 OR BELOW:   0    0.50 INCH OR MORE:   0
MIN  0 OR BELOW:   0    1.00 INCH OR MORE:   0

[HDD (BASE 65) ]
TOTAL THIS MO.     0    CLEAR  (SCALE 0-3)  25
DPTR FM NORMAL     0    PTCLDY (SCALE 4-7)   6
TOTAL FM JUL 1     0    CLOUDY (SCALE 8-10)  0
DPTR FM NORMAL     0

[CDD (BASE 65) ]
TOTAL THIS MO.   555
DPTR FM NORMAL     2    [PRESSURE DATA]
TOTAL FM JAN 1  1934    HIGHEST SLP 30.09 ON 22
DPTR FM NORMAL  -102    LOWEST  SLP 29.83 ON 29

[REMARKS]
#FINAL-08-14#
#FINAL-08-14#
