000
CXUS53 KUNR 260945
CF6D07
PRELIMINARY LOCAL CLIMATOLOGICAL DATA (WS FORM: F-6)

                                          STATION:   FAITH SD
                                          MONTH:     MARCH
                                          YEAR:      2015
                                          LATITUDE:   45  1 N
                                          LONGITUDE: 102  1 W

  TEMPERATURE IN F:       :PCPN:    SNOW:  WIND      :SUNSHINE: SKY     :PK WND
================================================================================
1   2   3   4   5  6A  6B    7    8   9   10  11  12  13   14  15   16   17  18
                                     12Z  AVG MX 2MIN
DY MAX MIN AVG DEP HDD CDD  WTR  SNW DPTH SPD SPD DIR MIN PSBL S-S WX    SPD DR
================================================================================

 1  31  11  21  -7  44   0 0.00    M    M 13.7 25 300   M    M   M        31 330
 2  49   8  29   1  36   0 0.00    M    M 15.9 32 160   M    M   M        37 160
 3  25   3  14 -14  51   0 0.00    M    M 21.8 37 330   M    M   M        44 350
 4  16  -3   7 -21  58   0 0.00    M    M 13.2 26 320   M    M   M        34 310
 5  47  -3  22  -7  43   0 0.00    M    M 13.9 29 310   M    M   M        34 320
 6  58  25  42  13  23   0 0.00    M    M 12.6 29 300   M    M   M        36 290
 7  52  26  39   9  26   0 0.03    M    M  9.1 20  10   M    M   M        23  10
 8  58  26  42  12  23   0 0.00    M    M  9.7 16 190   M    M   M        21 280
 9  63  28  46  16  19   0 0.00    M    M  6.9 20 300   M    M   M        25 290
10  63  35  49  19  16   0 0.00    M    M 10.7 18 350   M    M   M        21 150
11  69  32  51  20  14   0 0.00    M    M  9.9 22 180   M    M   M        25 170
12  72  42  57  26   8   0 0.00    M    M 12.5 25 310   M    M   M        32 310
13  65  35  50  18  15   0 0.00    M    M 12.7 23 320   M    M   M        29 350
14  74  30  52  20  13   0 0.00    M    M 16.3 28 200   M    M   M        35 170
15  82  51  67  35   0   2 0.00    M    M 11.1 20 220   M    M   M        24 220
16  56  28  42  10  23   0 0.00    M    M 14.3 35 360   M    M   M        42  10
17  40  27  34   1  31   0 0.00    M    M 10.4 22 140   M    M   M        27 130
18  51  29  40   7  25   0 0.00    M    M 11.5 24 140   M    M   M        30 140
19  51  31  41   7  24   0 0.00    M    M 14.9 30 320   M    M   M        38 320
20  68  29  49  15  16   0 0.00    M    M 16.6 32 300   M    M   M        39 300
21  56  27  42   8  23   0 0.00    M    M 15.7 24 140   M    M   M        31 140
22  39  26  33  -2  32   0 0.06    M    M 10.0 21 170   M    M   M        24  70
23  66  22  44   9  21   0 0.02    M    M 16.8 38 200   M    M   M        46 200
24  59  32  46  10  19   0 0.00    M    M 25.3 40 290   M    M   M        48 280
25  41  21  31  -5  34   0 0.00    M    M 17.5 32 340   M    M   M        39 320
================================================================================
SM 1351  618       637   2  0.11    M    343.0          M        M
================================================================================
AV 54.0 24.7                              13.7 FASTST   M    M   2    MAX(MPH)
                                 MISC ---->  # 40 290               # 48  280
================================================================================
NOTES:
# LAST OF SEVERAL OCCURRENCES

COLUMN 17 PEAK WIND IN M.P.H.

PRELIMINARY LOCAL CLIMATOLOGICAL DATA (WS FORM: F-6) , PAGE 2

                                          STATION:  FAITH SD
                                          MONTH:    MARCH
                                          YEAR:     2015
                                          LATITUDE:   45  1 N
                                          LONGITUDE: 102  1 W

[TEMPERATURE DATA]      [PRECIPITATION DATA]       SYMBOLS USED IN COLUMN 16

AVERAGE MONTHLY: 39.4   TOTAL FOR MONTH:   0.11    1 = FOG OR MIST
DPTR FM NORMAL:   7.8   DPTR FM NORMAL:   -0.59    2 = FOG REDUCING VISIBILITY
HIGHEST:    82 ON 15    GRTST 24HR  0.06 ON 22-22      TO 1/4 MILE OR LESS
LOWEST:     -3 ON  5, 4                            3 = THUNDER
                        SNOW, ICE PELLETS, HAIL    4 = ICE PELLETS
                        TOTAL MONTH:    M          5 = HAIL
                        GRTST 24HR    M  ON   M    6 = FREEZING RAIN OR DRIZZLE
                        GRTST DEPTH:  M  ON   M    7 = DUSTSTORM OR SANDSTORM:
                                                       VSBY 1/2 MILE OR LESS
                                                   8 = SMOKE OR HAZE
[NO. OF DAYS WITH]      [WEATHER - DAYS WITH]      9 = BLOWING SNOW
                                                   X = TORNADO
MAX 32 OR BELOW:   3    0.01 INCH OR MORE:   3
MAX 90 OR ABOVE:   0    0.10 INCH OR MORE:   0
MIN 32 OR BELOW:  21    0.50 INCH OR MORE:   0
MIN  0 OR BELOW:   2    1.00 INCH OR MORE:   0

[HDD (BASE 65) ]
TOTAL THIS MO.   637    CLEAR  (SCALE 0-3)   0
DPTR FM NORMAL  -201    PTCLDY (SCALE 4-7)   0
TOTAL FM JUL 1  6136    CLOUDY (SCALE 8-10)  0
DPTR FM NORMAL  -390

[CDD (BASE 65) ]
TOTAL THIS MO.     2
DPTR FM NORMAL     2    [PRESSURE DATA]
TOTAL FM JAN 1     2    HIGHEST SLP M ON M
DPTR FM NORMAL     2    LOWEST  SLP 29.40 ON 24

[REMARKS]
