000
CXUS53 KUNR 240945
CF6D07
PRELIMINARY LOCAL CLIMATOLOGICAL DATA (WS FORM: F-6)

                                          STATION:   FAITH SD
                                          MONTH:     FEBRUARY
                                          YEAR:      2017
                                          LATITUDE:   45  1 N
                                          LONGITUDE: 102  1 W

  TEMPERATURE IN F:       :PCPN:    SNOW:  WIND      :SUNSHINE: SKY     :PK WND
================================================================================
1   2   3   4   5  6A  6B    7    8   9   10  11  12  13   14  15   16   17  18
                                     12Z  AVG MX 2MIN
DY MAX MIN AVG DEP HDD CDD  WTR  SNW DPTH SPD SPD DIR MIN PSBL S-S WX    SPD DR
================================================================================

 1  19   4  12  -9  53   0 0.00    M    M 11.4 26 320   M    M   M        31 320
 2  13   0   7 -14  58   0 0.00    M    M  9.1 16 300   M    M   M        20 290
 3  17  -4   7 -14  58   0 0.00    M    M 18.4 31 160   M    M   M        35 160
 4  21   8  15  -6  50   0 0.02    M    M 14.8 37 320   M    M   M        42 320
 5  16   2   9 -13  56   0 0.00    M    M 13.7 25 170   M    M   M        27 170
 6  17   7  12 -10  53   0 0.00    M    M 14.7 24 360   M    M   M        26  10
 7  10  -2   4 -18  61   0 0.03    M    M 11.6 20 350   M    M   M        22 350
 8   8  -4   2 -20  63   0 0.00    M    M  7.5 14 250   M    M   M        16 250
 9  34  -2  16  -6  49   0 0.00    M    M 19.2 31 160   M    M   M        35 160
10  43  29  36  14  29   0 0.03    M    M 12.7 23 330   M    M   M        26 280
11  43  24  34  12  31   0 0.00    M    M 14.1 40 310   M    M   M        47 320
12  39  23  31   8  34   0 0.00    M    M 13.9 21 270   M    M   M        26 280
13  40  27  34  11  31   0 0.00    M    M 13.0 23 300   M    M   M        27 300
14  42  26  34  11  31   0 0.00    M    M  9.4 15 300   M    M   M        17 300
15  51  24  38  15  27   0 0.00    M    M 11.1 20 190   M    M   M        21 190
16  63  35  49  25  16   0 0.00    M    M 10.0 17 160   M    M   M        19 160
17  53  31  42  18  23   0 0.00    M    M 12.0 25 300   M    M   M        31 310
18  62  32  47  23  18   0 0.00    M    M 12.6 23 180   M    M   M        28 170
19  63  37  50  26  15   0 0.00    M    M 14.3 21 200   M    M   M        26 190
20  59  40  50  25  15   0 0.05    M    M 15.2 29 320   M    M   M        36 310
21  69  40  55  30  10   0 0.00    M    M 10.4 24 310   M    M   M        31 320
22  48  30  39  14  26   0 0.00    M    M 13.5 28 300   M    M   M        34 290
23  31  21  26   0  39   0 0.00    M    M 14.7 25  40   M    M   M        30  40
================================================================================
SM  861  428       846   0  0.13    M    297.3          M        M
================================================================================
AV 37.4 18.6                              12.9 FASTST   M    M   3    MAX(MPH)
                                 MISC ---->  # 40 310               # 47  320
================================================================================
NOTES:
# LAST OF SEVERAL OCCURRENCES

COLUMN 17 PEAK WIND IN M.P.H.

PRELIMINARY LOCAL CLIMATOLOGICAL DATA (WS FORM: F-6) , PAGE 2

                                          STATION:  FAITH SD
                                          MONTH:    FEBRUARY
                                          YEAR:     2017
                                          LATITUDE:   45  1 N
                                          LONGITUDE: 102  1 W

[TEMPERATURE DATA]      [PRECIPITATION DATA]       SYMBOLS USED IN COLUMN 16

AVERAGE MONTHLY: 28.0   TOTAL FOR MONTH:   0.13    1 = FOG OR MIST
DPTR FM NORMAL:   5.1   DPTR FM NORMAL:   -0.24    2 = FOG REDUCING VISIBILITY
HIGHEST:    69 ON 21    GRTST 24HR  0.05 ON 20-20      TO 1/4 MILE OR LESS
LOWEST:     -4 ON  8, 3                            3 = THUNDER
                        SNOW, ICE PELLETS, HAIL    4 = ICE PELLETS
                        TOTAL MONTH:    M          5 = HAIL
                        GRTST 24HR    M  ON   M    6 = FREEZING RAIN OR DRIZZLE
                        GRTST DEPTH:  M  ON   M    7 = DUSTSTORM OR SANDSTORM:
                                                       VSBY 1/2 MILE OR LESS
                                                   8 = SMOKE OR HAZE
[NO. OF DAYS WITH]      [WEATHER - DAYS WITH]      9 = BLOWING SNOW
                                                   X = TORNADO
MAX 32 OR BELOW:   9    0.01 INCH OR MORE:   4
MAX 90 OR ABOVE:   0    0.10 INCH OR MORE:   0
MIN 32 OR BELOW:  19    0.50 INCH OR MORE:   0
MIN  0 OR BELOW:   5    1.00 INCH OR MORE:   0

[HDD (BASE 65) ]
TOTAL THIS MO.   846    CLEAR  (SCALE 0-3)   0
DPTR FM NORMAL  -122    PTCLDY (SCALE 4-7)   0
TOTAL FM JUL 1  5154    CLOUDY (SCALE 8-10)  0
DPTR FM NORMAL  -343

[CDD (BASE 65) ]
TOTAL THIS MO.     0
DPTR FM NORMAL     0    [PRESSURE DATA]
TOTAL FM JAN 1     0    HIGHEST SLP M ON M
DPTR FM NORMAL     0    LOWEST  SLP 29.16 ON 17

[REMARKS]
