000
CXUS55 KVEF 290940
CF6DAG
PRELIMINARY LOCAL CLIMATOLOGICAL DATA (WS FORM: F-6)

                                          STATION:   BARSTOW-DAGGETT CA
                                          MONTH:     AUGUST
                                          YEAR:      2015
                                          LATITUDE:   34 51 N
                                          LONGITUDE: 116 47 W

  TEMPERATURE IN F:       :PCPN:    SNOW:  WIND      :SUNSHINE: SKY     :PK WND
================================================================================
1   2   3   4   5  6A  6B    7    8   9   10  11  12  13   14  15   16   17  18
                                     12Z  AVG MX 2MIN
DY MAX MIN AVG DEP HDD CDD  WTR  SNW DPTH SPD SPD DIR MIN PSBL S-S WX    SPD DR
================================================================================

 1 106  74  90   1   0  25 0.00  0.0    0 11.1 24  90   M    M   0        31  90
 2 106  76  91   2   0  26 0.00  0.0    0 11.3 24 250   M    M   0        31 230
 3 107  74  91   2   0  26 0.00  0.0    0 13.8 23 250   M    M   0        28 270
 4 108  74  91   2   0  26 0.00  0.0    0 12.2 28 250   M    M   0        33 250
 5 108  75  92   3   0  27 0.00  0.0    0 14.9 23 250   M    M   0        27 250
 6 103  77  90   1   0  25 0.05  0.0    0  9.5 26 270   M    M   2 3      34 270
 7 101  73  87  -2   0  22 0.00  0.0    0 12.9 25 240   M    M   1        33 250
 8  99  65  82  -6   0  17 0.00  0.0    0  9.8 22 270   M    M   0 8      26 280
 9 104  68  86  -2   0  21 0.00  0.0    0  9.5 21 240   M    M   0        28 290
10 103  69  86  -2   0  21 0.00  0.0    0 11.2 21 260   M    M   0        26 280
11 103  69  86  -2   0  21 0.00  0.0    0 10.8 23 250   M    M   0        29 310
12 105  72  89   1   0  24 0.00  0.0    0  9.2 21  80   M    M   0        27 130
13 107  75  91   3   0  26    T  0.0    0  9.5 31 110   M    M   2 3      36 120
14 109  78  94   6   0  29 0.00  0.0    0 12.5 26 240   M    M   0        34 240
15 110  77  94   6   0  29 0.00  0.0    0 10.2 23 240   M    M   0        26 240
16 112  80  96   8   0  31 0.00  0.0    0 12.9 23 250   M    M   0        29 260
17 111  79  95   7   0  30 0.00  0.0    0 17.8 29 230   M    M   0        37 230
18 110  78  94   7   0  29 0.00  0.0    0 16.5 30 230   M    M   0        35 220
19 110  75  93   6   0  28 0.00  0.0    0 15.7 29 260   M    M   0        35 270
20 108  75  92   5   0  27 0.00  0.0    0 11.2 23 250   M    M   0        29 260
21 108  73  91   4   0  26 0.00  0.0    0 11.2 25 250   M    M   0        30 250
22 105  73  89   2   0  24 0.00  0.0    0  9.1 18 250   M    M   0        22 240
23 107  74  91   5   0  26 0.00  0.0    0  8.5 18 260   M    M   0        23 250
24 108  74  91   5   0  26 0.00  0.0    0 10.4 21 240   M    M   0        26 240
25 106  78  92   6   0  27 0.00  0.0    0  9.5 20 240   M    M   0        24 250
26 105  81  93   7   0  28 0.00  0.0    0  7.5 22 250   M    M   1        27 250
27 107  79  93   7   0  28 0.00  0.0    0  8.3 22 230   M    M   0        25 230
28 109  78  94   8   0  29 0.00  0.0    0 10.6 23 240   M    M   0        26 240
================================================================================
SM 2985 2093         0 724  0.05     0.0 317.6          M        6
================================================================================
AV106.6 74.8                              11.3 FASTST   M    M   0    MAX(MPH)
                                 MISC ---->  # 31 110               # 37  230
================================================================================
NOTES:
# LAST OF SEVERAL OCCURRENCES

COLUMN 17 PEAK WIND IN M.P.H.

PRELIMINARY LOCAL CLIMATOLOGICAL DATA (WS FORM: F-6) , PAGE 2

                                          STATION:  BARSTOW-DAGGETT CA
                                          MONTH:    AUGUST
                                          YEAR:     2015
                                          LATITUDE:   34 51 N
                                          LONGITUDE: 116 47 W

[TEMPERATURE DATA]      [PRECIPITATION DATA]       SYMBOLS USED IN COLUMN 16

AVERAGE MONTHLY: 90.7   TOTAL FOR MONTH:   0.05    1 = FOG OR MIST
DPTR FM NORMAL:   3.0   DPTR FM NORMAL:   -0.19    2 = FOG REDUCING VISIBILITY
HIGHEST:   112 ON 16    GRTST 24HR  0.05 ON  6- 6      TO 1/4 MILE OR LESS
LOWEST:     65 ON  8                               3 = THUNDER
                        SNOW, ICE PELLETS, HAIL    4 = ICE PELLETS
                        TOTAL MONTH:   0.0 INCH    5 = HAIL
                        GRTST 24HR     0.0         6 = FREEZING RAIN OR DRIZZLE
                        GRTST DEPTH:   0           7 = DUSTSTORM OR SANDSTORM:
                                                       VSBY 1/2 MILE OR LESS
                                                   8 = SMOKE OR HAZE
[NO. OF DAYS WITH]      [WEATHER - DAYS WITH]      9 = BLOWING SNOW
                                                   X = TORNADO
MAX 32 OR BELOW:   0    0.01 INCH OR MORE:   1
MAX 90 OR ABOVE:  28    0.10 INCH OR MORE:   0
MIN 32 OR BELOW:   0    0.50 INCH OR MORE:   0
MIN  0 OR BELOW:   0    1.00 INCH OR MORE:   0

[HDD (BASE 65) ]
TOTAL THIS MO.     0    CLEAR  (SCALE 0-3)  28
DPTR FM NORMAL     0    PTCLDY (SCALE 4-7)   0
TOTAL FM JUL 1     0    CLOUDY (SCALE 8-10)  0
DPTR FM NORMAL     0

[CDD (BASE 65) ]
TOTAL THIS MO.   724
DPTR FM NORMAL    89    [PRESSURE DATA]
TOTAL FM JAN 1  2508    HIGHEST SLP M ON M
DPTR FM NORMAL   201    LOWEST  SLP 29.60 ON 20

[REMARKS]
