000
CXUS54 KFWD 300730
CF6DAL
PRELIMINARY LOCAL CLIMATOLOGICAL DATA (WS FORM: F-6)

                                          STATION:   DALLAS LOVE FIELD
                                          MONTH:     MARCH
                                          YEAR:      2015
                                          LATITUDE:   32 50 N
                                          LONGITUDE:  96 51 W

  TEMPERATURE IN F:       :PCPN:    SNOW:  WIND      :SUNSHINE: SKY     :PK WND
================================================================================
1   2   3   4   5  6A  6B    7    8   9   10  11  12  13   14  15   16   17  18
                                     12Z  AVG MX 2MIN
DY MAX MIN AVG DEP HDD CDD  WTR  SNW DPTH SPD SPD DIR MIN PSBL S-S WX    SPD DR
================================================================================

 1  38  32  35 -19  30   0 0.14  0.0    1  7.1 14  20   M    M   9 168    19 350
 2  42  35  39 -16  26   0 0.07  0.0    T  5.7 14 360   M    M   8 128    19 360
 3  54  41  48  -7  17   0 0.18  0.0    0  3.8 12 140   M    M  10 12     14 170
 4  53  28  41 -14  24   0 1.06  0.3    0 13.6 29  10   M    M  10 12346  38  20
 5  40  24  32 -24  33   0 0.16  3.0    3  9.4 23 360   M    M   3 12     28  10
 6  53  25  39 -17  26   0 0.00  0.0    T  3.5 12 160   M    M   1 18     14 170
 7  63  31  47  -9  18   0 0.00  0.0    0  5.0 14 160   M    M   7        17 160
 8  53  47  50  -6  15   0 0.12  0.0    0  8.8 17 140   M    M  10 1      20 130
 9  50  48  49  -8  16   0 0.95  0.0    0  6.6 13  70   M    M  10 1      21  60
10  59  50  55  -2  10   0    T  0.0    0  6.6 13 330   M    M  10 1      21  50
11  68  47  58   1   7   0 0.00  0.0    0  4.9 15  90   M    M   8 18     22  40
12  71  50  61   3   4   0 0.00  0.0    0  6.9 14  90   M    M   8 8      24  60
13  61  55  58   0   7   0 0.34  0.0    0  9.7 17 330   M    M  10 18     23 320
14  64  55  60   2   5   0    T  0.0    0 12.2 23 360   M    M  10 18     32  10
15  67  54  61   3   4   0    T  0.0    0  4.1 12 330   M    M  10 1      17  30
16  80  52  66   7   0   1 0.00  0.0    0  4.8 15 170   M    M   6 18     18 170
17  83  64  74  15   0   9 0.00  0.0    0  5.6 18 180   M    M   8        23 180
18  68  57  63   4   2   0 0.03  0.0    0  4.2 10 320   M    M   9 18     15  20
19  76  60  68   8   0   3    T  0.0    0  7.8 15  80   M    M  10 18     20  80
20  62  54  58  -2   7   0 0.27  0.0    0  8.1 20 360   M    M   9 13     23 360
21  63  53  58  -2   7   0 0.06  0.0    0  5.1 12  80   M    M  10 1      19  60
22  71  53  62   2   3   0 0.11  0.0    0  4.3 10 310   M    M   5 1      16 360
23  77  53  65   5   0   0 0.00  0.0    0  9.9 20 160   M    M   1        24 160
24  85  59  72  11   0   7 0.00  0.0    0 13.2 21 170   M    M   2        30 210
25  84  63  74  13   0   9    T  0.0    0 14.8 25 170   M    M   5        31 170
26  72  51  62   1   3   0    T  0.0    0 15.9 30 340   M    M   5 3      40 330
27  71  48  60  -2   5   0 0.00  0.0    0  7.4 21 360   M    M   4        25 360
28  83  48  66   4   0   1 0.00  0.0    0  9.8 21 150   M    M   2        24 150
29  85  58  72  10   0   7 0.00  0.0    0 12.7 24 170   M    M   1        31 180
================================================================================
SM 1896 1395       269  37  3.49     3.3 231.5          M      201
================================================================================
AV 65.4 48.1                               8.0 FASTST   M    M   7    MAX(MPH)
                                 MISC ---->  # 30 340               # 40  330
================================================================================
NOTES:
# LAST OF SEVERAL OCCURRENCES

COLUMN 17 PEAK WIND IN M.P.H.

PRELIMINARY LOCAL CLIMATOLOGICAL DATA (WS FORM: F-6) , PAGE 2

                                          STATION:  DALLAS LOVE FIELD
                                          MONTH:    MARCH
                                          YEAR:     2015
                                          LATITUDE:   32 50 N
                                          LONGITUDE:  96 51 W

[TEMPERATURE DATA]      [PRECIPITATION DATA]       SYMBOLS USED IN COLUMN 16

AVERAGE MONTHLY: 56.7   TOTAL FOR MONTH:   3.49    1 = FOG OR MIST
DPTR FM NORMAL:  -1.6   DPTR FM NORMAL:    0.23    2 = FOG REDUCING VISIBILITY
HIGHEST:    85 ON 29,24 GRTST 24HR  1.06 ON  4- 4      TO 1/4 MILE OR LESS
LOWEST:     24 ON  5                               3 = THUNDER
                        SNOW, ICE PELLETS, HAIL    4 = ICE PELLETS
                        TOTAL MONTH:   3.3 INCHES  5 = HAIL
                        GRTST 24HR   3.0 ON  5- 5  6 = FREEZING RAIN OR DRIZZLE
                        GRTST DEPTH:   3 ON  5     7 = DUSTSTORM OR SANDSTORM:
                                                       VSBY 1/2 MILE OR LESS
                                                   8 = SMOKE OR HAZE
[NO. OF DAYS WITH]      [WEATHER - DAYS WITH]      9 = BLOWING SNOW
                                                   X = TORNADO
MAX 32 OR BELOW:   0    0.01 INCH OR MORE:  12
MAX 90 OR ABOVE:   0    0.10 INCH OR MORE:   9
MIN 32 OR BELOW:   5    0.50 INCH OR MORE:   2
MIN  0 OR BELOW:   0    1.00 INCH OR MORE:   1

[HDD (BASE 65) ]
TOTAL THIS MO.   269    CLEAR  (SCALE 0-3)   6
DPTR FM NORMAL    41    PTCLDY (SCALE 4-7)   9
TOTAL FM JUL 1  2150    CLOUDY (SCALE 8-10) 14
DPTR FM NORMAL   104

[CDD (BASE 65) ]
TOTAL THIS MO.    37
DPTR FM NORMAL     0    [PRESSURE DATA]
TOTAL FM JAN 1    37    HIGHEST SLP M ON M
DPTR FM NORMAL   -11    LOWEST  SLP 29.71 ON 25

[REMARKS]
