000
CXUS55 KALY 210710
CF6DDH
PRELIMINARY LOCAL CLIMATOLOGICAL DATA (WS FORM: F-6)

                                          STATION:   BENNINGTON VT
                                          MONTH:     AUGUST
                                          YEAR:      2017
                                          LATITUDE:   42 53 N
                                          LONGITUDE:  73 15 W

  TEMPERATURE IN F:       :PCPN:    SNOW:  WIND      :SUNSHINE: SKY     :PK WND
================================================================================
1   2   3   4   5  6A  6B    7    8   9   10  11  12  13   14  15   16   17  18
                                     12Z  AVG MX 2MIN
DY MAX MIN AVG DEP HDD CDD  WTR  SNW DPTH SPD SPD DIR MIN PSBL S-S WX    SPD DR
================================================================================

 1  84  56  70   2   0   5 0.00    M    M  1.7  9 280   M    M   0 1      12 300
 2  85  56  71   3   0   6 0.07    M    M  2.3 16 130   M    M   0 3      20 140
 3  86  56  71   3   0   6 0.00    M    M  3.0 14 120   M    M   2 13     19 110
 4  85  64  75   7   0  10    T    M    M  8.0 23 170   M    M   1 1      31 140
 5  74  57  66  -2   0   1 0.46    M    M  5.7 16 160   M    M   6 123    23 170
 6  73  52  63  -5   2   0 0.00    M    M  5.8 13 250   M    M   2        18 270
 7  72  50  61  -7   4   0 0.31    M    M  2.0 14 210   M    M   4 1      19 160
 8  77  53  65  -3   0   0 0.03    M    M  3.6 10 270   M    M   6 1      17 330
 9  80  49  65  -3   0   0 0.00    M    M  2.3 12 290   M    M   1 1      18 300
10  85  54  70   3   0   5    T    M    M  0.8  8  20   M    M   3 1      13  20
11  78  59  69   2   0   4    T    M    M  1.6 14 200   M    M   6 1      18 200
12  81  62  72   5   0   7 0.31    M    M  4.1 17 190   M    M   8 13     25 320
13  79  57  68   1   0   3 0.00    M    M  3.1 12 270   M    M   5 128    15 270
14  78  53  66  -1   0   1    T    M    M  1.1  9 210   M    M   0 18     11 200
15  78  57  68   1   0   3 0.01    M    M  2.5 10 180   M    M   6 18     14 170
16  79  53  66  -1   0   1    T    M    M  2.6 12 360   M    M   5 1      15 330
17  78  46  62  -5   3   0 0.00    M    M  1.3  8 140   M    M   1 18      9 100
18  77  64  71   5   0   6 1.42  0.0    0  3.4 13 170   M    M   9 12     19 170
19  81  64  73   7   0   8 0.00    M    M  3.5 13 240   M    M   4 18     17 240
20  80  57  69   3   0   4 0.00    M    M  5.1 14 270   M    M   4        19 260
================================================================================
SM 1590 1119         9  70  2.61     0.0  63.5          M       73
================================================================================
AV 79.5 56.0                               3.2 FASTST   M    M   4    MAX(MPH)
                                 MISC ---->  # 23 170               # 31  140
================================================================================
NOTES:
# LAST OF SEVERAL OCCURRENCES

COLUMN 17 PEAK WIND IN M.P.H.

PRELIMINARY LOCAL CLIMATOLOGICAL DATA (WS FORM: F-6) , PAGE 2

                                          STATION:  BENNINGTON VT
                                          MONTH:    AUGUST
                                          YEAR:     2017
                                          LATITUDE:   42 53 N
                                          LONGITUDE:  73 15 W

[TEMPERATURE DATA]      [PRECIPITATION DATA]       SYMBOLS USED IN COLUMN 16

AVERAGE MONTHLY: 67.7   TOTAL FOR MONTH:   2.61    1 = FOG OR MIST
DPTR FM NORMAL:   0.4   DPTR FM NORMAL:   -0.11    2 = FOG REDUCING VISIBILITY
HIGHEST:    86 ON  3    GRTST 24HR  1.42 ON 18-18      TO 1/4 MILE OR LESS
LOWEST:     46 ON 17                               3 = THUNDER
                        SNOW, ICE PELLETS, HAIL    4 = ICE PELLETS
                        TOTAL MONTH:   0.0 INCH    5 = HAIL
                        GRTST 24HR     0.0         6 = FREEZING RAIN OR DRIZZLE
                        GRTST DEPTH:   0           7 = DUSTSTORM OR SANDSTORM:
                                                       VSBY 1/2 MILE OR LESS
                                                   8 = SMOKE OR HAZE
[NO. OF DAYS WITH]      [WEATHER - DAYS WITH]      9 = BLOWING SNOW
                                                   X = TORNADO
MAX 32 OR BELOW:   0    0.01 INCH OR MORE:   7
MAX 90 OR ABOVE:   0    0.10 INCH OR MORE:   4
MIN 32 OR BELOW:   0    0.50 INCH OR MORE:   1
MIN  0 OR BELOW:   0    1.00 INCH OR MORE:   1

[HDD (BASE 65) ]
TOTAL THIS MO.     9    CLEAR  (SCALE 0-3)   8
DPTR FM NORMAL   -11    PTCLDY (SCALE 4-7)  11
TOTAL FM JUL 1    22    CLOUDY (SCALE 8-10)  1
DPTR FM NORMAL   -22

[CDD (BASE 65) ]
TOTAL THIS MO.    70
DPTR FM NORMAL    -2    [PRESSURE DATA]
TOTAL FM JAN 1   291    HIGHEST SLP M ON M
DPTR FM NORMAL    24    LOWEST  SLP 29.73 ON 18

[REMARKS]
