000
CXUS56 KOTX 280900
CF6DEW
PRELIMINARY LOCAL CLIMATOLOGICAL DATA (WS FORM: F-6)

                                          STATION:   DEER_PARK WA AIRPORT
                                          MONTH:     FEBRUARY
                                          YEAR:      2015
                                          LATITUDE:   47 58 N
                                          LONGITUDE: 117 25 W

  TEMPERATURE IN F:       :PCPN:    SNOW:  WIND      :SUNSHINE: SKY     :PK WND
================================================================================
1   2   3   4   5  6A  6B    7    8   9   10  11  12  13   14  15   16   17  18
                                     12Z  AVG MX 2MIN
DY MAX MIN AVG DEP HDD CDD  WTR  SNW DPTH SPD SPD DIR MIN PSBL S-S WX    SPD DR
================================================================================

 1  33  26  30   1  35   0 0.14    M    M  5.3 12  30   M    M   9 1      16  30
 2  35  31  33   4  32   0 0.09    M    M  4.8 12 190   M    M  10 1      14  40
 3  38  33  36   7  29   0 0.00    M    M  2.2  7 310   M    M  10 1       8 170
 4  41  33  37   8  28   0 0.04    M    M  4.5  9  10   M    M  10 1      11  10
 5  45  34  40  11  25   0 0.50    M    M  3.4 14  50   M    M  10 1      17  50
 6  48  38  43  14  22   0 0.47    M    M  7.0 22 190   M    M   9 1      28 210
 7  53  34  44  15  21   0 0.51    M    M  8.4 21 210   M    M   8 1      26 210
 8  54  36  45  16  20   0 0.03    M    M  7.2 18  30   M    M   4        24  30
 9  48  42  45  15  20   0 0.36    M    M  7.1 17 230   M    M  10 1      22 210
10  46  42  44  14  21   0    T    M    M  3.0  8 240   M    M  10 1      16 330
11  50  37  44  14  21   0 0.00    M    M  3.9  8  40   M    M   5 12     10  50
12  55  33  44  14  21   0 0.01    M    M  1.8  8  40   M    M   6 12     10  70
13  57  28  43  13  22   0 0.00    M    M  2.3  8  60   M    M   3 12     11  30
14  49  30  40  10  25   0 0.00    M    M  3.0 12 170   M    M   9 12     13 160
15  44  24  34   4  31   0 0.00    M    M  1.5  8  60   M    M   6 12     10  60
16  51  24  38   8  27   0 0.00    M    M  5.2 13  20   M    M   0        17  30
17  49  20  35   5  30   0 0.00    M    M  2.8  9 180   M    M   0        12 200
18  47  21  34   3  31   0 0.00    M    M  1.6  8  60   M    M   0        10  50
19  42  25  34   3  31   0 0.00    M    M  1.4  7 240   M    M   5 1       8 230
20  47  24  36   5  29   0    T    M    M  3.6 13 230   M    M   7 12     14 200
21  45  19  32   1  33   0    T    M    M  7.7 24  50   M    M   2        33  50
22  42  13  28  -3  37   0 0.00    M    M  2.2  7 270   M    M   0        11 270
23  45  13  29  -3  36   0 0.00    M    M  2.0  7 190   M    M   0         9 230
24  45  20  33   1  32   0 0.00    M    M  1.5 10 170   M    M   1 8      13 170
25  49  17  33   1  32   0 0.00    M    M  3.6 10 190   M    M   1        14 180
26  43  25  34   2  31   0    T    M    M  3.2  9  30   M    M   9        12  30
27  49  27  38   5  27   0 0.00    M    M  9.8 20  30   M    M   2        25  40
================================================================================
SM 1250  749       749   0  2.15    M    110.0          M      146
================================================================================
AV 46.3 27.7                               4.1 FASTST   M    M   5    MAX(MPH)
                                 MISC ---->  # 24  50               # 33   50
================================================================================
NOTES:
# LAST OF SEVERAL OCCURRENCES

COLUMN 17 PEAK WIND IN M.P.H.

PRELIMINARY LOCAL CLIMATOLOGICAL DATA (WS FORM: F-6) , PAGE 2

                                          STATION:  DEER_PARK WA AIRPORT
                                          MONTH:    FEBRUARY
                                          YEAR:     2015
                                          LATITUDE:   47 58 N
                                          LONGITUDE: 117 25 W

[TEMPERATURE DATA]      [PRECIPITATION DATA]       SYMBOLS USED IN COLUMN 16

AVERAGE MONTHLY: 37.0   TOTAL FOR MONTH:   2.15    1 = FOG OR MIST
DPTR FM NORMAL:   6.7   DPTR FM NORMAL:    0.61    2 = FOG REDUCING VISIBILITY
HIGHEST:    57 ON 13    GRTST 24HR  0.77 ON  5- 6      TO 1/4 MILE OR LESS
LOWEST:     13 ON 23,22                            3 = THUNDER
                        SNOW, ICE PELLETS, HAIL    4 = ICE PELLETS
                        TOTAL MONTH:    M          5 = HAIL
                        GRTST 24HR    M  ON   M    6 = FREEZING RAIN OR DRIZZLE
                        GRTST DEPTH:  M  ON   M    7 = DUSTSTORM OR SANDSTORM:
                                                       VSBY 1/2 MILE OR LESS
                                                   8 = SMOKE OR HAZE
[NO. OF DAYS WITH]      [WEATHER - DAYS WITH]      9 = BLOWING SNOW
                                                   X = TORNADO
MAX 32 OR BELOW:   0    0.01 INCH OR MORE:   9
MAX 90 OR ABOVE:   0    0.10 INCH OR MORE:   5
MIN 32 OR BELOW:  17    0.50 INCH OR MORE:   2
MIN  0 OR BELOW:   0    1.00 INCH OR MORE:   0

[HDD (BASE 65) ]
TOTAL THIS MO.   749    CLEAR  (SCALE 0-3)  10
DPTR FM NORMAL  -188    PTCLDY (SCALE 4-7)   7
TOTAL FM JUL 1  4535    CLOUDY (SCALE 8-10) 10
DPTR FM NORMAL  -798

[CDD (BASE 65) ]
TOTAL THIS MO.     0
DPTR FM NORMAL     0    [PRESSURE DATA]
TOTAL FM JAN 1     0    HIGHEST SLP M ON M
DPTR FM NORMAL     0    LOWEST  SLP  0.00 ON M

[REMARKS]
