000
CXUS53 KBIS 260728
CF6DIK
PRELIMINARY LOCAL CLIMATOLOGICAL DATA (WS FORM: F-6)

                                          STATION:   DICKINSON ND
                                          MONTH:     MARCH
                                          YEAR:      2015
                                          LATITUDE:   46 47 N
                                          LONGITUDE: 102 48 W

  TEMPERATURE IN F:       :PCPN:    SNOW:  WIND      :SUNSHINE: SKY     :PK WND
================================================================================
1   2   3   4   5  6A  6B    7    8   9   10  11  12  13   14  15   16   17  18
                                     12Z  AVG MX 2MIN
DY MAX MIN AVG DEP HDD CDD  WTR  SNW DPTH SPD SPD DIR MIN PSBL S-S WX    SPD DR
================================================================================

 1  28   4  16  -8  49   0    T    M    M 12.1 23 300   M    M   4 8      28 280
 2  44   3  24  -1  41   0    T    M    M 16.5 28 330   M    M   1        36 330
 3  16   1   9 -16  56   0    T    M    M 21.0 35 300   M    M   6 8      42 300
 4  12  -6   3 -22  62   0 0.00    M    M 11.6 22 320   M    M   1        29 330
 5  43   0  22  -4  43   0 0.00    M    M 12.9 23 290   M    M   2 8      30 290
 6  56  17  37  11  28   0 0.00    M    M 11.3 30 290   M    M   5        38 280
 7  48  25  37  11  28   0 0.00    M    M 10.2 22 320   M    M   7        27 330
 8  58  20  39  12  26   0 0.00    M    M 10.4 25 240   M    M   2        33 240
 9  63  23  43  16  22   0 0.00    M    M 11.5 23 260   M    M   0        29 270
10  58  29  44  16  21   0 0.00    M    M  9.9 16 150   M    M   0        21 320
11  70  31  51  23  14   0 0.00    M    M  9.0 17 170   M    M   0        21 170
12  68  35  52  24  13   0 0.00    M    M 13.7 28 300   M    M   0        35 300
13  63  32  48  19  17   0 0.00    M    M 10.8 17 320   M    M   0        22 350
14  68  32  50  21  15   0 0.00    M    M 13.8 26 200   M    M   1        34 210
15  72  44  58  29   7   0 0.00    M    M  9.4 18 330   M    M   3        23 330
16  51  20  36   6  29   0 0.07    M    M 10.9 31  20   M    M   4 16     38  20
17  44  16  30   0  35   0 0.00    M    M  9.5 17 180   M    M   4        22 150
18  35  29  32   1  33   0 0.04    M    M 11.5 21 120   M    M  10 1      26 120
19  50  29  40   9  25   0 0.02    M    M 13.6 23 310   M    M   6 16     28 300
20  59  29  44  13  21   0 0.00    M    M 14.2 25 300   M    M   3 1      33 300
21  53  29  41   9  24   0 0.00    M    M 16.1 26 170   M    M   0        32 160
22  51  27  39   7  26   0 0.01    M    M 13.3 23 140   M    M   2 16     28 130
23  51  21  36   3  29   0 0.00    M    M 11.0 21  90   M    M   1 1      24  90
24  46  29  38   5  27   0 0.11    M    M 20.9 36 300   M    M  10 1      43 300
25  39  18  29  -5  36   0    T    M    M 13.5 32 320   M    M   7        39 330
================================================================================
SM 1246  537       727   0  0.25    M    318.6          M       79
================================================================================
AV 49.8 21.5                              12.7 FASTST   M    M   3    MAX(MPH)
                                 MISC ---->  # 36 300               # 43  300
================================================================================
NOTES:
# LAST OF SEVERAL OCCURRENCES

COLUMN 17 PEAK WIND IN M.P.H.

PRELIMINARY LOCAL CLIMATOLOGICAL DATA (WS FORM: F-6) , PAGE 2

                                          STATION:  DICKINSON ND
                                          MONTH:    MARCH
                                          YEAR:     2015
                                          LATITUDE:   46 47 N
                                          LONGITUDE: 102 48 W

[TEMPERATURE DATA]      [PRECIPITATION DATA]       SYMBOLS USED IN COLUMN 16

AVERAGE MONTHLY: 35.7   TOTAL FOR MONTH:   0.25    1 = FOG OR MIST
DPTR FM NORMAL:   6.9   DPTR FM NORMAL:   -0.26    2 = FOG REDUCING VISIBILITY
HIGHEST:    72 ON 15    GRTST 24HR  0.11 ON 24-24      TO 1/4 MILE OR LESS
LOWEST:     -6 ON  4                               3 = THUNDER
                        SNOW, ICE PELLETS, HAIL    4 = ICE PELLETS
                        TOTAL MONTH:    M          5 = HAIL
                        GRTST 24HR    M  ON   M    6 = FREEZING RAIN OR DRIZZLE
                        GRTST DEPTH:  M  ON   M    7 = DUSTSTORM OR SANDSTORM:
                                                       VSBY 1/2 MILE OR LESS
                                                   8 = SMOKE OR HAZE
[NO. OF DAYS WITH]      [WEATHER - DAYS WITH]      9 = BLOWING SNOW
                                                   X = TORNADO
MAX 32 OR BELOW:   3    0.01 INCH OR MORE:   5
MAX 90 OR ABOVE:   0    0.10 INCH OR MORE:   1
MIN 32 OR BELOW:  23    0.50 INCH OR MORE:   0
MIN  0 OR BELOW:   2    1.00 INCH OR MORE:   0

[HDD (BASE 65) ]
TOTAL THIS MO.   727    CLEAR  (SCALE 0-3)  14
DPTR FM NORMAL  -180    PTCLDY (SCALE 4-7)   9
TOTAL FM JUL 1  6842    CLOUDY (SCALE 8-10)  2
DPTR FM NORMAL  -359

[CDD (BASE 65) ]
TOTAL THIS MO.     0
DPTR FM NORMAL     0    [PRESSURE DATA]
TOTAL FM JAN 1     0    HIGHEST SLP  0.00 ON 21
DPTR FM NORMAL     0    LOWEST  SLP 29.57 ON 24

[REMARKS]
