000
CXUS56 KTFX 161205
CF6DLN
PRELIMINARY LOCAL CLIMATOLOGICAL DATA (WS FORM: F-6)

                                          STATION:   DILLON AIRPORT MT
                                          MONTH:     APRIL
                                          YEAR:      2014
                                          LATITUDE:   45 15 N
                                          LONGITUDE: 112 33 W

  TEMPERATURE IN F:       :PCPN:    SNOW:  WIND      :SUNSHINE: SKY     :PK WND
================================================================================
1   2   3   4   5  6A  6B    7    8   9   10  11  12  13   14  15   16   17  18
                                     12Z  AVG MX 2MIN
DY MAX MIN AVG DEP HDD CDD  WTR  SNW DPTH SPD SPD DIR MIN PSBL S-S WX    SPD DR
================================================================================

 1  49  20  35  -3  30   0 0.00    M    0  7.7 21  50   M    M   3        28  40
 2  44  27  36  -2  29   0 0.01    M    T  4.4 24 330   M    M   8 1      30 320
 3  49  21  35  -3  30   0 0.00    M    0  7.0 17 210   M    M   1        22 210
 4  52  27  40   1  25   0 0.00    M    0 11.6 32 220   M    M   2 8      38 220
 5  51  30  41   2  24   0 0.00    M    0 12.5 24 270   M    M   5        32 280
 6  52  31  42   3  23   0 0.00    M    0 15.0 29 280   M    M   7 8      36 310
 7  61  29  45   6  20   0 0.00    M    0 10.2 23 260   M    M   4        30 280
 8  69  32  51  11  14   0 0.00    M    0 14.6 25 220   M    M   1        36 200
 9  64  39  52  12  13   0 0.00    M    0 14.3 37 290   M    M   4        46 290
10  59  31  45   5  20   0 0.00    M    0  8.4 21 260   M    M   1        30 280
11  67  32  50  10  15   0 0.00    M    0 12.6 25 280   M    M   0        32 280
12  57  24  41   1  24   0    T    M    0 13.4 35  30   M    M   3 1      42  40
13  41  22  32  -9  33   0    T    M    T 16.0 28  40   M    M   5 1      39  40
14  60  13  37  -4  28   0 0.00    M    0  9.7 24 270   M    M   0        33 280
15  55  30  43   2  22   0 0.00    M    0 16.0 35 280   M    M   5        43 290
================================================================================
SM  830  408       350   0  0.01    M    173.4          M       49
================================================================================
AV 55.3 27.2                              11.6 FASTST   M    M   3    MAX(MPH)
                                 MISC ---->  # 37 290               # 46  290
================================================================================
NOTES:
# LAST OF SEVERAL OCCURRENCES

COLUMN 17 PEAK WIND IN M.P.H.

PRELIMINARY LOCAL CLIMATOLOGICAL DATA (WS FORM: F-6) , PAGE 2

                                          STATION:  DILLON AIRPORT MT
                                          MONTH:    APRIL
                                          YEAR:     2014
                                          LATITUDE:   45 15 N
                                          LONGITUDE: 112 33 W

[TEMPERATURE DATA]      [PRECIPITATION DATA]       SYMBOLS USED IN COLUMN 16

AVERAGE MONTHLY: 41.3   TOTAL FOR MONTH:   0.01    1 = FOG OR MIST
DPTR FM NORMAL:   1.7   DPTR FM NORMAL:   -0.48    2 = FOG REDUCING VISIBILITY
HIGHEST:    69 ON  8    GRTST 24HR  0.01 ON  2- 2      TO 1/4 MILE OR LESS
LOWEST:     13 ON 14                               3 = THUNDER
                        SNOW, ICE PELLETS, HAIL    4 = ICE PELLETS
                        TOTAL MONTH:    M          5 = HAIL
                        GRTST 24HR    M  ON   M    6 = FREEZING RAIN OR DRIZZLE
                        GRTST DEPTH:   0           7 = DUSTSTORM OR SANDSTORM:
                                                       VSBY 1/2 MILE OR LESS
                                                   8 = SMOKE OR HAZE
[NO. OF DAYS WITH]      [WEATHER - DAYS WITH]      9 = BLOWING SNOW
                                                   X = TORNADO
MAX 32 OR BELOW:   0    0.01 INCH OR MORE:   1
MAX 90 OR ABOVE:   0    0.10 INCH OR MORE:   0
MIN 32 OR BELOW:  14    0.50 INCH OR MORE:   0
MIN  0 OR BELOW:   0    1.00 INCH OR MORE:   0

[HDD (BASE 65) ]
TOTAL THIS MO.   350    CLEAR  (SCALE 0-3)   7
DPTR FM NORMAL   -33    PTCLDY (SCALE 4-7)   8
TOTAL FM JUL 1  7054    CLOUDY (SCALE 8-10)  0
DPTR FM NORMAL  -196

[CDD (BASE 65) ]
TOTAL THIS MO.     0
DPTR FM NORMAL     0    [PRESSURE DATA]
TOTAL FM JAN 1     0    HIGHEST SLP M ON M
DPTR FM NORMAL     0    LOWEST  SLP 29.67 ON 15

[REMARKS]
