000
CXUS54 KEPZ 241200
CF6DMN
PRELIMINARY LOCAL CLIMATOLOGICAL DATA (WS FORM: F-6)

                                          STATION:   DEMING
                                          MONTH:     DECEMBER
                                          YEAR:      2014
                                          LATITUDE:   32 15 N
                                          LONGITUDE: 107 42 W

  TEMPERATURE IN F:       :PCPN:    SNOW:  WIND      :SUNSHINE: SKY     :PK WND
================================================================================
1   2   3   4   5  6A  6B    7    8   9   10  11  12  13   14  15   16   17  18
                                     12Z  AVG MX 2MIN
DY MAX MIN AVG DEP HDD CDD  WTR  SNW DPTH SPD SPD DIR MIN PSBL S-S WX    SPD DR
================================================================================

 1  67  28  48   4  17   0 0.00  0.0    0  5.5 13  80   M    M   0        16  80
 2  61  34  48   4  17   0    T  0.0    0  6.1 14  60   M    M   2        16  90
 3  72  39  56  12   9   0 0.00  0.0    0  6.6 16 280   M    M   0        21 280
 4  59  44  52   8  13   0 0.08  0.0    0  6.0 18 240   M    M   5 1      23 240
 5  64  36  50   7  15   0 0.00  0.0    0  6.3 16 270   M    M   0        19 270
 6  63  40  52   9  13   0    T  0.0    0  8.7 21  90   M    M   2        25  90
 7  68  40  54  11  11   0 0.00  0.0    0  7.9 20  70   M    M   0        24  50
 8  67  36  52  10  13   0 0.00  0.0    0  8.6 17 120   M    M   0        22 120
 9  61  48  55  13  10   0 0.18    M    0  9.5 20  80   M    M   3 3      23  70
10  65  40  53  11  12   0 0.00  0.0    0  5.3 12  70   M    M   0 1      14  70
11  68  37  53  11  12   0 0.00  0.0    0  2.9 10  70   M    M   0 1      12  80
12  67  36  52  10  13   0 0.00  0.0    0  4.1  9 320   M    M   0        16 230
13  68  36  52  11  13   0 0.02    M    0 10.4 29 300   M    M   2        37 300
14  53  34  44   3  21   0 0.00  0.0    0 13.7 25 290   M    M   0        30 270
15  59  24  42   1  23   0 0.00  0.0    0  4.0  9  70   M    M   0        10  50
16  58  32  45   4  20   0 0.00  0.0    0  7.7 16  80   M    M   0        20  80
17  57  36  47   6  18   0 0.05    M    0  9.7 25 250   M    M   7        34 250
18  52  35  44   3  21   0 0.05    M    0  5.0 28 290   M    M   9 1      34 290
19  52  25  39  -1  26   0 0.00  0.0    0  3.0 10 270   M    M   1 1      12 270
20  53  23  38  -2  27   0 0.00  0.0    0  4.7 12 250   M    M   0        14 250
21  61  31  46   6  19   0 0.00  0.0    0 13.1 26 280   M    M   0        35 240
22  62  34  48   8  17   0 0.00  0.0    0 14.1 36 270   M    M   0        44 270
23  51  25  38  -2  27   0 0.00  0.0    0 10.9 28  50   M    M   1        35  50
================================================================================
SM 1408  793       387   0  0.38     0.0 173.8          M       32
================================================================================
AV 61.2 34.5                               7.6 FASTST   M    M   1    MAX(MPH)
                                 MISC ---->  # 36 270               # 44  270
================================================================================
NOTES:
# LAST OF SEVERAL OCCURRENCES

COLUMN 17 PEAK WIND IN M.P.H.

PRELIMINARY LOCAL CLIMATOLOGICAL DATA (WS FORM: F-6) , PAGE 2

                                          STATION:  DEMING
                                          MONTH:    DECEMBER
                                          YEAR:     2014
                                          LATITUDE:   32 15 N
                                          LONGITUDE: 107 42 W

[TEMPERATURE DATA]      [PRECIPITATION DATA]       SYMBOLS USED IN COLUMN 16

AVERAGE MONTHLY: 47.8   TOTAL FOR MONTH:   0.38    1 = FOG OR MIST
DPTR FM NORMAL:   6.1   DPTR FM NORMAL:   -0.26    2 = FOG REDUCING VISIBILITY
HIGHEST:    72 ON  3    GRTST 24HR  0.18 ON  9- 9      TO 1/4 MILE OR LESS
LOWEST:     23 ON 20                               3 = THUNDER
                        SNOW, ICE PELLETS, HAIL    4 = ICE PELLETS
                        TOTAL MONTH:   0.0 INCH    5 = HAIL
                        GRTST 24HR     0.0         6 = FREEZING RAIN OR DRIZZLE
                        GRTST DEPTH:   0           7 = DUSTSTORM OR SANDSTORM:
                                                       VSBY 1/2 MILE OR LESS
                                                   8 = SMOKE OR HAZE
[NO. OF DAYS WITH]      [WEATHER - DAYS WITH]      9 = BLOWING SNOW
                                                   X = TORNADO
MAX 32 OR BELOW:   0    0.01 INCH OR MORE:   5
MAX 90 OR ABOVE:   0    0.10 INCH OR MORE:   1
MIN 32 OR BELOW:   7    0.50 INCH OR MORE:   0
MIN  0 OR BELOW:   0    1.00 INCH OR MORE:   0

[HDD (BASE 65) ]
TOTAL THIS MO.   387    CLEAR  (SCALE 0-3)  20
DPTR FM NORMAL  -146    PTCLDY (SCALE 4-7)   2
TOTAL FM JUL 1   903    CLOUDY (SCALE 8-10)  1
DPTR FM NORMAL  -227

[CDD (BASE 65) ]
TOTAL THIS MO.     0
DPTR FM NORMAL     0    [PRESSURE DATA]
TOTAL FM JAN 1  1832    HIGHEST SLP M ON M
DPTR FM NORMAL   132    LOWEST  SLP 29.55 ON 22

[REMARKS]
