000
CXUS54 KFWD 300730
CF6DTO
PRELIMINARY LOCAL CLIMATOLOGICAL DATA (WS FORM: F-6)

                                          STATION:   DENTON
                                          MONTH:     SEPTEMBER
                                          YEAR:      2016
                                          LATITUDE:   33 12 N
                                          LONGITUDE:  97 12 W

  TEMPERATURE IN F:       :PCPN:    SNOW:  WIND      :SUNSHINE: SKY     :PK WND
================================================================================
1   2   3   4   5  6A  6B    7    8   9   10  11  12  13   14  15   16   17  18
                                     12Z  AVG MX 2MIN
DY MAX MIN AVG DEP HDD CDD  WTR  SNW DPTH SPD SPD DIR MIN PSBL S-S WX    SPD DR
================================================================================

 1  89  72  81   0   0  16 0.36  0.0    0  6.8 31  50   M    M   3 13     38  30
 2  87  70  79  -2   0  14 0.00  0.0    0  5.6 14  20   M    M   5 12     17  20
 3  88  69  79  -1   0  14 0.00  0.0    0  6.0 13  80   M    M   0        20 120
 4  91  69  80   0   0  15 0.00  0.0    0  8.1 15 140   M    M   1        19 170
 5  91  74  83   3   0  18 0.00  0.0    0 11.0 20 160   M    M   1        26 170
 6  92  74  83   3   0  18 0.00  0.0    0 12.1 22 170   M    M   3        24 160
 7  93  75  84   5   0  19 0.00  0.0    0 11.2 18 180   M    M   1        25 180
 8  94  75  85   6   0  20 0.00  0.0    0 10.1 18 160   M    M   0        28 150
 9  93  73  83   5   0  18 0.00  0.0    0 11.5 21 160   M    M   0        25 150
10  83  61  72  -6   0   7 0.52  0.0    0  8.5 35  20   M    M   4 13     46  10
11  86  56  71  -7   0   6 0.00  0.0    0  3.1  7 130   M    M   0        10 130
12  90  60  75  -3   0  10 0.00  0.0    0  6.9 16 160   M    M   0        21 150
13  91  68  80   3   0  15 0.62  0.0    0  6.0 38 150   M    M   1 13     48 160
14  89  72  81   4   0  16 0.04  0.0    0  4.2 15 280   M    M   2 13     20 290
15  91  70  81   5   0  16    T  0.0    0  3.1 10 170   M    M   1 13     13 170
16  91  71  81   5   0  16    T  0.0    0  3.8 13  70   M    M   1        16  70
17  94  70  82   6   0  17 0.00  0.0    0  3.1  8 280   M    M   0        11  10
18  94  68  81   6   0  16 0.15  0.0    0  4.0 31 300   M    M   0 13     44 280
19  98  72  85  10   0  20 0.00  0.0    0  3.6 10 140   M    M   0        13 170
20  97  73  85  11   0  20 0.00  0.0    0  4.5 10 120   M    M   0        14 110
21  92  72  82   8   0  17 0.00  0.0    0  5.5 13 110   M    M   0        16 180
22  92  66  79   5   0  14 0.00  0.0    0  4.6 14 160   M    M   0        18 150
23  92  70  81   8   0  16 0.00  0.0    0 10.2 20 170   M    M   2        24 140
24  89  74  82   9   0  17    T  0.0    0 12.3 32 150   M    M   3 3      41 160
25  77  67  72  -1   0   7 0.84  0.0    0  8.8 17  20   M    M   9 13     23  20
26  70  63  67  -5   0   2    T  0.0    0  7.7 20  20   M    M  10        25  10
27  77  55  66  -6   0   1 0.00  0.0    0  5.4 14  20   M    M   1        16  10
28  89  51  70  -2   0   5 0.00  0.0    0  4.0 12  10   M    M   0 8      13  20
29  77  53  65  -6   0   0 0.00  0.0    0  9.2 16  10   M    M   0        22  20
================================================================================
SM 2577 1963         0 390  2.53     0.0 200.9          M       48
================================================================================
AV 88.9 67.7                               6.9 FASTST   M    M   2    MAX(MPH)
                                 MISC ---->  # 38 150               # 48  160
================================================================================
NOTES:
# LAST OF SEVERAL OCCURRENCES

COLUMN 17 PEAK WIND IN M.P.H.

PRELIMINARY LOCAL CLIMATOLOGICAL DATA (WS FORM: F-6) , PAGE 2

                                          STATION:  DENTON
                                          MONTH:    SEPTEMBER
                                          YEAR:     2016
                                          LATITUDE:   33 12 N
                                          LONGITUDE:  97 12 W

[TEMPERATURE DATA]      [PRECIPITATION DATA]       SYMBOLS USED IN COLUMN 16

AVERAGE MONTHLY: 78.3   TOTAL FOR MONTH:   2.53    1 = FOG OR MIST
DPTR FM NORMAL:   2.0   DPTR FM NORMAL:   -0.22    2 = FOG REDUCING VISIBILITY
HIGHEST:    98 ON 19    GRTST 24HR  0.84 ON 25-25      TO 1/4 MILE OR LESS
LOWEST:     51 ON 28                               3 = THUNDER
                        SNOW, ICE PELLETS, HAIL    4 = ICE PELLETS
                        TOTAL MONTH:   0.0 INCH    5 = HAIL
                        GRTST 24HR     0.0         6 = FREEZING RAIN OR DRIZZLE
                        GRTST DEPTH:   0           7 = DUSTSTORM OR SANDSTORM:
                                                       VSBY 1/2 MILE OR LESS
                                                   8 = SMOKE OR HAZE
[NO. OF DAYS WITH]      [WEATHER - DAYS WITH]      9 = BLOWING SNOW
                                                   X = TORNADO
MAX 32 OR BELOW:   0    0.01 INCH OR MORE:   6
MAX 90 OR ABOVE:  17    0.10 INCH OR MORE:   5
MIN 32 OR BELOW:   0    0.50 INCH OR MORE:   3
MIN  0 OR BELOW:   0    1.00 INCH OR MORE:   0

[HDD (BASE 65) ]
TOTAL THIS MO.     0    CLEAR  (SCALE 0-3)  24
DPTR FM NORMAL    -6    PTCLDY (SCALE 4-7)   3
TOTAL FM JUL 1     0    CLOUDY (SCALE 8-10)  2
DPTR FM NORMAL    -6

[CDD (BASE 65) ]
TOTAL THIS MO.   390
DPTR FM NORMAL    54    [PRESSURE DATA]
TOTAL FM JAN 1  2334    HIGHEST SLP M ON M
DPTR FM NORMAL    42    LOWEST  SLP 29.82 ON  9

[REMARKS]
