000
CXUS53 KDTX 200800
CF6DTW
PRELIMINARY LOCAL CLIMATOLOGICAL DATA (WS FORM: F-6)

                                          STATION:   DETROIT MI
                                          MONTH:     OCTOBER
                                          YEAR:      2014
                                          LATITUDE:   42 13 N
                                          LONGITUDE:  83 20 W

  TEMPERATURE IN F:       :PCPN:    SNOW:  WIND      :SUNSHINE: SKY     :PK WND
================================================================================
1   2   3   4   5  6A  6B    7    8   9   10  11  12  13   14  15   16   17  18
                                     12Z  AVG MX 2MIN
DY MAX MIN AVG DEP HDD CDD  WTR  SNW DPTH SPD SPD DIR MIN PSBL S-S WX    SPD DR
================================================================================

 1  67  52  60   2   5   0 0.00  0.0    0  2.2  9 190   M    M   8 18     12 180
 2  72  53  63   5   2   0 0.28  0.0    0  4.1 13 140   M    M   9 128    16 140
 3  69  51  60   3   5   0 0.17  0.0    0 13.8 30 190   M    M  10 1      37 140
 4  51  42  47 -10  18   0 0.12  0.0    0 15.8 25 220   M    M  10 1      32 220
 5  55  42  49  -7  16   0    T  0.0    0 12.7 25 200   M    M   8        31 200
 6  63  45  54  -2  11   0 0.06  0.0    0  8.7 22 210   M    M   8 1      28 210
 7  60  41  51  -5  14   0 0.03  0.0    0  7.6 14 180   M    M   7 1      17 180
 8  62  43  53  -2  12   0 0.00  0.0    0 12.4 30 250   M    M   6        37 280
 9  61  40  51  -4  14   0 0.00  0.0    0  5.4 16 250   M    M   5        22 270
10  59  39  49  -5  16   0 0.00  0.0    0  4.4 10 330   M    M   7        14 290
11  59  38  49  -5  16   0 0.00  0.0    0  4.1 14 350   M    M   3        18 350
12  60  35  48  -6  17   0 0.00  0.0    0  5.1 16 120   M    M   4 18     21 120
13  70  53  62   9   3   0 0.46  0.0    0  7.4 15 120   M    M   9 13     23 130
14  69  59  64  11   1   0 0.53  0.0    0 10.2 26 210   M    M  10 1      33 210
15  64  55  60   7   5   0 0.01  0.0    0  4.6 12 150   M    M   9 1      15 130
16  65  54  60   8   5   0 0.03  0.0    0  6.0 15 290   M    M   8 1      20 280
17  64  50  57   5   8   0 0.05  0.0    0 13.5 22 220   M    M  10 18     28 260
18  50  42  46  -6  19   0 0.05  0.0    0 11.3 24 290   M    M   9 8      32 290
19  53  32  43  -8  22   0 0.00  0.0    0  7.0 15 210   M    M   6        16 210
================================================================================
SM 1173  866       209   0  1.79     0.0 156.3          M      146
================================================================================
AV 61.7 45.6                               8.2 FASTST   M    M   8    MAX(MPH)
                                 MISC ---->  # 30 190               # 37  140
================================================================================
NOTES:
# LAST OF SEVERAL OCCURRENCES

COLUMN 17 PEAK WIND IN M.P.H.

PRELIMINARY LOCAL CLIMATOLOGICAL DATA (WS FORM: F-6) , PAGE 2

                                          STATION:  DETROIT MI
                                          MONTH:    OCTOBER
                                          YEAR:     2014
                                          LATITUDE:   42 13 N
                                          LONGITUDE:  83 20 W

[TEMPERATURE DATA]      [PRECIPITATION DATA]       SYMBOLS USED IN COLUMN 16

AVERAGE MONTHLY: 53.7   TOTAL FOR MONTH:   1.79    1 = FOG OR MIST
DPTR FM NORMAL:  -0.9   DPTR FM NORMAL:    0.23    2 = FOG REDUCING VISIBILITY
HIGHEST:    72 ON  2    GRTST 24HR  0.54 ON 14-15      TO 1/4 MILE OR LESS
LOWEST:     32 ON 19                               3 = THUNDER
                        SNOW, ICE PELLETS, HAIL    4 = ICE PELLETS
                        TOTAL MONTH:   0.0 INCH    5 = HAIL
                        GRTST 24HR     0.0         6 = FREEZING RAIN OR DRIZZLE
                        GRTST DEPTH:   0           7 = DUSTSTORM OR SANDSTORM:
                                                       VSBY 1/2 MILE OR LESS
                                                   8 = SMOKE OR HAZE
[NO. OF DAYS WITH]      [WEATHER - DAYS WITH]      9 = BLOWING SNOW
                                                   X = TORNADO
MAX 32 OR BELOW:   0    0.01 INCH OR MORE:  11
MAX 90 OR ABOVE:   0    0.10 INCH OR MORE:   5
MIN 32 OR BELOW:   1    0.50 INCH OR MORE:   1
MIN  0 OR BELOW:   0    1.00 INCH OR MORE:   0

[HDD (BASE 65) ]
TOTAL THIS MO.   209    CLEAR  (SCALE 0-3)   0
DPTR FM NORMAL     2    PTCLDY (SCALE 4-7)  10
TOTAL FM JUL 1   330    CLOUDY (SCALE 8-10)  9
DPTR FM NORMAL     9

[CDD (BASE 65) ]
TOTAL THIS MO.     0
DPTR FM NORMAL    -7    [PRESSURE DATA]
TOTAL FM JAN 1   704    HIGHEST SLP M ON M
DPTR FM NORMAL   -98    LOWEST  SLP 29.38 ON  3

[REMARKS]
