000
CXUS53 KDTX 190800
CF6DTW
PRELIMINARY LOCAL CLIMATOLOGICAL DATA (WS FORM: F-6)

                                          STATION:   DETROIT MI
                                          MONTH:     AUGUST
                                          YEAR:      2017
                                          LATITUDE:   42 13 N
                                          LONGITUDE:  83 20 W

  TEMPERATURE IN F:       :PCPN:    SNOW:  WIND      :SUNSHINE: SKY     :PK WND
================================================================================
1   2   3   4   5  6A  6B    7    8   9   10  11  12  13   14  15   16   17  18
                                     12Z  AVG MX 2MIN
DY MAX MIN AVG DEP HDD CDD  WTR  SNW DPTH SPD SPD DIR MIN PSBL S-S WX    SPD DR
================================================================================

 1  88  65  77   4   0  12 0.00  0.0    0  7.6 17 290   M    M   6        22 230
 2  89  66  78   5   0  13 0.26  0.0    0  7.7 20 200   M    M   6 13     26 360
 3  86  66  76   3   0  11    T  0.0    0  6.2 18 170   M    M   8 13     21 180
 4  77  60  69  -4   0   4 0.02  0.0    0 16.8 29 240   M    M   9 13     35 250
 5  80  55  68  -5   0   3 0.00  0.0    0 10.6 21 310   M    M   5        27 290
 6  80  59  70  -3   0   5 0.00  0.0    0  5.7 16 210   M    M   9        20 210
 7  80  61  71  -2   0   6 0.00  0.0    0  5.8 15 320   M    M   8 1      22 340
 8  85  56  71  -2   0   6 0.00  0.0    0  5.7 14 290   M    M   2        19 260
 9  85  61  73   0   0   8 0.00  0.0    0  6.1 16 210   M    M   6        21 220
10  85  64  75   2   0  10 0.00  0.0    0  5.5 15 170   M    M   6 18     18 160
11  84  65  75   2   0  10 0.35  0.0    0  8.7 20 240   M    M   9 13     24 220
12  81  61  71  -2   0   6    T  0.0    0  8.4 21 320   M    M   6        27 350
13  80  59  70  -2   0   5 0.00  0.0    0  3.9 13 180   M    M   5 1      17 170
14  83  62  73   1   0   8 0.00  0.0    0  5.0 16 160   M    M   7        22 160
15  85  65  75   3   0  10 0.12  0.0    0  5.4 15 330   M    M   7 1      25 350
16  84  64  74   2   0   9 0.00  0.0    0  5.4 13 130   M    M   6        17 160
17  82  71  77   5   0  12 1.19  0.0    0  8.8 18 220   M    M   7 13     22 220
18  82  67  75   3   0  10 0.00  0.0    0 13.3 23 260   M    M   6        30 270
================================================================================
SM 1496 1127         0 148  1.94     0.0 136.6          M      118
================================================================================
AV 83.1 62.6                               7.6 FASTST   M    M   7    MAX(MPH)
                                 MISC ---->  # 29 240               # 35  250
================================================================================
NOTES:
# LAST OF SEVERAL OCCURRENCES

COLUMN 17 PEAK WIND IN M.P.H.

PRELIMINARY LOCAL CLIMATOLOGICAL DATA (WS FORM: F-6) , PAGE 2

                                          STATION:  DETROIT MI
                                          MONTH:    AUGUST
                                          YEAR:     2017
                                          LATITUDE:   42 13 N
                                          LONGITUDE:  83 20 W

[TEMPERATURE DATA]      [PRECIPITATION DATA]       SYMBOLS USED IN COLUMN 16

AVERAGE MONTHLY: 72.9   TOTAL FOR MONTH:   1.94    1 = FOG OR MIST
DPTR FM NORMAL:   0.2   DPTR FM NORMAL:    0.12    2 = FOG REDUCING VISIBILITY
HIGHEST:    89 ON  2    GRTST 24HR  1.19 ON 17-17      TO 1/4 MILE OR LESS
LOWEST:     55 ON  5                               3 = THUNDER
                        SNOW, ICE PELLETS, HAIL    4 = ICE PELLETS
                        TOTAL MONTH:   0.0 INCH    5 = HAIL
                        GRTST 24HR     0.0         6 = FREEZING RAIN OR DRIZZLE
                        GRTST DEPTH:   0           7 = DUSTSTORM OR SANDSTORM:
                                                       VSBY 1/2 MILE OR LESS
                                                   8 = SMOKE OR HAZE
[NO. OF DAYS WITH]      [WEATHER - DAYS WITH]      9 = BLOWING SNOW
                                                   X = TORNADO
MAX 32 OR BELOW:   0    0.01 INCH OR MORE:   5
MAX 90 OR ABOVE:   0    0.10 INCH OR MORE:   4
MIN 32 OR BELOW:   0    0.50 INCH OR MORE:   1
MIN  0 OR BELOW:   0    1.00 INCH OR MORE:   1

[HDD (BASE 65) ]
TOTAL THIS MO.     0    CLEAR  (SCALE 0-3)   1
DPTR FM NORMAL     0    PTCLDY (SCALE 4-7)  12
TOTAL FM JUL 1     0    CLOUDY (SCALE 8-10)  5
DPTR FM NORMAL    -2

[CDD (BASE 65) ]
TOTAL THIS MO.   148
DPTR FM NORMAL     7    [PRESSURE DATA]
TOTAL FM JAN 1   696    HIGHEST SLP M ON M
DPTR FM NORMAL    69    LOWEST  SLP 29.66 ON 18

[REMARKS]
