000
CXUS55 KTWC 230855
CF6DUG
PRELIMINARY LOCAL CLIMATOLOGICAL DATA (WS FORM: F-6)

                                          STATION:   DOUGLAS AZ
                                          MONTH:     JANUARY
                                          YEAR:      2017
                                          LATITUDE:   31 28 N
                                          LONGITUDE: 109 36 W

  TEMPERATURE IN F:       :PCPN:    SNOW:  WIND      :SUNSHINE: SKY     :PK WND
================================================================================
1   2   3   4   5  6A  6B    7    8   9   10  11  12  13   14  15   16   17  18
                                     12Z  AVG MX 2MIN
DY MAX MIN AVG DEP HDD CDD  WTR  SNW DPTH SPD SPD DIR MIN PSBL S-S WX    SPD DR
================================================================================

 1  57  30  44  -1  21   0 0.03    M    M  9.5 31 240   M    M   8 1      42 240
 2  55  25  40  -6  25   0 0.00    M    M  5.8 13 180   M    M   1        16 140
 3  62  27  45  -1  20   0 0.00    M    M  2.4  9 180   M    M   2        12 170
 4  69  36  53   7  12   0 0.00    M    M  4.3 13 320   M    M   3        16 240
 5  69  29  49   3  16   0 0.00    M    M  6.6 21 300   M    M   0        25 300
 6  62  35  49   3  16   0 0.00    M    M  8.9 21 310   M    M   1        29 300
 7  66  24  45  -1  20   0 0.00    M    M  3.3 10  20   M    M   0        11  20
 8  75  28  52   6  13   0 0.00    M    M  2.3  8 310   M    M   0        10 310
 9  79  35  57  11   8   0 0.00  0.0    0  5.6 22 270   M    M   M        27 260
10  73  34  54   8  11   0 0.00  0.0    0  5.4 15 240   M    M   0        19 230
11  72  39  56  10   9   0 0.00  0.0    0  8.3 21 260   M    M   M        27 270
12  70  28  49   3  16   0 0.00  0.0    0  7.0 17 200   M    M   M        21 180
13  69  35  52   6  13   0 0.00  0.0    0  6.3 20 190   M    M   M        27 170
14  68  43  56  10   9   0 0.12  0.0    0 10.6 31 170   M    M   M 13     37 170
15  47  36  42  -4  23   0 0.45  0.0    0  8.9 17 230   M    M   M 1      22 220
16  53  33  43  -3  22   0 0.00  0.0    0  3.9  9  20   M    M   5        11 220
17  58  30  44  -2  21   0 0.01    M    0  6.1 18 250   M    M   4        23 260
18  59  28  44  -2  21   0 0.00  0.0    0  4.2 10 350   M    M   2        14 220
19  56  27  42  -4  23   0 0.00  0.0    0  6.5 17 220   M    M   4        23 220
20  53  33  43  -3  22   0 0.16    M    0 11.2 33 220   M    M   7 1      42 220
21  51  31  41  -5  24   0 0.47    M    0 17.0 43 280   M    M   6 1      54 290
22  57  26  42  -5  23   0 0.00  0.0    0  4.0 12 150   M    M   1        14 150
================================================================================
SM 1380  692       388   0  1.24     0.0 148.1          M       44
================================================================================
AV 62.7 31.5                               6.7 FASTST   M    M   3    MAX(MPH)
                                 MISC ---->  # 43 280               # 54  290
================================================================================
NOTES:
# LAST OF SEVERAL OCCURRENCES

COLUMN 17 PEAK WIND IN M.P.H.

PRELIMINARY LOCAL CLIMATOLOGICAL DATA (WS FORM: F-6) , PAGE 2

                                          STATION:  DOUGLAS AZ
                                          MONTH:    JANUARY
                                          YEAR:     2017
                                          LATITUDE:   31 28 N
                                          LONGITUDE: 109 36 W

[TEMPERATURE DATA]      [PRECIPITATION DATA]       SYMBOLS USED IN COLUMN 16

AVERAGE MONTHLY: 47.1   TOTAL FOR MONTH:   1.24    1 = FOG OR MIST
DPTR FM NORMAL:   1.1   DPTR FM NORMAL:    0.72    2 = FOG REDUCING VISIBILITY
HIGHEST:    79 ON  9    GRTST 24HR  0.63 ON 20-21      TO 1/4 MILE OR LESS
LOWEST:     24 ON  7                               3 = THUNDER
                        SNOW, ICE PELLETS, HAIL    4 = ICE PELLETS
                        TOTAL MONTH:   0.0 INCH    5 = HAIL
                        GRTST 24HR     0.0         6 = FREEZING RAIN OR DRIZZLE
                        GRTST DEPTH:   0           7 = DUSTSTORM OR SANDSTORM:
                                                       VSBY 1/2 MILE OR LESS
                                                   8 = SMOKE OR HAZE
[NO. OF DAYS WITH]      [WEATHER - DAYS WITH]      9 = BLOWING SNOW
                                                   X = TORNADO
MAX 32 OR BELOW:   0    0.01 INCH OR MORE:   6
MAX 90 OR ABOVE:   0    0.10 INCH OR MORE:   4
MIN 32 OR BELOW:  12    0.50 INCH OR MORE:   0
MIN  0 OR BELOW:   0    1.00 INCH OR MORE:   0

[HDD (BASE 65) ]
TOTAL THIS MO.   388    CLEAR  (SCALE 0-3)  10
DPTR FM NORMAL   -31    PTCLDY (SCALE 4-7)   6
TOTAL FM JUL 1  1228    CLOUDY (SCALE 8-10)  0
DPTR FM NORMAL  -215

[CDD (BASE 65) ]
TOTAL THIS MO.     0
DPTR FM NORMAL     0    [PRESSURE DATA]
TOTAL FM JAN 1     0    HIGHEST SLP M ON M
DPTR FM NORMAL     0    LOWEST  SLP 29.49 ON 21

[REMARKS]
