000
CXUS55 KTWC 290855
CF6DUG
PRELIMINARY LOCAL CLIMATOLOGICAL DATA (WS FORM: F-6)

                                          STATION:   DOUGLAS AZ
                                          MONTH:     MAY
                                          YEAR:      2017
                                          LATITUDE:   31 28 N
                                          LONGITUDE: 109 36 W

  TEMPERATURE IN F:       :PCPN:    SNOW:  WIND      :SUNSHINE: SKY     :PK WND
================================================================================
1   2   3   4   5  6A  6B    7    8   9   10  11  12  13   14  15   16   17  18
                                     12Z  AVG MX 2MIN
DY MAX MIN AVG DEP HDD CDD  WTR  SNW DPTH SPD SPD DIR MIN PSBL S-S WX    SPD DR
================================================================================

 1  87  36  62  -4   3   0 0.00  0.0    0  8.0 22 250   M    M   0        28 230
 2  88  44  66   0   0   1 0.00  0.0    0  7.6 24 260   M    M   0        31 280
 3  90  49  70   4   0   5 0.00  0.0    0  6.2 16 340   M    M   0        26 330
 4  93  49  71   5   0   6 0.00  0.0    0  7.0 16  80   M    M   0        20 250
 5  95  54  75   8   0  10 0.00  0.0    0  6.6 18 170   M    M   0        24 190
 6  89  61  75   8   0  10 0.00  0.0    0 15.4 35 210   M    M   0        45 180
 7  79  53  66  -1   0   1 0.00  0.0    0 15.1 32 170   M    M   2        40 170
 8  76  51  64  -4   1   0    T  0.0    0 12.5 31 190   M    M   4        41 200
 9  63  42  53 -15  12   0 0.07    M    0 10.9 29 270   M    M   7 13     37 270
10  69  35  52 -16  13   0 0.00  0.0    0  5.6 14 230   M    M   4 12     20 320
11  81  37  59  -9   6   0 0.00  0.0    0  7.3 16 340   M    M   0        21 350
12  89  46  68  -1   0   3 0.00  0.0    0  4.7 22  20   M    M   0 8      24  30
13  92  51  72   3   0   7 0.00  0.0    0  8.3 24 240   M    M   0        30 240
14  86  52  69   0   0   4 0.00  0.0    0 11.5 24 210   M    M   M        33 210
15  82  49  66  -4   0   1 0.00  0.0    0 15.9 33 190   M    M   1        42 200
16  73  49  61  -9   4   0 0.00  0.0    0 17.7 31 260   M    M   3        46 260
17  84  38  61  -9   4   0 0.00  0.0    0 11.5 26 220   M    M   M        35 220
18  83  53  68  -2   0   3 0.00  0.0    0 13.0 29 250   M    M   1        39 260
19  84  47  66  -5   0   1 0.00  0.0    0 10.6 22 330   M    M   1        28 340
20  87  41  64  -7   1   0 0.00  0.0    0  6.7 15 250   M    M   0        19 240
21  93  48  71   0   0   6 0.00  0.0    0  8.1 21 330   M    M   M        26 320
22  94  50  72   0   0   7 0.00  0.0    0  9.3 29 310   M    M   0        40 360
23  96  52  74   2   0   9 0.00  0.0    0  8.9 24 320   M    M   0        41 310
24  98  50  74   2   0   9 0.00  0.0    0  8.2 26 230   M    M   0        32 240
25  92  64  78   6   0  13 0.00  0.0    0 15.6 31 270   M    M   1        39 270
26  91  59  75   2   0  10 0.00  0.0    0 15.5 31 220   M    M   0        39 240
27  92  53  73   0   0   8 0.00  0.0    0  9.4 25 240   M    M   0        37 260
28  92  46  69  -4   0   4 0.00  0.0    0  6.1 20 170   M    M   0        25 170
================================================================================
SM 2418 1359        44 118  0.07     0.0 283.2          M       24
================================================================================
AV 86.4 48.5                              10.1 FASTST   M    M   1    MAX(MPH)
                                 MISC ---->  # 35 210               # 46  260
================================================================================
NOTES:
# LAST OF SEVERAL OCCURRENCES

COLUMN 17 PEAK WIND IN M.P.H.

PRELIMINARY LOCAL CLIMATOLOGICAL DATA (WS FORM: F-6) , PAGE 2

                                          STATION:  DOUGLAS AZ
                                          MONTH:    MAY
                                          YEAR:     2017
                                          LATITUDE:   31 28 N
                                          LONGITUDE: 109 36 W

[TEMPERATURE DATA]      [PRECIPITATION DATA]       SYMBOLS USED IN COLUMN 16

AVERAGE MONTHLY: 67.5   TOTAL FOR MONTH:   0.07    1 = FOG OR MIST
DPTR FM NORMAL:  -2.0   DPTR FM NORMAL:   -0.18    2 = FOG REDUCING VISIBILITY
HIGHEST:    98 ON 24    GRTST 24HR  0.07 ON  9- 9      TO 1/4 MILE OR LESS
LOWEST:     35 ON 10                               3 = THUNDER
                        SNOW, ICE PELLETS, HAIL    4 = ICE PELLETS
                        TOTAL MONTH:   0.0 INCH    5 = HAIL
                        GRTST 24HR     0.0         6 = FREEZING RAIN OR DRIZZLE
                        GRTST DEPTH:   0           7 = DUSTSTORM OR SANDSTORM:
                                                       VSBY 1/2 MILE OR LESS
                                                   8 = SMOKE OR HAZE
[NO. OF DAYS WITH]      [WEATHER - DAYS WITH]      9 = BLOWING SNOW
                                                   X = TORNADO
MAX 32 OR BELOW:   0    0.01 INCH OR MORE:   1
MAX 90 OR ABOVE:  12    0.10 INCH OR MORE:   0
MIN 32 OR BELOW:   0    0.50 INCH OR MORE:   0
MIN  0 OR BELOW:   0    1.00 INCH OR MORE:   0

[HDD (BASE 65) ]
TOTAL THIS MO.    44    CLEAR  (SCALE 0-3)  22
DPTR FM NORMAL    24    PTCLDY (SCALE 4-7)   3
TOTAL FM JUL 1  2123    CLOUDY (SCALE 8-10)  0
DPTR FM NORMAL  -398

[CDD (BASE 65) ]
TOTAL THIS MO.   118
DPTR FM NORMAL   -28    [PRESSURE DATA]
TOTAL FM JAN 1   162    HIGHEST SLP M ON M
DPTR FM NORMAL   -14    LOWEST  SLP 29.56 ON M

[REMARKS]
