000
CXUS51 KPBZ 280804
CF6DUJ
PRELIMINARY LOCAL CLIMATOLOGICAL DATA (WS FORM: F-6)

                                          STATION:   DUBOIS
                                          MONTH:     MAY
                                          YEAR:      2017
                                          LATITUDE:   41 10 N
                                          LONGITUDE:  78 54 W

  TEMPERATURE IN F:       :PCPN:    SNOW:  WIND      :SUNSHINE: SKY     :PK WND
================================================================================
1   2   3   4   5  6A  6B    7    8   9   10  11  12  13   14  15   16   17  18
                                     12Z  AVG MX 2MIN
DY MAX MIN AVG DEP HDD CDD  WTR  SNW DPTH SPD SPD DIR MIN PSBL S-S WX    SPD DR
================================================================================

 1  77  54  66  14   0   1 0.74  0.0    0  9.3 45 240   M    M   7 138    61 240
 2  54  45  50  -2  15   0 0.07    M    0 16.3 35 240   M    M  10 8      43 250
 3  57  40  49  -4  16   0 0.00  0.0    0 10.1 21 280   M    M   5        28 270
 4  54  40  47  -6  18   0 0.17    M    0 12.4 23 130   M    M   8 18     31 150
 5  65  46  56   3   9   0 0.76    M    M 10.7 25 290   M    M  10 123    33 310
 6  53  38  46  -8  19   0 0.15    M    0 11.0 20 270   M    M  10 12     27 260
 7  52  30  41 -13  24   0 0.03    M    0 11.0 22 280   M    M   7 1      29 280
 8  52  26  39 -15  26   0 0.00  0.0    0  9.6 23 270   M    M   2        31 260
 9  61  29  45  -9  20   0 0.00    M    M  5.7 16 240   M    M   0        23 220
10  64  41  53  -2  12   0 0.00    M    M  4.2 10 320   M    M   6        13  20
11  50  44  47  -8  18   0 0.07    M    0  8.7 16 110   M    M   8 18     20 110
12  52  46  49  -6  16   0 0.00  0.0    0  9.5 16 110   M    M  10 8      23 110
13  61  45  53  -3  12   0 0.00    M    M  3.8 10 250   M    M   8 1      14 290
14  60  42  51  -5  14   0 0.04    M    0 10.1 25 300   M    M   6 1      37 290
15  67  38  53  -3  12   0 0.00    M    M  8.4 20 300   M    M   0        26 320
16  76  39  58   2   7   0 0.00  0.0    0  4.7 15 230   M    M   1        20 240
17  84  62  73  16   0   8 0.00    M    0 10.4 23 260   M    M   1        31 240
18  82  63  73  16   0   8 0.01    M    0 11.4 25 240   M    M   2        32 240
19  78  54  66   9   0   1 0.19  0.0    0  9.1 18 250   M    M   4 1      25 250
20  58  48  53  -4  12   0    T    M    0 10.7 16  80   M    M   9 18     22  90
21  66  52  59   1   6   0 0.11  0.0    0 11.5 20 130   M    M   9 18     26 130
22  68  46  57  -1   8   0 0.28    M    M  8.1 20 250   M    M   6 1      27 230
23  70  42  56  -2   9   0 0.00    M    M  5.4 15 130   M    M   0 1      23 130
24  70  51  61   3   4   0 0.25  0.0    0 11.0 22 130   M    M   8 1      34 140
25  64  51  58  -1   7   0 0.76  0.0    0  7.4 18 120   M    M   8 138    24 110
26  60  51  56  -3   9   0 0.10  0.0    0  9.4 20 280   M    M  10 18     26 270
27  69  46  58  -1   7   0 0.02    M    M  2.6 10 230   M    M   5 12     14 220
================================================================================
SM 1724 1209       300  18  3.75     0.0 242.5          M      160
================================================================================
AV 63.9 44.8                               9.0 FASTST   M    M   6    MAX(MPH)
                                 MISC ---->  # 45 240               # 61  240
================================================================================
NOTES:
# LAST OF SEVERAL OCCURRENCES

COLUMN 17 PEAK WIND IN M.P.H.

PRELIMINARY LOCAL CLIMATOLOGICAL DATA (WS FORM: F-6) , PAGE 2

                                          STATION:  DUBOIS
                                          MONTH:    MAY
                                          YEAR:     2017
                                          LATITUDE:   41 10 N
                                          LONGITUDE:  78 54 W

[TEMPERATURE DATA]      [PRECIPITATION DATA]       SYMBOLS USED IN COLUMN 16

AVERAGE MONTHLY: 54.3   TOTAL FOR MONTH:   3.75    1 = FOG OR MIST
DPTR FM NORMAL:  -1.4   DPTR FM NORMAL:    0.03    2 = FOG REDUCING VISIBILITY
HIGHEST:    84 ON 17    GRTST 24HR  0.76 ON 25-25      TO 1/4 MILE OR LESS
LOWEST:     26 ON  8                               3 = THUNDER
                        SNOW, ICE PELLETS, HAIL    4 = ICE PELLETS
                        TOTAL MONTH:   0.0 INCH    5 = HAIL
                        GRTST 24HR     0.0         6 = FREEZING RAIN OR DRIZZLE
                        GRTST DEPTH:   0           7 = DUSTSTORM OR SANDSTORM:
                                                       VSBY 1/2 MILE OR LESS
                                                   8 = SMOKE OR HAZE
[NO. OF DAYS WITH]      [WEATHER - DAYS WITH]      9 = BLOWING SNOW
                                                   X = TORNADO
MAX 32 OR BELOW:   0    0.01 INCH OR MORE:  16
MAX 90 OR ABOVE:   0    0.10 INCH OR MORE:  10
MIN 32 OR BELOW:   3    0.50 INCH OR MORE:   3
MIN  0 OR BELOW:   0    1.00 INCH OR MORE:   0

[HDD (BASE 65) ]
TOTAL THIS MO.   300    CLEAR  (SCALE 0-3)   7
DPTR FM NORMAL    36    PTCLDY (SCALE 4-7)  10
TOTAL FM JUL 1  5675    CLOUDY (SCALE 8-10) 10
DPTR FM NORMAL -1102

[CDD (BASE 65) ]
TOTAL THIS MO.    18
DPTR FM NORMAL     3    [PRESSURE DATA]
TOTAL FM JAN 1    24    HIGHEST SLP M ON M
DPTR FM NORMAL     5    LOWEST  SLP 29.34 ON  5

[REMARKS]
