000
CXUS53 KFGF 230915
CF6DVL
PRELIMINARY LOCAL CLIMATOLOGICAL DATA (WS FORM: F-6)

                                          STATION:   DEVIL`S LAKE
                                          MONTH:     APRIL
                                          YEAR:      2014
                                          LATITUDE:   48  7 N
                                          LONGITUDE:  98 54 W

  TEMPERATURE IN F:       :PCPN:    SNOW:  WIND      :SUNSHINE: SKY     :PK WND
================================================================================
1   2   3   4   5  6A  6B    7    8   9   10  11  12  13   14  15   16   17  18
                                     12Z  AVG MX 2MIN
DY MAX MIN AVG DEP HDD CDD  WTR  SNW DPTH SPD SPD DIR MIN PSBL S-S WX    SPD DR
================================================================================

 1  27   5  16   M  49   0 0.00  0.0    0 12.7 21 350   M    M   1        25 350
 2  27   3  15   M  50   0 0.00  0.0    0  7.2 14 150   M    M   3         M  M
 3  34  19  27   M  38   0 0.15    M    0  7.4 16  10   M    M  10         M  M
 4  30  19  25   M  40   0 0.00  0.0    0  9.5 15 360   M    M   6        20 350
 5  46  25  36   M  29   0 0.00  0.0    0  7.8 14 170   M    M   5        20 180
 6  52  27  40   M  25   0 0.00  0.0    0  7.9 18 150   M    M   3         M  M
 7  50  28  39   M  26   0 0.05    M    0  9.8 21 300   M    M   3 3      32 300
 8  54  27  41   M  24   0 0.00  0.0    0  8.1 15 200   M    M   0        20 200
 9  70  37  54   M  11   0 0.00  0.0    0 14.0 28 320   M    M   1        36 320
10  54  34  44   M  21   0 0.00  0.0    0 16.0 29 300   M    M   2        35 300
11  52  34  43   M  22   0 0.06    M    0  8.3 17  80   M    M   5        23  70
12  46  30  38   M  27   0 0.06    M    0 13.5 22 330   M    M  10        25 330
13  32  19  26   M  39   0 0.00  0.0    0 19.7 25 340   M    M   6        33 340
14  27  16  22   M  43   0 0.00  0.0    0 12.5 20 350   M    M   3        27 350
15  32  14  23   M  42   0 0.00  0.0    0 12.9 23 110   M    M   4        27 110
16  37  23  30   M  35   0 0.00  0.0    0 16.7 21  60   M    M   4        28  90
17  39  18  29   M  36   0 0.00  0.0    0  7.3 16 110   M    M   3        23 100
18  48  30  39   M  26   0 0.00  0.0    0 21.4 32 130   M    M   6        41 130
19  55  32  44   M  21   0 0.00  0.0    0 15.2 27 270   M    M   2        35 270
20  70  28  49   M  16   0 0.00  0.0    0  8.9 18 300   M    M   1        22 300
21  57  36  47   M  18   0 0.00  0.0    0 12.6 22 300   M    M   5        25 320
22  63  28  46   M  19   0 0.00  0.0    0  8.3 16 110   M    M   0        20 110
================================================================================
SM 1002  532       657   0  0.32     0.0 257.7          M       83
================================================================================
AV 45.5 24.2                              11.7 FASTST   M    M   4    MAX(MPH)
                                 MISC ---->    32   M                 41    M
================================================================================
NOTES:
# LAST OF SEVERAL OCCURRENCES

COLUMN 17 PEAK WIND IN M.P.H.

PRELIMINARY LOCAL CLIMATOLOGICAL DATA (WS FORM: F-6) , PAGE 2

                                          STATION:  DEVIL`S LAKE
                                          MONTH:    APRIL
                                          YEAR:     2014
                                          LATITUDE:   48  7 N
                                          LONGITUDE:  98 54 W

[TEMPERATURE DATA]      [PRECIPITATION DATA]       SYMBOLS USED IN COLUMN 16

AVERAGE MONTHLY: 34.9   TOTAL FOR MONTH:   0.32    1 = FOG OR MIST
DPTR FM NORMAL:     M   DPTR FM NORMAL:       M    2 = FOG REDUCING VISIBILITY
HIGHEST:    70 ON 20, 9 GRTST 24HR  0.15 ON  3- 3      TO 1/4 MILE OR LESS
LOWEST:      3 ON  2                               3 = THUNDER
                        SNOW, ICE PELLETS, HAIL    4 = ICE PELLETS
                        TOTAL MONTH:   0.0 INCH    5 = HAIL
                        GRTST 24HR     0.0         6 = FREEZING RAIN OR DRIZZLE
                        GRTST DEPTH:   0           7 = DUSTSTORM OR SANDSTORM:
                                                       VSBY 1/2 MILE OR LESS
                                                   8 = SMOKE OR HAZE
[NO. OF DAYS WITH]      [WEATHER - DAYS WITH]      9 = BLOWING SNOW
                                                   X = TORNADO
MAX 32 OR BELOW:   6    0.01 INCH OR MORE:   4
MAX 90 OR ABOVE:   0    0.10 INCH OR MORE:   1
MIN 32 OR BELOW:  18    0.50 INCH OR MORE:   0
MIN  0 OR BELOW:   0    1.00 INCH OR MORE:   0

[HDD (BASE 65) ]
TOTAL THIS MO.   657    CLEAR  (SCALE 0-3)  10
DPTR FM NORMAL     M    PTCLDY (SCALE 4-7)  10
TOTAL FM JUL 1  9712    CLOUDY (SCALE 8-10)  2
DPTR FM NORMAL     M

[CDD (BASE 65) ]
TOTAL THIS MO.     0
DPTR FM NORMAL     M    [PRESSURE DATA]
TOTAL FM JAN 1     0    HIGHEST SLP M ON M
DPTR FM NORMAL     M    LOWEST  SLP M ON M

[REMARKS]
