000
CXUS53 KGID 011909
CF6EAR

PRELIMINARY LOCAL CLIMATOLOGICAL DATA (WS FORM: F-6)

                                          STATION:   KEARNEY
                                          MONTH:     JULY
                                          YEAR:      2015
                                          LATITUDE:   40 43 N
                                          LONGITUDE:  99  0 W

  TEMPERATURE IN F:       :PCPN:    SNOW:  WIND      :SUNSHINE: SKY     :PK WND
================================================================================
1   2   3   4   5  6A  6B    7    8   9   10  11  12  13   14  15   16   17  18
                                     12Z  AVG MX 2MIN
DY MAX MIN AVG DEP HDD CDD  WTR  SNW DPTH SPD SPD DIR MIN PSBL S-S WX    SPD DR
================================================================================

 1  84  63  74   0   0   9 0.00    M    M  9.1 18  60   M    M   1        24  60
 2  84  63  74   0   0   9 0.04    M    M  9.5 16  20   M    M   4 3      22 290
 3  79  61  70  -4   0   5 0.00    M    M  5.7  9 360   M    M   6         M  M
 4  88  59  74   0   0   9 0.00    M    M 10.7 20 160   M    M   0        25 160
 5  99  70  85  11   0  20 0.00    M    M 14.5 28 190   M    M   0 3      31 190
 6  82  57  70  -4   0   5 0.22    M    M 15.2 24  10   M    M   6 3      31 360
 7  73  52  63 -11   2   0 0.00    M    M  7.5 13  80   M    M   1        16  80
 8  73  52  63 -12   2   0 0.00    M    M  4.4 10 340   M    M   4         M  M
 9  81  59  70  -5   0   5 0.00    M    M  6.5 12 140   M    M   1         M  M
10  84  63  74  -1   0   9 0.00    M    M 13.0 22 150   M    M   5        29 150
11  90  63  77   2   0  12 0.03    M    M  7.5 20 230   M    M   3 3      29 230
12  97  66  82   7   0  17 0.00    M    M  6.0 13 220   M    M   0         M  M
13  95  70  83   8   0  18 0.00    M    M  7.6 16  30   M    M   0         M  M
14  97  64  81   6   0  16 0.00    M    M  6.0 13 100   M    M   0         M  M
15  84  68  76   1   0  11 0.24    M    M  7.4 13 110   M    M   6 3      16 110
16  93  70  82   7   0  17 0.00    M    M   M   M   M   M    M   1         M  M
17  97  66  82   7   0  17 0.00    M    M  9.5 15 170   M    M   0 3      23 150
18  90  64  77   2   0  12 0.00    M    M  8.3 15  20   M    M   4        20  20
19  88  70  79   4   0  14 0.00    M    M  7.8 12 360   M    M   0         M  M
20  88  64  76   1   0  11 0.00    M    M  9.8 20  10   M    M   1        24  10
21  84  57  71  -4   0   6 0.00    M    M  6.4 14 140   M    M   0         M  M
22  82  63  73  -2   0   8 0.00    M    M  9.8 14 140   M    M   4         M  M
23  91  66  79   4   0  14 0.00    M    M 10.8 16 150   M    M   4        22 170
24  93  68  81   6   0  16 1.63    M    M  7.5 21 320   M    M   1 3      36 340
25  82  68  75   0   0  10 0.00    M    M  8.9 20 170   M    M   1 3      28 180
26  91  64  78   3   0  13 0.02    M    M  4.6  9 150   M    M   3         M  M
27  90  70  80   5   0  15 0.01    M    M 11.7 21 160   M    M   2        27 160
28  82  64  73  -2   0   8 0.00    M    M 14.3 30 350   M    M   0        36 350
29  81  55  68  -7   0   3 0.00    M    M  4.6  7 130   M    M   0         M  M
30  88  57  73  -1   0   8 0.00    M    M  7.5 15 190   M    M   0         M  M
31  91  66  79   5   0  14 0.00    M    M  9.4 32  60   M    M   0        39  60
================================================================================
SM 2701 1962         4 331  2.19   M     261.5          M       58
================================================================================
AV 87.1 63.3                               8.7 FASTST   M    M   2    MAX(MPH)
                                 MISC ---->     M   M                  M    M
================================================================================
NOTES:
# LAST OF SEVERAL OCCURRENCES

COLUMN 17 PEAK WIND IN M.P.H.

PRELIMINARY LOCAL CLIMATOLOGICAL DATA (WS FORM: F-6) , PAGE 2

                                          STATION:  KEARNEY
                                          MONTH:    JULY
                                          YEAR:     2015
                                          LATITUDE:   40 43 N
                                          LONGITUDE:  99  0 W

[TEMPERATURE DATA]      [PRECIPITATION DATA]       SYMBOLS USED IN COLUMN 16

AVERAGE MONTHLY: 75.2   TOTAL FOR MONTH:   2.19    1 = FOG OR MIST
DPTR FM NORMAL:   0.5   DPTR FM NORMAL:   -1.09    2 = FOG REDUCING VISIBILITY
HIGHEST:    99 ON  5    GRTST 24HR  1.63 ON 24-24      TO 1/4 MILE OR LESS
LOWEST:     52 ON  8, 7                            3 = THUNDER
                        SNOW, ICE PELLETS, HAIL    4 = ICE PELLETS
                        TOTAL MONTH:     M INCHES  5 = HAIL
                        GRTST 24HR    M  ON   M    6 = FREEZING RAIN OR DRIZZLE
                        GRTST DEPTH:  M  ON   M    7 = DUSTSTORM OR SANDSTORM:
                                                       VSBY 1/2 MILE OR LESS
                                                   8 = SMOKE OR HAZE
[NO. OF DAYS WITH]      [WEATHER - DAYS WITH]      9 = BLOWING SNOW
                                                   X = TORNADO
MAX 32 OR BELOW:   0    0.01 INCH OR MORE:   7
MAX 90 OR ABOVE:  13    0.10 INCH OR MORE:   3
MIN 32 OR BELOW:   0    0.50 INCH OR MORE:   1
MIN  0 OR BELOW:   0    1.00 INCH OR MORE:   1

[HDD (BASE 65) ]
TOTAL THIS MO.     4    CLEAR  (SCALE 0-3)  22
DPTR FM NORMAL    -1    PTCLDY (SCALE 4-7)   9
TOTAL FM JUL 1     4    CLOUDY (SCALE 8-10)  0
DPTR FM NORMAL    -1

[CDD (BASE 65) ]
TOTAL THIS MO.   331
DPTR FM NORMAL    27    [PRESSURE DATA]
TOTAL FM JAN 1   555    HIGHEST SLP M ON M
DPTR FM NORMAL    25    LOWEST  SLP M ON M

[REMARKS]
#FINAL-07-15#
