000
CXUS53 KGID 250730
CF6EAR
PRELIMINARY LOCAL CLIMATOLOGICAL DATA (WS FORM: F-6)

                                          STATION:   KEARNEY
                                          MONTH:     MAY
                                          YEAR:      2015
                                          LATITUDE:   40 43 N
                                          LONGITUDE:  99  0 W

  TEMPERATURE IN F:       :PCPN:    SNOW:  WIND      :SUNSHINE: SKY     :PK WND
================================================================================
1   2   3   4   5  6A  6B    7    8   9   10  11  12  13   14  15   16   17  18
                                     12Z  AVG MX 2MIN
DY MAX MIN AVG DEP HDD CDD  WTR  SNW DPTH SPD SPD DIR MIN PSBL S-S WX    SPD DR
================================================================================

 1  77  55  66  12   0   1 0.00    M    M  6.4 12 190   M    M   4         M  M
 2  86  57  72  17   0   7 0.00    M    M 11.2 17 140   M    M   0        25 160
 3  90  57  74  19   0   9 0.00    M    M 12.1 23 350   M    M   0        30 350
 4  61  52  57   2   8   0 0.00    M    M 16.1 22  20   M    M   9        28  60
 5  75  54  65   9   0   0 0.13    M    M 12.7 27 140   M    M   9        33 150
 6  69  57  63   7   2   0 0.17    M    M 14.9 22 180   M    M   8        28 180
 7  66  52  59   3   6   0 0.00    M    M 14.5 18 190   M    M   8        23 190
 8  68  43  56  -1   9   0 0.00    M    M  9.7 18 350   M    M   3        20  90
 9  63  48  56  -1   9   0 0.75    M    M 15.7 22  70   M    M  10 3      31 210
10  63  37  50  -8  15   0 0.02    M    M 18.5 25 290   M    M   8        33 290
11  54  37  46 -12  19   0 0.00    M    M 18.0 28 310   M    M   7        36 300
12  72  34  53  -5  12   0 0.00    M    M 15.0 29 170   M    M   1        36 170
13  70  48  59   1   6   0 0.49    M    M 19.3 29 160   M    M   6        37 160
14  73  54  64   5   1   0 0.07    M    M  7.5 10 190   M    M   6         M  M
15  79  57  68   9   0   3 0.04    M    M 14.0 24 140   M    M   3        29 120
16  72  55  64   4   1   0 0.02    M    M 17.8 33 130   M    M   4 3      31 200
17  79  52  66   6   0   1 0.09    M    M 10.4 22 280   M    M   5 3      25 260
18  63  45  54  -6  11   0 0.00    M    M 12.4 20 360   M    M   3        23 360
19  45  39  42 -19  23   0 0.39    M    M 12.5 21  50   M    M   9        27  50
20  52  41  47 -14  18   0 0.01    M    M 10.9 18 350   M    M   9         M  M
21  64  36  50 -11  15   0 0.00    M    M  4.3  8 140   M    M   0         M  M
22  54  43  49 -13  16   0 0.24    M    M  8.1 16 110   M    M   7        18 130
23  61  52  57  -5   8   0 0.01    M    M 12.6 16  90   M    M  10        21  90
24  64  57  61  -1   4   0 0.00    M    M  4.8 12 100   M    M   9         M  M
================================================================================
SM 1620 1162       183  21  2.43    M    299.4          M      138
================================================================================
AV 67.5 48.4                              12.5 FASTST   M    M   6    MAX(MPH)
                                 MISC ---->    33   M                 37    M
================================================================================
NOTES:
# LAST OF SEVERAL OCCURRENCES

COLUMN 17 PEAK WIND IN M.P.H.

PRELIMINARY LOCAL CLIMATOLOGICAL DATA (WS FORM: F-6) , PAGE 2

                                          STATION:  KEARNEY
                                          MONTH:    MAY
                                          YEAR:     2015
                                          LATITUDE:   40 43 N
                                          LONGITUDE:  99  0 W

[TEMPERATURE DATA]      [PRECIPITATION DATA]       SYMBOLS USED IN COLUMN 16

AVERAGE MONTHLY: 58.0   TOTAL FOR MONTH:   2.43    1 = FOG OR MIST
DPTR FM NORMAL:  -0.4   DPTR FM NORMAL:   -0.74    2 = FOG REDUCING VISIBILITY
HIGHEST:    90 ON  3    GRTST 24HR  0.75 ON  9- 9      TO 1/4 MILE OR LESS
LOWEST:     34 ON 12                               3 = THUNDER
                        SNOW, ICE PELLETS, HAIL    4 = ICE PELLETS
                        TOTAL MONTH:    M          5 = HAIL
                        GRTST 24HR    M  ON   M    6 = FREEZING RAIN OR DRIZZLE
                        GRTST DEPTH:  M  ON   M    7 = DUSTSTORM OR SANDSTORM:
                                                       VSBY 1/2 MILE OR LESS
                                                   8 = SMOKE OR HAZE
[NO. OF DAYS WITH]      [WEATHER - DAYS WITH]      9 = BLOWING SNOW
                                                   X = TORNADO
MAX 32 OR BELOW:   0    0.01 INCH OR MORE:  13
MAX 90 OR ABOVE:   1    0.10 INCH OR MORE:   6
MIN 32 OR BELOW:   0    0.50 INCH OR MORE:   1
MIN  0 OR BELOW:   0    1.00 INCH OR MORE:   0

[HDD (BASE 65) ]
TOTAL THIS MO.   183    CLEAR  (SCALE 0-3)   5
DPTR FM NORMAL    -2    PTCLDY (SCALE 4-7)  10
TOTAL FM JUL 1  5908    CLOUDY (SCALE 8-10)  9
DPTR FM NORMAL  -545

[CDD (BASE 65) ]
TOTAL THIS MO.    21
DPTR FM NORMAL    -7    [PRESSURE DATA]
TOTAL FM JAN 1    25    HIGHEST SLP M ON M
DPTR FM NORMAL   -10    LOWEST  SLP M ON M

[REMARKS]
