000
CXUS53 KMPX 241000
CF6EAU
PRELIMINARY LOCAL CLIMATOLOGICAL DATA (WS FORM: F-6)

                                          STATION:   EAU CLAIRE WI
                                          MONTH:     JULY
                                          YEAR:      2017
                                          LATITUDE:   44 52 N
                                          LONGITUDE:  91 29 W

  TEMPERATURE IN F:       :PCPN:    SNOW:  WIND      :SUNSHINE: SKY     :PK WND
================================================================================
1   2   3   4   5  6A  6B    7    8   9   10  11  12  13   14  15   16   17  18
                                     12Z  AVG MX 2MIN
DY MAX MIN AVG DEP HDD CDD  WTR  SNW DPTH SPD SPD DIR MIN PSBL S-S WX    SPD DR
================================================================================

 1  74  59  67  -4   0   2 0.03  0.0    0  7.5 22 200   M    M   5 3      27 190
 2  79  57  68  -3   0   3    T  0.0    0  6.2 12  10   M    M   2        16 360
 3  82  52  67  -4   0   2 0.00  0.0    0  5.0 13  50   M    M   0        18  70
 4  84  62  73   2   0   8 0.00  0.0    0  7.0 15 140   M    M   0        19 150
 5  90  62  76   5   0  11 0.00  0.0    0  6.4 15 210   M    M   2 3      19 200
 6  91  67  79   7   0  14 0.10  0.0    0  6.4 20 340   M    M   1 13     29 340
 7  82  58  70  -2   0   5 0.01  0.0    0  6.7 30 350   M    M   2        41 330
 8  81  53  67  -5   0   2 0.00  0.0    0  6.0 17 250   M    M   1 1      23 260
 9  82  60  71  -1   0   6    T  0.0    0  6.5 13 170   M    M   3 3      16 130
10  87  62  75   3   0  10 0.00  0.0    0  4.6 12 340   M    M   1        15  10
11  86  59  73   1   0   8 0.00  0.0    0  4.3 13 220   M    M   1 1      15 210
12  89  66  78   6   0  13 2.37  0.0    0  8.1 33 330   M    M   4 13     42 320
13  70  58  64  -8   1   0 0.00  0.0    0  8.4 14 340   M    M  10        19 320
14  75  57  66  -6   0   1 0.00  0.0    0  5.8 10 230   M    M   6        13 280
15  89  55  72   0   0   7 0.00  0.0    0  7.0 17 230   M    M   0        23 220
16  81  60  71  -1   0   6 0.00  0.0    0  5.8 13  50   M    M   2        16  40
17  84  58  71  -1   0   6 0.00  0.0    0  8.2 17 200   M    M   2        22 190
18  86  61  74   2   0   9    T  0.0    0  6.8 16 180   M    M   3        20 180
19  84  54  69  -3   0   4 0.11  0.0    0  4.5 36 160   M    M   5 123    46 150
20  86  63  75   3   0  10 0.02  0.0    0  3.6 12 290   M    M   4 123    20 280
21  78  61  70  -2   0   5 0.03  0.0    0  5.8 18 180   M    M   5 12     23 170
22  89  65  77   5   0  12 0.39  0.0    0  3.6 24 240   M    M   3 123    32 260
23  76  61  69  -3   0   4 0.00  0.0    0  7.3 20 330   M    M   7 12     24 340
================================================================================
SM 1905 1370         1 148  3.06     0.0 141.5          M       69
================================================================================
AV 82.8 59.6                               6.2 FASTST   M    M   3    MAX(MPH)
                                 MISC ---->  # 36 160               # 46  150
================================================================================
NOTES:
# LAST OF SEVERAL OCCURRENCES

COLUMN 17 PEAK WIND IN M.P.H.

PRELIMINARY LOCAL CLIMATOLOGICAL DATA (WS FORM: F-6) , PAGE 2

                                          STATION:  EAU CLAIRE WI
                                          MONTH:    JULY
                                          YEAR:     2017
                                          LATITUDE:   44 52 N
                                          LONGITUDE:  91 29 W

[TEMPERATURE DATA]      [PRECIPITATION DATA]       SYMBOLS USED IN COLUMN 16

AVERAGE MONTHLY: 71.2   TOTAL FOR MONTH:   3.06    1 = FOG OR MIST
DPTR FM NORMAL:  -0.6   DPTR FM NORMAL:    0.21    2 = FOG REDUCING VISIBILITY
HIGHEST:    91 ON  6    GRTST 24HR  2.37 ON 12-12      TO 1/4 MILE OR LESS
LOWEST:     52 ON  3                               3 = THUNDER
                        SNOW, ICE PELLETS, HAIL    4 = ICE PELLETS
                        TOTAL MONTH:   0.0 INCH    5 = HAIL
                        GRTST 24HR     0.0         6 = FREEZING RAIN OR DRIZZLE
                        GRTST DEPTH:   0           7 = DUSTSTORM OR SANDSTORM:
                                                       VSBY 1/2 MILE OR LESS
                                                   8 = SMOKE OR HAZE
[NO. OF DAYS WITH]      [WEATHER - DAYS WITH]      9 = BLOWING SNOW
                                                   X = TORNADO
MAX 32 OR BELOW:   0    0.01 INCH OR MORE:   8
MAX 90 OR ABOVE:   2    0.10 INCH OR MORE:   4
MIN 32 OR BELOW:   0    0.50 INCH OR MORE:   1
MIN  0 OR BELOW:   0    1.00 INCH OR MORE:   1

[HDD (BASE 65) ]
TOTAL THIS MO.     1    CLEAR  (SCALE 0-3)  14
DPTR FM NORMAL    -2    PTCLDY (SCALE 4-7)   8
TOTAL FM JUL 1     1    CLOUDY (SCALE 8-10)  1
DPTR FM NORMAL    -2

[CDD (BASE 65) ]
TOTAL THIS MO.   148
DPTR FM NORMAL   -12    [PRESSURE DATA]
TOTAL FM JAN 1   263    HIGHEST SLP M ON M
DPTR FM NORMAL   -49    LOWEST  SLP 29.61 ON  9

[REMARKS]
