000
CXUS53 KMPX 251000
CF6EAU
PRELIMINARY LOCAL CLIMATOLOGICAL DATA (WS FORM: F-6)

                                          STATION:   EAU CLAIRE WI
                                          MONTH:     FEBRUARY
                                          YEAR:      2018
                                          LATITUDE:   44 52 N
                                          LONGITUDE:  91 29 W

  TEMPERATURE IN F:       :PCPN:    SNOW:  WIND      :SUNSHINE: SKY     :PK WND
================================================================================
1   2   3   4   5  6A  6B    7    8   9   10  11  12  13   14  15   16   17  18
                                     12Z  AVG MX 2MIN
DY MAX MIN AVG DEP HDD CDD  WTR  SNW DPTH SPD SPD DIR MIN PSBL S-S WX    SPD DR
================================================================================

 1  13  -8   3 -12  62   0 0.00  0.0    6 11.2 23 310   M    M   0        35 330
 2   8 -14  -3 -19  68   0 0.01  0.3    6  4.1 12 280   M    M   4 18     14 270
 3  22   7  15  -1  50   0 0.17  3.1    6  6.9 15  10   M    M  10 18     23 350
 4  11  -8   2 -14  63   0    T  0.2    7  9.9 17 340   M    M   3 18     24  10
 5  11 -10   1 -15  64   0    T    T    7  6.2 14 250   M    M   3        18 230
 6   8 -12  -2 -19  67   0 0.00  0.0    7  4.0 12 230   M    M   2        17 220
 7  12  -2   5 -12  60   0 0.06  0.9    7  5.1 14 250   M    M   4 1      17 260
 8  14  -9   3 -14  62   0 0.00  0.0    7  5.7 13 260   M    M   3 18     17 270
 9  11  -3   4 -13  61   0    T    T    7  5.4 12  20   M    M   2        19  30
10  12  -3   5 -13  60   0 0.00  0.0    7  5.0 10 270   M    M   1        14 250
11  16  -4   6 -12  59   0 0.00  0.0    7  7.3 15 240   M    M   0        22 260
12  10 -11   0 -18  65   0 0.00  0.0    7  2.5 10 280   M    M   0        15 300
13  31  -3  14  -5  51   0 0.00  0.0    7  8.9 22 180   M    M   5 18     30 180
14  43   6  25   6  40   0 0.00  0.0    7  7.1 16 210   M    M   0 128    21 220
15  39  25  32  13  33   0    T    T    5  8.9 18 330   M    M   2 1      24 320
16  27   1  14  -6  51   0 0.00  0.0    4 10.1 22 330   M    M   0        31 310
17  29   5  17  -3  48   0 0.13  1.6    4  8.2 15 240   M    M   5 1      21 220
18  40   7  24   4  41   0 0.00  0.0    5  9.3 30 170   M    M   6        41 170
19  33  21  27   6  38   0 0.06  0.2    5 11.0 20  50   M    M   8 168    30  40
20  24  13  19  -2  46   0 0.07  0.1    5  8.1 17 280   M    M   8 168    24 280
21  18   0   9 -13  56   0 0.00  0.0    5  4.6 14 280   M    M   0        18 280
22  31  -1  15  -7  50   0 0.09  0.7    5  7.6 21  90   M    M   8 16     27  90
23  30  10  20  -2  45   0 0.24  2.2    8  6.8 16 260   M    M   7 1268   24 270
24  33   4  19  -4  46   0 0.34  3.6    8  6.9 25  90   M    M   9 128    35  90
================================================================================
SM  526   11      1286   0  1.17    12.9 170.8          M       90
================================================================================
AV 21.9  0.5                               7.1 FASTST   M    M   4    MAX(MPH)
                                 MISC ---->  # 30 170               # 41  170
================================================================================
NOTES:
# LAST OF SEVERAL OCCURRENCES

COLUMN 17 PEAK WIND IN M.P.H.

PRELIMINARY LOCAL CLIMATOLOGICAL DATA (WS FORM: F-6) , PAGE 2

                                          STATION:  EAU CLAIRE WI
                                          MONTH:    FEBRUARY
                                          YEAR:     2018
                                          LATITUDE:   44 52 N
                                          LONGITUDE:  91 29 W

[TEMPERATURE DATA]      [PRECIPITATION DATA]       SYMBOLS USED IN COLUMN 16

AVERAGE MONTHLY: 11.2   TOTAL FOR MONTH:   1.17    1 = FOG OR MIST
DPTR FM NORMAL:  -7.5   DPTR FM NORMAL:    0.50    2 = FOG REDUCING VISIBILITY
HIGHEST:    43 ON 14    GRTST 24HR  0.34 ON 24-24      TO 1/4 MILE OR LESS
LOWEST:    -14 ON  2                               3 = THUNDER
                        SNOW, ICE PELLETS, HAIL    4 = ICE PELLETS
                        TOTAL MONTH:  12.9 INCHES  5 = HAIL
                        GRTST 24HR   3.6 ON 24-24  6 = FREEZING RAIN OR DRIZZLE
                        GRTST DEPTH:   8 ON 24,23  7 = DUSTSTORM OR SANDSTORM:
                                                       VSBY 1/2 MILE OR LESS
                                                   8 = SMOKE OR HAZE
[NO. OF DAYS WITH]      [WEATHER - DAYS WITH]      9 = BLOWING SNOW
                                                   X = TORNADO
MAX 32 OR BELOW:  19    0.01 INCH OR MORE:   9
MAX 90 OR ABOVE:   0    0.10 INCH OR MORE:   4
MIN 32 OR BELOW:  24    0.50 INCH OR MORE:   0
MIN  0 OR BELOW:  14    1.00 INCH OR MORE:   0

[HDD (BASE 65) ]
TOTAL THIS MO.  1286    CLEAR  (SCALE 0-3)  12
DPTR FM NORMAL   175    PTCLDY (SCALE 4-7)   9
TOTAL FM JUL 1  6016    CLOUDY (SCALE 8-10)  3
DPTR FM NORMAL   161

[CDD (BASE 65) ]
TOTAL THIS MO.     0
DPTR FM NORMAL     0    [PRESSURE DATA]
TOTAL FM JAN 1     0    HIGHEST SLP M ON M
DPTR FM NORMAL     0    LOWEST  SLP 29.57 ON 18

[REMARKS]
