000
CXUS53 KMPX 011000
CF6EAU
PRELIMINARY LOCAL CLIMATOLOGICAL DATA (WS FORM: F-6)

                                          STATION:   EAU CLAIRE WI
                                          MONTH:     APRIL
                                          YEAR:      2016
                                          LATITUDE:   44 52 N
                                          LONGITUDE:  91 29 W

  TEMPERATURE IN F:       :PCPN:    SNOW:  WIND      :SUNSHINE: SKY     :PK WND
================================================================================
1   2   3   4   5  6A  6B    7    8   9   10  11  12  13   14  15   16   17  18
                                     12Z  AVG MX 2MIN
DY MAX MIN AVG DEP HDD CDD  WTR  SNW DPTH SPD SPD DIR MIN PSBL S-S WX    SPD DR
================================================================================

 1  40  28  34  -5  31   0 0.05  0.5    0  9.8 23 320   M    M   6 1      30 330
 2  32  26  29 -10  36   0 0.09  1.3    1 12.3 29 320   M    M   7 18     41 350
 3  58  29  44   4  21   0    T  0.0    0  9.8 21 360   M    M   5        28 360
 4  38  22  30 -10  35   0 0.00  0.0    0  5.2 15  20   M    M   6        20  20
 5  38  20  29 -12  36   0 0.15    T    0  9.8 24 150   M    M   6 18     29 170
 6  41  32  37  -4  28   0 0.21    T    0  7.8 14 330   M    M  10 1      20 320
 7  41  31  36  -6  29   0 0.05    T    0  6.0 14 330   M    M  10 18     18 320
 8  38  22  30 -12  35   0 0.01    T    0 15.1 29 320   M    M   5        39 320
 9  39  13  26 -17  39   0 0.00  0.0    0  8.5 20 170   M    M   2        24 160
10  59  34  47   4  18   0 0.00  0.0    0 12.9 24 320   M    M   3        33 290
11  42  27  35  -9  30   0    T    T    0 13.1 25 310   M    M   7        34 310
12  49  19  34 -10  31   0    T  0.0    0  5.5 21 220   M    M   4        33 230
13  62  42  52   7  13   0 0.01  0.0    0 11.4 18 160   M    M   4        25 110
14  73  38  56  11   9   0 0.00  0.0    0 11.2 23 160   M    M   1        31 180
15  75  45  60  14   5   0 0.00  0.0    0 10.5 22 140   M    M   0        27 140
16  81  47  64  18   1   0 0.00  0.0    0  9.0 20 150   M    M   2        26 190
17  80  57  69  22   0   4 0.00  0.0    0  6.9 20 160   M    M   8        23 160
18  81  47  64  17   1   0 0.00  0.0    0  5.3 17  40   M    M   1        24  30
19  59  49  54   6  11   0 0.19  0.0    0  9.6 18  80   M    M   9 1      22  80
20  67  47  57   9   8   0 0.06  0.0    0  8.0 14 170   M    M   7 1      17  80
21  68  46  57   8   8   0 0.01  0.0    0  5.8 21  10   M    M   9 18     29 360
22  59  39  49   0  16   0 0.00  0.0    0  7.5 18  10   M    M   5        25  20
23  67  33  50   0  15   0 0.00  0.0    0  7.6 17 170   M    M   3        23 170
24  57  48  53   3  12   0 0.38  0.0    0 10.3 20  90   M    M  10 13     29 110
25  61  45  53   3  12   0 0.23  0.0    0 10.4 17  80   M    M   9 13     22  80
26  48  39  44  -7  21   0 0.00  0.0    0 10.2 20  70   M    M   9 1      24  80
27  56  36  46  -5  19   0 0.10  0.0    0 11.7 28  70   M    M   4        36  60
28  43  36  40 -12  25   0 1.02    T    0  8.2 23  70   M    M   8 1      31  70
29  58  39  49  -3  16   0 0.00  0.0    0  4.9 13 120   M    M   6        17  70
30  59  38  49  -3  16   0 0.00  0.0    0 10.9 24  80   M    M   3        33  80
================================================================================
SM 1669 1074       577   4  2.56     1.8 275.2          M      169
================================================================================
AV 55.6 35.8                               9.2 FASTST   M    M   6    MAX(MPH)
                                 MISC ---->  # 29 320               # 41  350
================================================================================
NOTES:
# LAST OF SEVERAL OCCURRENCES

COLUMN 17 PEAK WIND IN M.P.H.

PRELIMINARY LOCAL CLIMATOLOGICAL DATA (WS FORM: F-6) , PAGE 2

                                          STATION:  EAU CLAIRE WI
                                          MONTH:    APRIL
                                          YEAR:     2016
                                          LATITUDE:   44 52 N
                                          LONGITUDE:  91 29 W

[TEMPERATURE DATA]      [PRECIPITATION DATA]       SYMBOLS USED IN COLUMN 16

AVERAGE MONTHLY: 45.7   TOTAL FOR MONTH:   2.56    1 = FOG OR MIST
DPTR FM NORMAL:  -0.3   DPTR FM NORMAL:   -0.19    2 = FOG REDUCING VISIBILITY
HIGHEST:    81 ON 18,16 GRTST 24HR  1.02 ON 28-28      TO 1/4 MILE OR LESS
LOWEST:     13 ON  9                               3 = THUNDER
                        SNOW, ICE PELLETS, HAIL    4 = ICE PELLETS
                        TOTAL MONTH:   1.8 INCHES  5 = HAIL
                        GRTST 24HR   1.3 ON   M    6 = FREEZING RAIN OR DRIZZLE
                        GRTST DEPTH:   1 ON  2     7 = DUSTSTORM OR SANDSTORM:
                                                       VSBY 1/2 MILE OR LESS
                                                   8 = SMOKE OR HAZE
[NO. OF DAYS WITH]      [WEATHER - DAYS WITH]      9 = BLOWING SNOW
                                                   X = TORNADO
MAX 32 OR BELOW:   1    0.01 INCH OR MORE:  14
MAX 90 OR ABOVE:   0    0.10 INCH OR MORE:   7
MIN 32 OR BELOW:  11    0.50 INCH OR MORE:   1
MIN  0 OR BELOW:   0    1.00 INCH OR MORE:   1

[HDD (BASE 65) ]
TOTAL THIS MO.   577    CLEAR  (SCALE 0-3)   6
DPTR FM NORMAL     1    PTCLDY (SCALE 4-7)  17
TOTAL FM JUL 1  6566    CLOUDY (SCALE 8-10)  7
DPTR FM NORMAL -1074

[CDD (BASE 65) ]
TOTAL THIS MO.     4
DPTR FM NORMAL     0    [PRESSURE DATA]
TOTAL FM JAN 1     4    HIGHEST SLP 30.40 ON  5
DPTR FM NORMAL     0    LOWEST  SLP 29.49 ON  2

[REMARKS]
#FINAL-04-16#
