000
CXUS53 KMPX 011000
CF6EAU
PRELIMINARY LOCAL CLIMATOLOGICAL DATA (WS FORM: F-6)

                                          STATION:   EAU CLAIRE WI
                                          MONTH:     FEBRUARY
                                          YEAR:      2015
                                          LATITUDE:   44 52 N
                                          LONGITUDE:  91 29 W

  TEMPERATURE IN F:       :PCPN:    SNOW:  WIND      :SUNSHINE: SKY     :PK WND
================================================================================
1   2   3   4   5  6A  6B    7    8   9   10  11  12  13   14  15   16   17  18
                                     12Z  AVG MX 2MIN
DY MAX MIN AVG DEP HDD CDD  WTR  SNW DPTH SPD SPD DIR MIN PSBL S-S WX    SPD DR
================================================================================

 1  19   4  12  -3  53   0    T  0.2    3 12.5 22  60   M    M   8        26  40
 2  13  -7   3 -13  62   0 0.00  0.0    3  5.9 16 220   M    M   1        19 240
 3  16   0   8  -8  57   0 0.02  0.8    3  1.9  7 240   M    M   6 18      9 230
 4  15   0   8  -8  57   0 0.01  0.3    5  7.5 21 300   M    M   5 18     25 290
 5  16  -7   5 -11  60   0 0.00  0.0    4  9.8 24 200   M    M   2 1      28 200
 6  29   6  18   1  47   0 0.00  0.0    4  3.5 12 160   M    M   4        14 160
 7  35  17  26   9  39   0 0.00  0.0    4  7.5 15  80   M    M   3 8      19 100
 8  30  23  27  10  38   0 0.00  0.0    4  9.1 16  50   M    M   9 8      19  50
 9  27  10  19   2  46   0 0.00  0.0    4  4.6 13  70   M    M   4        14  50
10  25   8  17  -1  48   0 0.14  1.4    3  7.8 20 150   M    M   6 128    24 150
11  27   4  16  -2  49   0    T  0.1    4 13.1 23 310   M    M   7 18     30 340
12   7  -4   2 -16  63   0 0.00  0.0    4  7.2 18 340   M    M   0        27 330
13  26   1  14  -5  51   0    T  0.2    4  9.2 18 320   M    M   6 8      23 310
14  14 -10   2 -17  63   0    T    T    4 11.0 24 320   M    M   1 8      36 340
15   8 -10  -1 -20  66   0 0.00  0.0    4  5.1 13 160   M    M   6        18 150
16  15   7  11  -9  54   0 0.01  0.2    4  6.4 16 320   M    M  10 18     21 320
17  12   1   7 -13  58   0 0.01  0.1    4  8.9 17 320   M    M   7 8      24 310
18   2  -9  -3 -23  68   0 0.00  0.0    4 11.1 21 290   M    M   4 8      24 330
19   3 -16  -6 -27  71   0 0.00  0.0    4  3.3 10 280   M    M   0        15 270
20  18 -10   4 -17  61   0 0.03  0.6    4  8.2 20 180   M    M  10 8      23 170
21  20   4  12 -10  53   0    T    T    4  6.1 16 330   M    M   8 8      20 320
22   5 -12  -3 -25  68   0 0.00  0.0    4  8.6 16 310   M    M   0        20 310
23  16 -18  -1 -23  66   0 0.00  0.0    4 10.9 23 210   M    M   1        29 200
24  30   7  19  -4  46   0    T    T    4 14.8 30 310   M    M   5 18     38 320
25  14   1   8 -15  57   0 0.00  0.0    4  5.1 12 330   M    M   5        15 340
26  10  -7   2 -22  63   0 0.00  0.0    4  5.3 15 330   M    M   0        19 330
27  13 -10   2 -22  63   0 0.00  0.0    4  6.7 14 240   M    M   0        17 250
28  18 -10   4 -20  61   0 0.00  0.0    4  7.8 16 200   M    M   2        20 180
================================================================================
SM  483  -37      1588   0  0.22     3.9 218.9          M      120
================================================================================
AV 17.2 -1.3                               7.8 FASTST   M    M   4    MAX(MPH)
                                 MISC ---->  # 30 310               # 38  320
================================================================================
NOTES:
# LAST OF SEVERAL OCCURRENCES

COLUMN 17 PEAK WIND IN M.P.H.

PRELIMINARY LOCAL CLIMATOLOGICAL DATA (WS FORM: F-6) , PAGE 2

                                          STATION:  EAU CLAIRE WI
                                          MONTH:    FEBRUARY
                                          YEAR:     2015
                                          LATITUDE:   44 52 N
                                          LONGITUDE:  91 29 W

[TEMPERATURE DATA]      [PRECIPITATION DATA]       SYMBOLS USED IN COLUMN 16

AVERAGE MONTHLY:  8.0   TOTAL FOR MONTH:   0.22    1 = FOG OR MIST
DPTR FM NORMAL: -11.4   DPTR FM NORMAL:   -0.59    2 = FOG REDUCING VISIBILITY
HIGHEST:    35 ON  7    GRTST 24HR  0.14 ON 10-10      TO 1/4 MILE OR LESS
LOWEST:    -18 ON 23                               3 = THUNDER
                        SNOW, ICE PELLETS, HAIL    4 = ICE PELLETS
                        TOTAL MONTH:   3.9 INCHES  5 = HAIL
                        GRTST 24HR   1.4 ON   M    6 = FREEZING RAIN OR DRIZZLE
                        GRTST DEPTH:   5 ON  4     7 = DUSTSTORM OR SANDSTORM:
                                                       VSBY 1/2 MILE OR LESS
                                                   8 = SMOKE OR HAZE
[NO. OF DAYS WITH]      [WEATHER - DAYS WITH]      9 = BLOWING SNOW
                                                   X = TORNADO
MAX 32 OR BELOW:  27    0.01 INCH OR MORE:   6
MAX 90 OR ABOVE:   0    0.10 INCH OR MORE:   1
MIN 32 OR BELOW:  28    0.50 INCH OR MORE:   0
MIN  0 OR BELOW:  15    1.00 INCH OR MORE:   0

[HDD (BASE 65) ]
TOTAL THIS MO.  1588    CLEAR  (SCALE 0-3)  11
DPTR FM NORMAL   311    PTCLDY (SCALE 4-7)  14
TOTAL FM JUL 1  6353    CLOUDY (SCALE 8-10)  3
DPTR FM NORMAL   332

[CDD (BASE 65) ]
TOTAL THIS MO.     0
DPTR FM NORMAL     0    [PRESSURE DATA]
TOTAL FM JAN 1     0    HIGHEST SLP 30.82 ON 23
DPTR FM NORMAL     0    LOWEST  SLP 29.59 ON  7

[REMARKS]
#FINAL-02-15#
