000
CXUS55 KVEF 250940
CF6EED
PRELIMINARY LOCAL CLIMATOLOGICAL DATA (WS FORM: F-6)

                                          STATION:   NEEDLES CA
                                          MONTH:     MARCH
                                          YEAR:      2017
                                          LATITUDE:   34 46 N
                                          LONGITUDE: 114 37 W

  TEMPERATURE IN F:       :PCPN:    SNOW:  WIND      :SUNSHINE: SKY     :PK WND
================================================================================
1   2   3   4   5  6A  6B    7    8   9   10  11  12  13   14  15   16   17  18
                                     12Z  AVG MX 2MIN
DY MAX MIN AVG DEP HDD CDD  WTR  SNW DPTH SPD SPD DIR MIN PSBL S-S WX    SPD DR
================================================================================

 1  70  45  58  -3   7   0 0.00  0.0    0 11.5 23  20   M    M   0        29  30
 2  75  53  64   3   1   0 0.00  0.0    0 13.6 26  10   M    M   0        32  20
 3  80  52  66   4   0   1 0.00  0.0    0  6.4 15  30   M    M   0        19  20
 4  78  50  64   2   1   0 0.00  0.0    0  7.6 21 180   M    M   0        25 170
 5  75  56  66   4   0   1 0.00  0.0    0 14.1 28 290   M    M   0        35 290
 6  66  48  57  -5   8   0 0.00  0.0    0  9.3 30 290   M    M   0        42 290
 7  74  44  59  -3   6   0 0.00  0.0    0  6.4 15  20   M    M   0        20  20
 8  83  52  68   5   0   3 0.00  0.0    0  8.2 16  20   M    M   0        21 350
 9  88  54  71   8   0   6 0.00  0.0    0  4.6 13 250   M    M   0        14 250
10  89  55  72   9   0   7 0.00  0.0    0  4.4 12 280   M    M   0        13  30
11  92  58  75  12   0  10 0.00  0.0    0  7.5 20  30   M    M   0        24  10
12  94  60  77  13   0  12 0.00  0.0    0  6.8 20  20   M    M   0        25  30
13  94  61  78  14   0  13 0.00  0.0    0  7.9 15  40   M    M   0        21  30
14  96  58  77  13   0  12 0.00  0.0    0  4.6 12 250   M    M   0        13 250
15  93  61  77  13   0  12 0.00  0.0    0  4.8 12 230   M    M   0        16 210
16  93  62  78  14   0  13 0.00  0.0    0  5.4 13 190   M    M   0        17 200
17  94  60  77  12   0  12 0.00  0.0    0  4.5 12 260   M    M   0        14 130
18  95  62  79  14   0  14 0.00  0.0    0  6.4 17 210   M    M   0        21 220
19  98  65  82  17   0  17 0.00  0.0    0  6.9 20 200   M    M   0        27 200
20  96  69  83  18   0  18 0.00  0.0    0  8.0 24 210   M    M   0        29 210
21  91  70  81  16   0  16 0.00  0.0    0  7.0 20 190   M    M   0        24 210
22  82  61  72   6   0   7    T  0.0    0  9.0 26 190   M    M   2 3      34 200
23  77  58  68   2   0   3 0.00  0.0    0 10.4 23 310   M    M   2        28 310
24  83  52  68   2   0   3 0.00  0.0    0  5.5 13 190   M    M   0        19 190
================================================================================
SM 2056 1366        23 180    T      0.0 180.8          M        4
================================================================================
AV 85.7 56.9                               7.5 FASTST   M    M   0    MAX(MPH)
                                 MISC ---->  # 30 290               # 42  290
================================================================================
NOTES:
# LAST OF SEVERAL OCCURRENCES

COLUMN 17 PEAK WIND IN M.P.H.

PRELIMINARY LOCAL CLIMATOLOGICAL DATA (WS FORM: F-6) , PAGE 2

                                          STATION:  NEEDLES CA
                                          MONTH:    MARCH
                                          YEAR:     2017
                                          LATITUDE:   34 46 N
                                          LONGITUDE: 114 37 W

[TEMPERATURE DATA]      [PRECIPITATION DATA]       SYMBOLS USED IN COLUMN 16

AVERAGE MONTHLY: 71.3   TOTAL FOR MONTH:      T    1 = FOG OR MIST
DPTR FM NORMAL:   7.7   DPTR FM NORMAL:   -0.45    2 = FOG REDUCING VISIBILITY
HIGHEST:    98 ON 19    GRTST 24HR    T  ON 22-22      TO 1/4 MILE OR LESS
LOWEST:     44 ON  7                               3 = THUNDER
                        SNOW, ICE PELLETS, HAIL    4 = ICE PELLETS
                        TOTAL MONTH:   0.0 INCH    5 = HAIL
                        GRTST 24HR     0.0         6 = FREEZING RAIN OR DRIZZLE
                        GRTST DEPTH:   0           7 = DUSTSTORM OR SANDSTORM:
                                                       VSBY 1/2 MILE OR LESS
                                                   8 = SMOKE OR HAZE
[NO. OF DAYS WITH]      [WEATHER - DAYS WITH]      9 = BLOWING SNOW
                                                   X = TORNADO
MAX 32 OR BELOW:   0    0.01 INCH OR MORE:   0
MAX 90 OR ABOVE:  11    0.10 INCH OR MORE:   0
MIN 32 OR BELOW:   0    0.50 INCH OR MORE:   0
MIN  0 OR BELOW:   0    1.00 INCH OR MORE:   0

[HDD (BASE 65) ]
TOTAL THIS MO.    23    CLEAR  (SCALE 0-3)  24
DPTR FM NORMAL   -56    PTCLDY (SCALE 4-7)   0
TOTAL FM JUL 1   756    CLOUDY (SCALE 8-10)  0
DPTR FM NORMAL  -378

[CDD (BASE 65) ]
TOTAL THIS MO.   180
DPTR FM NORMAL   133    [PRESSURE DATA]
TOTAL FM JAN 1   221    HIGHEST SLP M ON M
DPTR FM NORMAL   164    LOWEST  SLP 29.67 ON  5

[REMARKS]
