000
CXUS54 KBMX 271216
CF6EET
PRELIMINARY LOCAL CLIMATOLOGICAL DATA (WS FORM: F-6)

                                          STATION:   SHELBY COUNTY AIRPORT
                                          MONTH:     JANUARY
                                          YEAR:      2015
                                          LATITUDE:   33 10 N
                                          LONGITUDE:  86 47 W

  TEMPERATURE IN F:       :PCPN:    SNOW:  WIND      :SUNSHINE: SKY     :PK WND
================================================================================
1   2   3   4   5  6A  6B    7    8   9   10  11  12  13   14  15   16   17  18
                                     12Z  AVG MX 2MIN
DY MAX MIN AVG DEP HDD CDD  WTR  SNW DPTH SPD SPD DIR MIN PSBL S-S WX    SPD DR
================================================================================

 1  54  33  44   0  21   0 0.24  0.0    0  1.6  8 110   M    M   7 1      11 110
 2  52  43  48   4  17   0 1.44    M    0  3.9  9 350   M    M  10 1      13 110
 3  68  52  60  16   5   0 1.12  0.0    0  7.4 17 250   M    M  10 13     29 230
 4  64  44  54  10  11   0 0.58  0.0    0  8.5 18 300   M    M   6 13     25 300
 5  49  34  42  -2  23   0 0.00  0.0    0  6.0 16 340   M    M   3 8      24 330
 6  54  30  42  -2  23   0 0.00  0.0    0  3.5 15 290   M    M   0        21 290
 7  40  16  28 -16  37   0 0.00  0.0    0 11.1 22 320   M    M   2        33 320
 8  35  11  23 -21  42   0 0.00  0.0    0  4.5 13 350   M    M   0        21 350
 9  40  21  31 -13  34   0 0.00  0.0    0  3.0 13 360   M    M   0        19 350
10  48  23  36  -8  29   0 0.00  0.0    0  3.5 13 360   M    M   0        18 360
11  53  35  44   0  21   0    T  0.0    0  4.6 10 110   M    M   9        14 100
12  53  46  50   6  15   0 0.06  0.0    0  1.8  7 360   M    M  10 12     11  10
13  51  38  45   1  20   0 0.00  0.0    0  6.4 13 340   M    M  10 18     17 340
14  45  37  41  -3  24   0 0.00  0.0    0  3.9  8 320   M    M   9 18     11 340
15  41  34  38  -6  27   0 0.01  0.0    0  2.9  9 330   M    M   8 18     13 330
16  56  30  43  -1  22   0 0.00  0.0    0  2.3  9 330   M    M   0 18     13  10
17  63  32  48   4  17   0 0.00  0.0    0  3.6 15 170   M    M   0        19 180
18  62  36  49   5  16   0 0.00  0.0    0  4.6 16 310   M    M   2        24 290
19  68  31  50   6  15   0 0.00  0.0    0  3.9 14 210   M    M   0        21 200
20  66  38  52   8  13   0 0.00  0.0    0  2.5 12 190   M    M   0        16 200
21  65  40  53   9  12   0 0.00  0.0    0  3.4 13 320   M    M   0        17 340
22  54  41  48   4  17   0 0.57  0.0    0  4.6 12  50   M    M   7 1      18  40
23  50  42  46   2  19   0 0.72  0.0    0  6.6 15 310   M    M  10 1      20 320
24  50  34  42  -3  23   0 0.01  0.0    0  6.6 17 310   M    M   4 18     25 310
25  62  31  47   2  18   0 0.07  0.0    0  6.0 25 300   M    M   3 3      35 310
26  48  36  42  -3  23   0 0.00  0.0    0  7.5 17 320   M    M   6        26 310
================================================================================
SM 1391  888       544   0  4.82     0.0 124.2          M      116
================================================================================
AV 53.5 34.2                               4.8 FASTST   M    M   4    MAX(MPH)
                                 MISC ---->  # 25 300               # 35  310
================================================================================
NOTES:
# LAST OF SEVERAL OCCURRENCES

COLUMN 17 PEAK WIND IN M.P.H.

PRELIMINARY LOCAL CLIMATOLOGICAL DATA (WS FORM: F-6) , PAGE 2

                                          STATION:  SHELBY COUNTY AIRPORT
                                          MONTH:    JANUARY
                                          YEAR:     2015
                                          LATITUDE:   33 10 N
                                          LONGITUDE:  86 47 W

[TEMPERATURE DATA]      [PRECIPITATION DATA]       SYMBOLS USED IN COLUMN 16

AVERAGE MONTHLY: 43.8   TOTAL FOR MONTH:   4.82    1 = FOG OR MIST
DPTR FM NORMAL:  -0.3   DPTR FM NORMAL:    0.45    2 = FOG REDUCING VISIBILITY
HIGHEST:    68 ON 19, 3 GRTST 24HR  1.70 ON  3- 4      TO 1/4 MILE OR LESS
LOWEST:     11 ON  8                               3 = THUNDER
                        SNOW, ICE PELLETS, HAIL    4 = ICE PELLETS
                        TOTAL MONTH:   0.0 INCH    5 = HAIL
                        GRTST 24HR     0.0         6 = FREEZING RAIN OR DRIZZLE
                        GRTST DEPTH:   0           7 = DUSTSTORM OR SANDSTORM:
                                                       VSBY 1/2 MILE OR LESS
                                                   8 = SMOKE OR HAZE
[NO. OF DAYS WITH]      [WEATHER - DAYS WITH]      9 = BLOWING SNOW
                                                   X = TORNADO
MAX 32 OR BELOW:   0    0.01 INCH OR MORE:  10
MAX 90 OR ABOVE:   0    0.10 INCH OR MORE:   6
MIN 32 OR BELOW:   9    0.50 INCH OR MORE:   5
MIN  0 OR BELOW:   0    1.00 INCH OR MORE:   2

[HDD (BASE 65) ]
TOTAL THIS MO.   544    CLEAR  (SCALE 0-3)  13
DPTR FM NORMAL     2    PTCLDY (SCALE 4-7)   6
TOTAL FM JUL 1  1513    CLOUDY (SCALE 8-10)  7
DPTR FM NORMAL   -49

[CDD (BASE 65) ]
TOTAL THIS MO.     0
DPTR FM NORMAL     0    [PRESSURE DATA]
TOTAL FM JAN 1     0    HIGHEST SLP M ON M
DPTR FM NORMAL     0    LOWEST  SLP 29.73 ON 25

[REMARKS]
