000
CXUS56 KEKA 281230
CF6EKA
PRELIMINARY LOCAL CLIMATOLOGICAL DATA (WS FORM: F-6)

                                          STATION:   EUREKA CA
                                          MONTH:     AUGUST
                                          YEAR:      2015
                                          LATITUDE:   40 47 N
                                          LONGITUDE: 124 10 W

  TEMPERATURE IN F:       :PCPN:    SNOW:  WIND      :SUNSHINE: SKY     :PK WND
================================================================================
1   2   3   4   5  6A  6B    7    8   9   10  11  12  13   14  15   16   17  18
                                     12Z  AVG MX 2MIN
DY MAX MIN AVG DEP HDD CDD  WTR  SNW DPTH SPD SPD DIR MIN PSBL S-S WX    SPD DR
================================================================================

 1  70  58  64   6   1   0 0.01  0.0    0  2.9  8  20   M    M   9 3      13  M
 2  66  59  63   5   2   0    T  0.0    0  1.6  5 320   M    M  10         7  M
 3  65  58  62   4   3   0    T  0.0    0  1.3  6 330   M    M  10 1       7  M
 4  65  58  62   4   3   0 0.00  0.0    0  3.0 12 290   M    M  10        13  M
 5  68  55  62   3   3   0    T  0.0    0  4.2 14 300   M    M   3        14  M
 6  66  52  59   0   6   0 0.00  0.0    0  2.1  7 330   M    M  10         7  M
 7  64  53  59   0   6   0 0.00  0.0    0  3.4 12 270   M    M  10 1      16 230
 8  69  56  63   4   2   0 0.02  0.0    0  2.5 12 360   M    M   5 1      12  M
 9  68  56  62   3   3   0 0.00  0.0    0  2.1  9 340   M    M   5 1      10  M
10  72  54  63   4   2   0    T  0.0    0  1.8  6 290   M    M   9 2      10  M
11  70  57  64   5   1   0    T  0.0    0  3.7 13 360   M    M   9 1      13  M
12  68  56  62   3   3   0 0.00  0.0    0  2.8 12 290   M    M   6        12  M
13  67  53  60   1   5   0 0.00  0.0    0  2.1  8 330   M    M   3        10  M
14  69  58  64   5   1   0 0.00  0.0    0  6.0 12 360   M    M   5        16  M
15  69  57  63   4   2   0 0.00  0.0    0  3.4 12  30   M    M   5 18     16  M
16  68  52  60   1   5   0 0.00  0.0    0  2.5  9 340   M    M   3 18     12  M
17  64  52  58  -1   7   0 0.00  0.0    0  1.5  7 310   M    M   5 1       7  M
18  62  53  58  -1   7   0 0.00  0.0    0  1.5  7  10   M    M  10 18      7  M
19  63  56  60   1   5   0    T  0.0    0  1.7  9 340   M    M  10 1       5  M
20  66  55  61   2   4   0 0.00  0.0    0  2.7  9  20   M    M   6 1      10  M
21  65  55  60   1   5   0 0.00  0.0    0  3.4  8 330   M    M   6         8  M
22  63  52  58  -1   7   0 0.00  0.0    0  3.4 10 290   M    M  10 1      10  M
23  64  56  60   1   5   0 0.01  0.0    0  2.3 10 280   M    M   0 1       M  M
24  64  57  61   2   4   0 0.01  0.0    0  2.0  8 290   M    M  10 1       8  M
25  63  55  59   0   6   0 0.00  0.0    0  1.7  9 300   M    M   8 1       9  M
26  66  55  61   2   4   0 0.00  0.0    0  2.1  9 290   M    M   6 1      10  M
27  72  53  63   4   2   0 0.00  0.0    0  2.4  9 290   M    M   8 1       9 290
================================================================================
SM 1796 1491       104   0  0.05     0.0  70.1          M      191
================================================================================
AV 66.5 55.2                               2.6 FASTST   M    M   7    MAX(MPH)
                                 MISC ---->    14   M               # 16  230
================================================================================
NOTES:
# LAST OF SEVERAL OCCURRENCES

COLUMN 17 PEAK WIND IN M.P.H.

PRELIMINARY LOCAL CLIMATOLOGICAL DATA (WS FORM: F-6) , PAGE 2

                                          STATION:  EUREKA CA
                                          MONTH:    AUGUST
                                          YEAR:     2015
                                          LATITUDE:   40 47 N
                                          LONGITUDE: 124 10 W

[TEMPERATURE DATA]      [PRECIPITATION DATA]       SYMBOLS USED IN COLUMN 16

AVERAGE MONTHLY: 60.9   TOTAL FOR MONTH:   0.05    1 = FOG OR MIST
DPTR FM NORMAL:   2.0   DPTR FM NORMAL:   -0.20    2 = FOG REDUCING VISIBILITY
HIGHEST:    72 ON 27,10 GRTST 24HR  0.02 ON  8- 8      TO 1/4 MILE OR LESS
LOWEST:     52 ON 22,17                            3 = THUNDER
                        SNOW, ICE PELLETS, HAIL    4 = ICE PELLETS
                        TOTAL MONTH:   0.0 INCH    5 = HAIL
                        GRTST 24HR     0.0         6 = FREEZING RAIN OR DRIZZLE
                        GRTST DEPTH:   0           7 = DUSTSTORM OR SANDSTORM:
                                                       VSBY 1/2 MILE OR LESS
                                                   8 = SMOKE OR HAZE
[NO. OF DAYS WITH]      [WEATHER - DAYS WITH]      9 = BLOWING SNOW
                                                   X = TORNADO
MAX 32 OR BELOW:   0    0.01 INCH OR MORE:   4
MAX 90 OR ABOVE:   0    0.10 INCH OR MORE:   0
MIN 32 OR BELOW:   0    0.50 INCH OR MORE:   0
MIN  0 OR BELOW:   0    1.00 INCH OR MORE:   0

[HDD (BASE 65) ]
TOTAL THIS MO.   104    CLEAR  (SCALE 0-3)   4
DPTR FM NORMAL   -65    PTCLDY (SCALE 4-7)  11
TOTAL FM JUL 1   221    CLOUDY (SCALE 8-10) 12
DPTR FM NORMAL  -174

[CDD (BASE 65) ]
TOTAL THIS MO.     0
DPTR FM NORMAL     0    [PRESSURE DATA]
TOTAL FM JAN 1     1    HIGHEST SLP M ON M
DPTR FM NORMAL     1    LOWEST  SLP M ON M

[REMARKS]
