000
CXUS51 KRLX 261135
CF6EKN
PRELIMINARY LOCAL CLIMATOLOGICAL DATA (WS FORM: F-6)

                                          STATION:   ELKINS WV
                                          MONTH:     SEPTEMBER
                                          YEAR:      2016
                                          LATITUDE:   38 52 N
                                          LONGITUDE:  79 51 W

  TEMPERATURE IN F:       :PCPN:    SNOW:  WIND      :SUNSHINE: SKY     :PK WND
================================================================================
1   2   3   4   5  6A  6B    7    8   9   10  11  12  13   14  15   16   17  18
                                     12Z  AVG MX 2MIN
DY MAX MIN AVG DEP HDD CDD  WTR  SNW DPTH SPD SPD DIR MIN PSBL S-S WX    SPD DR
================================================================================

 1  77  53  65  -2   0   0 0.03  0.0    0  3.7 14 360   M    M   6 18     20 350
 2  77  51  64  -3   1   0 0.00  0.0    0  1.2  9 360   M    M   4 12     12 360
 3  79  46  63  -3   2   0 0.00  0.0    0  1.7 12  10   M    M   3 12     17 360
 4  81  53  67   1   0   2 0.00  0.0    0  2.0  9 320   M    M   1        15 240
 5  84  49  67   1   0   2 0.00  0.0    0  1.9 10 300   M    M   2 12     15 290
 6  86  51  69   3   0   4 0.00  0.0    0  2.5 14 290   M    M   5 12     20 280
 7  87  66  77  12   0  12 0.00  0.0    0  3.2 13 250   M    M   7        20 290
 8  88  63  76  11   0  11 0.00  0.0    0  3.7 15 270   M    M   1 1      22 270
 9  89  63  76  11   0  11    T  0.0    0  2.9 20 250   M    M   5 1      24 250
10  90  63  77  13   0  12 0.00  0.0    0  3.9 16 220   M    M   3 12     21 240
11  75  51  63  -1   2   0 0.08  0.0    0  4.4 13 280   M    M   4 1      18 270
12  83  49  66   2   0   1 0.00  0.0    0  1.5 12 150   M    M   4 12     14 150
13  87  52  70   7   0   5 0.00  0.0    0  3.5 15 220   M    M   1 1      22 210
14  86  53  70   7   0   5 0.00  0.0    0  2.5 14 320   M    M   3 12     18 320
15  83  57  70   7   0   5 0.00  0.0    0  2.5 14 340   M    M   5 12     17 330
16  81  54  68   6   0   3 0.00  0.0    0  4.4 14 180   M    M   6 12     19 180
17  85  63  74  12   0   9 0.00  0.0    0  6.6 16 150   M    M   3        22 150
18  78  64  71   9   0   6 0.19  0.0    0  2.9 10 150   M    M   7 1      13 170
19  77  58  68   7   0   3 0.07  0.0    0  1.5 10 360   M    M   6 12     15 350
20  84  53  69   8   0   4 0.00  0.0    0  2.4 13 320   M    M   5 12     19 350
21  86  51  69   9   0   4 0.00  0.0    0  1.3 14 140   M    M   4 12     19 140
22  88  50  69   9   0   4 0.00  0.0    0  2.1 12 310   M    M   1 12     15 300
23  86  51  69   9   0   4 0.00  0.0    0  1.6 12 350   M    M   2 128    17 360
24  82  53  68   9   0   3 0.00  0.0    0  3.3 14 340   M    M   5 12     19 350
25  83  50  67   8   0   2 0.00  0.0    0  1.7 12 290   M    M   4 18     16 300
================================================================================
SM 2082 1367         5 112  0.37     0.0  68.9          M       97
================================================================================
AV 83.3 54.7                               2.8 FASTST   M    M   4    MAX(MPH)
                                 MISC ---->  # 20 250               # 24  250
================================================================================
NOTES:
# LAST OF SEVERAL OCCURRENCES

COLUMN 17 PEAK WIND IN M.P.H.

PRELIMINARY LOCAL CLIMATOLOGICAL DATA (WS FORM: F-6) , PAGE 2

                                          STATION:  ELKINS WV
                                          MONTH:    SEPTEMBER
                                          YEAR:     2016
                                          LATITUDE:   38 52 N
                                          LONGITUDE:  79 51 W

[TEMPERATURE DATA]      [PRECIPITATION DATA]       SYMBOLS USED IN COLUMN 16

AVERAGE MONTHLY: 69.0   TOTAL FOR MONTH:   0.37    1 = FOG OR MIST
DPTR FM NORMAL:   5.8   DPTR FM NORMAL:   -2.69    2 = FOG REDUCING VISIBILITY
HIGHEST:    90 ON 10    GRTST 24HR  0.26 ON 18-19      TO 1/4 MILE OR LESS
LOWEST:     46 ON  3                               3 = THUNDER
                        SNOW, ICE PELLETS, HAIL    4 = ICE PELLETS
                        TOTAL MONTH:   0.0 INCH    5 = HAIL
                        GRTST 24HR     0.0         6 = FREEZING RAIN OR DRIZZLE
                        GRTST DEPTH:   0           7 = DUSTSTORM OR SANDSTORM:
                                                       VSBY 1/2 MILE OR LESS
                                                   8 = SMOKE OR HAZE
[NO. OF DAYS WITH]      [WEATHER - DAYS WITH]      9 = BLOWING SNOW
                                                   X = TORNADO
MAX 32 OR BELOW:   0    0.01 INCH OR MORE:   4
MAX 90 OR ABOVE:   1    0.10 INCH OR MORE:   1
MIN 32 OR BELOW:   0    0.50 INCH OR MORE:   0
MIN  0 OR BELOW:   0    1.00 INCH OR MORE:   0

[HDD (BASE 65) ]
TOTAL THIS MO.     5    CLEAR  (SCALE 0-3)  10
DPTR FM NORMAL   -85    PTCLDY (SCALE 4-7)  15
TOTAL FM JUL 1     5    CLOUDY (SCALE 8-10)  0
DPTR FM NORMAL  -115

[CDD (BASE 65) ]
TOTAL THIS MO.   112
DPTR FM NORMAL    69    [PRESSURE DATA]
TOTAL FM JAN 1   801    HIGHEST SLP M ON M
DPTR FM NORMAL   332    LOWEST  SLP 29.85 ON 10

[REMARKS]
