000
CXUS54 KSHV 211300
CF6ELD
PRELIMINARY LOCAL CLIMATOLOGICAL DATA (WS FORM: F-6)

                                          STATION:   EL DORADO
                                          MONTH:     SEPTEMBER
                                          YEAR:      2014
                                          LATITUDE:   33 13 N
                                          LONGITUDE:  92 49 W

  TEMPERATURE IN F:       :PCPN:    SNOW:  WIND      :SUNSHINE: SKY     :PK WND
================================================================================
1   2   3   4   5  6A  6B    7    8   9   10  11  12  13   14  15   16   17  18
                                     12Z  AVG MX 2MIN
DY MAX MIN AVG DEP HDD CDD  WTR  SNW DPTH SPD SPD DIR MIN PSBL S-S WX    SPD DR
================================================================================

 1  90  72  81   2   0  16 0.03  0.0    0  6.1 17 170   M    M   3 1      25 150
 2  86  71  79   0   0  14 0.30  0.0    0  5.0 15 290   M    M   6 13     19 280
 3  88  71  80   1   0  15 0.00  0.0    0  3.1  9 220   M    M   6 12     15 210
 4  91  71  81   3   0  16 0.00  0.0    0  2.1  9 150   M    M   0 1      13 210
 5  94  71  83   5   0  18 0.00  0.0    0  2.8 18 120   M    M   2 13     24 130
 6  92  69  81   3   0  16 0.44  0.0    0  4.5 23  50   M    M   3 138    31  40
 7  84  68  76  -2   0  11 0.00  0.0    0  4.2 10  20   M    M   6        14  50
 8  90  68  79   2   0  14 0.00  0.0    0  1.9  8  40   M    M   1 1      11  40
 9  91  70  81   4   0  16 0.00  0.0    0  3.4 10 210   M    M   1 1      12 160
10  90  74  82   5   0  17 0.00  0.0    0  7.4 17 190   M    M   2 18     24 190
11  91  73  82   6   0  17 0.00  0.0    0  6.7 15 350   M    M   2        19 340
12  78  62  70  -6   0   5 0.00  0.0    0  9.1 14  10   M    M  10 1      20  10
13  67  57  62 -14   3   0    T  0.0    0  8.1 15  30   M    M   8 1      22  10
14  81  56  69  -6   0   4 0.00  0.0    0  3.6 12  50   M    M   1        14  30
15  82  61  72  -3   0   7 0.00  0.0    0  2.9  8  40   M    M   0        11  40
16  87  68  78   3   0  13    T  0.0    0  1.5  7  40   M    M   1 1       9  20
17  90  67  79   5   0  14 0.00  0.0    0  1.9  8 160   M    M   3 128    11 160
18  87  70  79   5   0  14    T  0.0    0  2.7  9 200   M    M   2 1      12 190
19  85  67  76   2   0  11 0.00  0.0    0  3.5 10  50   M    M   5 1      15 100
20  92  65  79   6   0  14 0.00  0.0    0  1.4 10  60   M    M   1 1      12  50
================================================================================
SM 1736 1351         3 252  0.77     0.0  81.9          M       63
================================================================================
AV 86.8 67.6                               4.1 FASTST   M    M   3    MAX(MPH)
                                 MISC ---->  # 23  50               # 31   40
================================================================================
NOTES:
# LAST OF SEVERAL OCCURRENCES

COLUMN 17 PEAK WIND IN M.P.H.

PRELIMINARY LOCAL CLIMATOLOGICAL DATA (WS FORM: F-6) , PAGE 2

                                          STATION:  EL DORADO
                                          MONTH:    SEPTEMBER
                                          YEAR:     2014
                                          LATITUDE:   33 13 N
                                          LONGITUDE:  92 49 W

[TEMPERATURE DATA]      [PRECIPITATION DATA]       SYMBOLS USED IN COLUMN 16

AVERAGE MONTHLY: 77.2   TOTAL FOR MONTH:   0.77    1 = FOG OR MIST
DPTR FM NORMAL:   0.8   DPTR FM NORMAL:   -1.22    2 = FOG REDUCING VISIBILITY
HIGHEST:    94 ON  5    GRTST 24HR  0.44 ON  6- 6      TO 1/4 MILE OR LESS
LOWEST:     56 ON 14                               3 = THUNDER
                        SNOW, ICE PELLETS, HAIL    4 = ICE PELLETS
                        TOTAL MONTH:   0.0 INCH    5 = HAIL
                        GRTST 24HR     0.0         6 = FREEZING RAIN OR DRIZZLE
                        GRTST DEPTH:   0           7 = DUSTSTORM OR SANDSTORM:
                                                       VSBY 1/2 MILE OR LESS
                                                   8 = SMOKE OR HAZE
[NO. OF DAYS WITH]      [WEATHER - DAYS WITH]      9 = BLOWING SNOW
                                                   X = TORNADO
MAX 32 OR BELOW:   0    0.01 INCH OR MORE:   3
MAX 90 OR ABOVE:  10    0.10 INCH OR MORE:   2
MIN 32 OR BELOW:   0    0.50 INCH OR MORE:   0
MIN  0 OR BELOW:   0    1.00 INCH OR MORE:   0

[HDD (BASE 65) ]
TOTAL THIS MO.     3    CLEAR  (SCALE 0-3)  14
DPTR FM NORMAL     2    PTCLDY (SCALE 4-7)   4
TOTAL FM JUL 1     3    CLOUDY (SCALE 8-10)  2
DPTR FM NORMAL     2

[CDD (BASE 65) ]
TOTAL THIS MO.   252
DPTR FM NORMAL    21    [PRESSURE DATA]
TOTAL FM JAN 1  1700    HIGHEST SLP M ON M
DPTR FM NORMAL  -258    LOWEST  SLP 29.79 ON 10

[REMARKS]
