000
CXUS53 KTOP 220200
CF6EMP
PRELIMINARY LOCAL CLIMATOLOGICAL DATA (WS FORM: F-6)

                                          STATION:   Emporia KS
                                          MONTH:     DECEMBER
                                          YEAR:      2014
                                          LATITUDE:   38 19 N
                                          LONGITUDE:  96 12 W

  TEMPERATURE IN F:       :PCPN:    SNOW:  WIND      :SUNSHINE: SKY     :PK WND
================================================================================
1   2   3   4   5  6A  6B    7    8   9   10  11  12  13   14  15   16   17  18
                                     12Z  AVG MX 2MIN
DY MAX MIN AVG DEP HDD CDD  WTR  SNW DPTH SPD SPD DIR MIN PSBL S-S WX    SPD DR
================================================================================

 1  30  16  23 -14  42   0 0.00    M    M 11.1 22  10   M    M   1        27  30
 2  42  17  30  -7  35   0 0.00    M    M  9.2 22 190   M    M   2        27 180
 3  45  21  33  -3  32   0 0.00    M    M  6.0 16  80   M    M   0        19  80
 4  47  33  40   4  25   0 0.05    M    M  6.7 13 150   M    M  10 12     16 140
 5  48  43  46  10  19   0 0.82    M    M  7.0 16 330   M    M  10 12     20 330
 6  43  35  39   4  26   0 0.00    M    M  7.7 13  90   M    M  10 1      16 350
 7  44  35  40   5  25   0    T    M    M  9.8 22 160   M    M  10 12     26 160
 8  56  37  47  12  18   0 0.00    M    M  7.1 15 350   M    M   4 1      24 350
 9  43  25  34   0  31   0 0.00    M    M  7.9 15  10   M    M   0 1      19  10
10  35  23  29  -5  36   0    T    M    M  6.4 12 130   M    M   8 1      13 130
11  41  34  38   4  27   0 0.00    M    M  5.2 10  80   M    M  10 1      12  80
12  51  41  46  13  19   0 0.00    M    M  7.6 15 170   M    M  10 18     18 170
13  54  47  51  18  14   0 0.00    M    M 12.9 22 170   M    M  10 12     27 170
14  59  47  53  20  12   0 0.64    M    M 14.8 33 200   M    M  10 138    39 200
15  53  32  43  10  22   0    T    M    M 19.7 30 300   M    M   9        41 300
16  36  22  29  -3  36   0 0.00    M    M 12.8 29 310   M    M   5        37 330
17  29  21  25  -7  40   0    T    M    M  6.3 13  80   M    M   8 1      14  80
18  32  27  30  -2  35   0    T    M    M  3.8  9  40   M    M  10 1      11  80
19  33  27  30  -2  35   0 0.00    M    M  3.1  9 220   M    M  10 1      26 210
20  50  30  40   8  25   0 0.00    M    M 10.6 20 200   M    M   4 1      23 190
================================================================================
SM  871  613       554   0  1.51    M    175.7          M      141
================================================================================
AV 43.5 30.6                               8.8 FASTST   M    M   7    MAX(MPH)
                                 MISC ---->  # 33 200               # 41  300
================================================================================
NOTES:
# LAST OF SEVERAL OCCURRENCES

COLUMN 17 PEAK WIND IN M.P.H.

PRELIMINARY LOCAL CLIMATOLOGICAL DATA (WS FORM: F-6) , PAGE 2

                                          STATION:  Emporia KS
                                          MONTH:    DECEMBER
                                          YEAR:     2014
                                          LATITUDE:   38 19 N
                                          LONGITUDE:  96 12 W

[TEMPERATURE DATA]      [PRECIPITATION DATA]       SYMBOLS USED IN COLUMN 16

AVERAGE MONTHLY: 37.1   TOTAL FOR MONTH:   1.51    1 = FOG OR MIST
DPTR FM NORMAL:   3.0   DPTR FM NORMAL:    0.53    2 = FOG REDUCING VISIBILITY
HIGHEST:    59 ON 14    GRTST 24HR  0.87 ON  4- 5      TO 1/4 MILE OR LESS
LOWEST:     16 ON  1                               3 = THUNDER
                        SNOW, ICE PELLETS, HAIL    4 = ICE PELLETS
                        TOTAL MONTH:    M          5 = HAIL
                        GRTST 24HR    M  ON   M    6 = FREEZING RAIN OR DRIZZLE
                        GRTST DEPTH:  M  ON   M    7 = DUSTSTORM OR SANDSTORM:
                                                       VSBY 1/2 MILE OR LESS
                                                   8 = SMOKE OR HAZE
[NO. OF DAYS WITH]      [WEATHER - DAYS WITH]      9 = BLOWING SNOW
                                                   X = TORNADO
MAX 32 OR BELOW:   3    0.01 INCH OR MORE:   3
MAX 90 OR ABOVE:   0    0.10 INCH OR MORE:   2
MIN 32 OR BELOW:  11    0.50 INCH OR MORE:   2
MIN  0 OR BELOW:   0    1.00 INCH OR MORE:   0

[HDD (BASE 65) ]
TOTAL THIS MO.   554    CLEAR  (SCALE 0-3)   4
DPTR FM NORMAL   -65    PTCLDY (SCALE 4-7)   4
TOTAL FM JUL 1  1604    CLOUDY (SCALE 8-10) 12
DPTR FM NORMAL    45

[CDD (BASE 65) ]
TOTAL THIS MO.     0
DPTR FM NORMAL     0    [PRESSURE DATA]
TOTAL FM JAN 1  1380    HIGHEST SLP M ON M
DPTR FM NORMAL   -23    LOWEST  SLP 29.52 ON 15

[REMARKS]
