230
CXUS53 KTOP 230800
CF6EMP
PRELIMINARY LOCAL CLIMATOLOGICAL DATA (WS FORM: F-6)

                                          STATION:   Emporia KS
                                          MONTH:     OCTOBER
                                          YEAR:      2017
                                          LATITUDE:   38 19 N
                                          LONGITUDE:  96 12 W

  TEMPERATURE IN F:       :PCPN:    SNOW:  WIND      :SUNSHINE: SKY     :PK WND
================================================================================
1   2   3   4   5  6A  6B    7    8   9   10  11  12  13   14  15   16   17  18
                                     12Z  AVG MX 2MIN
DY MAX MIN AVG DEP HDD CDD  WTR  SNW DPTH SPD SPD DIR MIN PSBL S-S WX    SPD DR
================================================================================

 1  80  61  71   9   0   6 0.00    M    M 15.5 25 170   M    M   3        31 170
 2  85  63  74  12   0   9 0.00    M    M 17.4 31 180   M    M   1        39 170
 3  83  68  76  14   0  11 0.00    M    M 12.2 25 200   M    M   6        34 190
 4  72  61  67   6   0   2 0.29    M    M  8.3 15  30   M    M  10 1      20  40
 5  78  66  72  11   0   7 0.19    M    M 10.8 17 190   M    M   9 1      22 190
 6  82  65  74  13   0   9 0.18    M    M 17.3 30 180   M    M   5 138    39 180
 7  77  53  65   5   0   0 0.13    M    M 10.1 20 270   M    M   2 1      31 270
 8  80  51  66   6   0   1 0.00    M    M  9.2 18 180   M    M   0        25 190
 9  81  50  66   7   0   1 1.01    M    M 12.2 24  70   M    M   5 13     30  60
10  50  40  45 -14  20   0 0.36    M    M 11.7 22 340   M    M   9 13     33  10
11  66  37  52  -7  13   0 0.00    M    M  5.3 12 150   M    M   1 1      22 140
12  78  47  63   5   2   0 0.00    M    M 13.6 24 170   M    M   0        32 170
13  86  62  74  16   0   9 0.00    M    M 11.4 22 180   M    M   3        30 170
14  87  53  70  12   0   5 0.36    M    M 15.8 33 200   M    M   6 13     44 190
15  62  40  51  -6  14   0 0.00    M    M  9.9 29 340   M    M   1 8      38 350
16  70  37  54  -3  11   0 0.00    M    M  7.5 17 200   M    M   0 18     23 200
17  75  43  59   2   6   0 0.00    M    M 13.3 25 190   M    M   0        32 190
18  77  49  63   7   2   0 0.00    M    M 14.5 24 190   M    M   0        33 190
19  81  49  65   9   0   0 0.00    M    M 11.9 20 170   M    M   0        26 170
20  76  55  66  10   0   1 0.00    M    M 20.4 32 170   M    M   0        43 160
21  77  51  64   9   1   0 1.15    M    M 17.8 33 170   M    M   8 13     44 170
22  68  43  56   1   9   0    T    M    M  6.8 14 320   M    M   0 1      20 290
================================================================================
SM 1671 1144        78  61  3.67    M    272.9          M       69
================================================================================
AV 76.0 52.0                              12.4 FASTST   M    M   3    MAX(MPH)
                                 MISC ---->  # 33 200               # 44  190
================================================================================
NOTES:
# LAST OF SEVERAL OCCURRENCES

COLUMN 17 PEAK WIND IN M.P.H.

PRELIMINARY LOCAL CLIMATOLOGICAL DATA (WS FORM: F-6) , PAGE 2

                                          STATION:  Emporia KS
                                          MONTH:    OCTOBER
                                          YEAR:     2017
                                          LATITUDE:   38 19 N
                                          LONGITUDE:  96 12 W

[TEMPERATURE DATA]      [PRECIPITATION DATA]       SYMBOLS USED IN COLUMN 16

AVERAGE MONTHLY: 64.0   TOTAL FOR MONTH:   3.67    1 = FOG OR MIST
DPTR FM NORMAL:   5.4   DPTR FM NORMAL:    1.51    2 = FOG REDUCING VISIBILITY
HIGHEST:    87 ON 14    GRTST 24HR  1.15 ON 21-21      TO 1/4 MILE OR LESS
LOWEST:     37 ON 16,11                            3 = THUNDER
                        SNOW, ICE PELLETS, HAIL    4 = ICE PELLETS
                        TOTAL MONTH:    M          5 = HAIL
                        GRTST 24HR    M  ON   M    6 = FREEZING RAIN OR DRIZZLE
                        GRTST DEPTH:  M  ON   M    7 = DUSTSTORM OR SANDSTORM:
                                                       VSBY 1/2 MILE OR LESS
                                                   8 = SMOKE OR HAZE
[NO. OF DAYS WITH]      [WEATHER - DAYS WITH]      9 = BLOWING SNOW
                                                   X = TORNADO
MAX 32 OR BELOW:   0    0.01 INCH OR MORE:   8
MAX 90 OR ABOVE:   0    0.10 INCH OR MORE:   8
MIN 32 OR BELOW:   0    0.50 INCH OR MORE:   2
MIN  0 OR BELOW:   0    1.00 INCH OR MORE:   2

[HDD (BASE 65) ]
TOTAL THIS MO.    78    CLEAR  (SCALE 0-3)  12
DPTR FM NORMAL   -89    PTCLDY (SCALE 4-7)   7
TOTAL FM JUL 1    92    CLOUDY (SCALE 8-10)  3
DPTR FM NORMAL  -125

[CDD (BASE 65) ]
TOTAL THIS MO.    61
DPTR FM NORMAL    32    [PRESSURE DATA]
TOTAL FM JAN 1  1355    HIGHEST SLP M ON M
DPTR FM NORMAL   -47    LOWEST  SLP 29.42 ON  7

[REMARKS]
