000
CXUS53 KMKX 300648
CF6ENW
PRELIMINARY LOCAL CLIMATOLOGICAL DATA (WS FORM: F-6)

                                          STATION:   KENOSHA WI
                                          MONTH:     SEPTEMBER
                                          YEAR:      2016
                                          LATITUDE:   42 35 N
                                          LONGITUDE:  87 56 W

  TEMPERATURE IN F:       :PCPN:    SNOW:  WIND      :SUNSHINE: SKY     :PK WND
================================================================================
1   2   3   4   5  6A  6B    7    8   9   10  11  12  13   14  15   16   17  18
                                     12Z  AVG MX 2MIN
DY MAX MIN AVG DEP HDD CDD  WTR  SNW DPTH SPD SPD DIR MIN PSBL S-S WX    SPD DR
================================================================================

 1  72  60  66  -1   0   1 0.00    M    M  9.3 18  30   M    M   4        26  50
 2  73  54  64  -3   1   0 0.00  0.0    0  6.7 14  80   M    M   1        21  90
 3  75  50  63  -3   2   0 0.00  0.0    0  3.8 12 110   M    M   1 1      17 150
 4  78  51  65  -1   0   0 0.00  0.0    0  6.9 18 160   M    M   1 12     22 150
 5  87  64  76  10   0  11 0.00  0.0    0 10.2 21 200   M    M   1        27 210
 6  92  74  83  18   0  18 0.00  0.0    0 10.0 20 220   M    M   1        28 210
 7  87  69  78  13   0  13 0.86  0.0    M  7.6 23 280   M    M   7 13     33 300
 8  82  61  72   7   0   7 0.01  0.0    0  8.1 16 260   M    M   5 1      21 240
 9  81  56  69   5   0   4 0.00  0.0    0  5.2 14 150   M    M   2        18 150
10  73  54  64   0   1   0 0.06    M    M  9.6 24 310   M    M   5 1      33 310
11  75  49  62  -2   3   0 0.00    M    M  6.4 13 140   M    M   0 1      16 260
12  78  55  67   4   0   2 0.00  0.0    0  8.7 17 170   M    M   0        23 200
13  79  64  72   9   0   7 0.00  0.0    0  7.9 15 260   M    M   4        19 260
14  72  55  64   1   1   0 0.06  0.0    0  6.0 14 100   M    M   5 1      18  70
15  74  52  63   1   2   0 0.00  0.0    0  7.4 15 120   M    M   1 1      20 170
16  84  67  76  14   0  11 0.24    M    M 11.5 26 260   M    M   4 18     41 260
17  81  57  69   8   0   4 0.03    M    M  8.6 24 250   M    M   3 1      29 250
18  79  53  66   5   0   1 0.00    M    M  3.7 12 250   M    M   1 1      14 260
19  87  55  71  10   0   6 0.03    M    M  7.4 22 240   M    M   2 1      29 240
20  79  56  68   8   0   3 0.00  0.0    0  5.5 12 140   M    M   1 1      15 110
21  75  63  69   9   0   4 0.35  0.0    0  6.5 23 200   M    M   2 13     29 160
22  81  64  73  14   0   8    T  0.0    0  4.9 13 240   M    M   5 12     16 200
23  72  64  68   9   0   3 0.00  0.0    0  9.0 16  40   M    M   9 1      20  30
24  70  63  67   8   0   2 0.00  0.0    0 10.0 16  90   M    M   8        19  90
25  79  62  71  13   0   6 0.40  0.0    0 10.2 22 270   M    M   3 138    28 280
26  68  51  60   2   5   0 0.00  0.0    0 14.5 28 270   M    M   0        36 280
27  67  48  58   1   7   0 0.00    M    M 11.9 26 270   M    M   3        35 260
28  64  49  57   0   8   0 0.12    M    M  9.2 25  40   M    M   8 1      34  50
29  64  58  61   4   4   0 0.02    M    M 13.4 24  40   M    M   8 1      32  30
================================================================================
SM 2228 1678        34 111  2.18     0.0 240.1          M       95
================================================================================
AV 76.8 57.9                               8.3 FASTST   M    M   3    MAX(MPH)
                                 MISC ---->  # 28 270               # 41  260
================================================================================
NOTES:
# LAST OF SEVERAL OCCURRENCES

COLUMN 17 PEAK WIND IN M.P.H.

PRELIMINARY LOCAL CLIMATOLOGICAL DATA (WS FORM: F-6) , PAGE 2

                                          STATION:  KENOSHA WI
                                          MONTH:    SEPTEMBER
                                          YEAR:     2016
                                          LATITUDE:   42 35 N
                                          LONGITUDE:  87 56 W

[TEMPERATURE DATA]      [PRECIPITATION DATA]       SYMBOLS USED IN COLUMN 16

AVERAGE MONTHLY: 67.3   TOTAL FOR MONTH:   2.18    1 = FOG OR MIST
DPTR FM NORMAL:   5.3   DPTR FM NORMAL:   -1.09    2 = FOG REDUCING VISIBILITY
HIGHEST:    92 ON  6    GRTST 24HR  0.87 ON  7- 8      TO 1/4 MILE OR LESS
LOWEST:     48 ON 27                               3 = THUNDER
                        SNOW, ICE PELLETS, HAIL    4 = ICE PELLETS
                        TOTAL MONTH:   0.0 INCH    5 = HAIL
                        GRTST 24HR     0.0         6 = FREEZING RAIN OR DRIZZLE
                        GRTST DEPTH:   0           7 = DUSTSTORM OR SANDSTORM:
                                                       VSBY 1/2 MILE OR LESS
                                                   8 = SMOKE OR HAZE
[NO. OF DAYS WITH]      [WEATHER - DAYS WITH]      9 = BLOWING SNOW
                                                   X = TORNADO
MAX 32 OR BELOW:   0    0.01 INCH OR MORE:  11
MAX 90 OR ABOVE:   1    0.10 INCH OR MORE:   5
MIN 32 OR BELOW:   0    0.50 INCH OR MORE:   1
MIN  0 OR BELOW:   0    1.00 INCH OR MORE:   0

[HDD (BASE 65) ]
TOTAL THIS MO.    34    CLEAR  (SCALE 0-3)  15
DPTR FM NORMAL  -101    PTCLDY (SCALE 4-7)  11
TOTAL FM JUL 1    44    CLOUDY (SCALE 8-10)  3
DPTR FM NORMAL  -122

[CDD (BASE 65) ]
TOTAL THIS MO.   111
DPTR FM NORMAL    60    [PRESSURE DATA]
TOTAL FM JAN 1   848    HIGHEST SLP M ON M
DPTR FM NORMAL   310    LOWEST  SLP 29.72 ON 27

[REMARKS]
