000
CXUS56 KOTX 281500
CF6EPH
PRELIMINARY LOCAL CLIMATOLOGICAL DATA (WS FORM: F-6)

                                          STATION:   EPHRATA WA AIRPORT
                                          MONTH:     APRIL
                                          YEAR:      2016
                                          LATITUDE:   47 18 N
                                          LONGITUDE: 119 31 W

  TEMPERATURE IN F:       :PCPN:    SNOW:  WIND      :SUNSHINE: SKY     :PK WND
================================================================================
1   2   3   4   5  6A  6B    7    8   9   10  11  12  13   14  15   16   17  18
                                     12Z  AVG MX 2MIN
DY MAX MIN AVG DEP HDD CDD  WTR  SNW DPTH SPD SPD DIR MIN PSBL S-S WX    SPD DR
================================================================================

 1  73  41  57  10   8   0 0.00    M    M  5.8 15 140   M    M   0        20 150
 2  74  42  58  10   7   0 0.00    M    M  7.4 17 300   M    M   0        24 180
 3  70  42  56   8   9   0 0.00    M    M  5.0 13 140   M    M   0        19 150
 4  60  41  51   3  14   0 0.14    M    M 13.8 29 230   M    M   4 1      34 240
 5  60  35  48   0  17   0 0.00    M    M  7.6 21 270   M    M   1        27 270
 6  67  32  50   2  15   0 0.00    M    M  4.2  9 360   M    M   0        12 110
 7  77  42  60  12   5   0 0.00    M    M  8.4 15  40   M    M   0        19  40
 8  80  49  65  16   0   0    T    M    M  5.7 14 310   M    M   0        18 320
 9  77  55  66  17   0   1    T    M    M  9.4 20 340   M    M   0        23 340
10  74  46  60  11   5   0 0.00    M    M  6.5 16 340   M    M   0        19 350
11  75  40  58   9   7   0 0.00    M    M  7.9 20 200   M    M   0        24 210
12  67  48  58   9   7   0 0.00    M    M  8.3 18 250   M    M   2        22 230
13  61  42  52   2  13   0 0.00    M    M  8.6 20 200   M    M   3        28 170
14  58  44  51   1  14   0 0.11    M    M  8.3 20 230   M    M   6 1      24 230
15  63  36  50   0  15   0 0.00    M    M  5.4 15 160   M    M   2        17 150
16  65  37  51   1  14   0 0.00    M    M  5.4 12 150   M    M   0        14 150
17  75  44  60  10   5   0 0.00    M    M  7.2 13  30   M    M   0        18  70
18  82  49  66  15   0   1 0.00    M    M  6.9 13  40   M    M   0        17  50
19  83  46  65  14   0   0 0.00    M    M  5.2 10  30   0    0   0         M  M
20  86  48  67  16   0   2 0.00    M    M  6.8 13  60   M    M   0        16  30
21  79  50  65  13   0   0 0.00    M    M  6.3 15 210   M    M   0        21 140
22  78  53  66  14   0   1 0.00    M    M  9.5 21 310   M    M   0        26 290
23  73  45  59   7   6   0 0.00    M    M 10.7 22 290   M    M   2        29 300
24  67  46  57   5   8   0 0.00    M    M 12.1 23 300   M    M   4        28 310
25  67  43  55   2  10   0 0.00    M    M 15.8 25 310   M    M   3        34 310
26  67  46  57   4   8   0 0.00    M    M 10.2 23 310   M    M   1        27 310
27  61  46  54   1  11   0    T    M    M  6.5 17 240   M    M   6        20 240
================================================================================
SM 1919 1188       198   5  0.25    M    214.9            0     34
================================================================================
AV 71.1 44.0                               8.0 FASTST    0   0   1    MAX(MPH)
                                 MISC ---->  # 29 230               # 34  240
================================================================================
NOTES:
# LAST OF SEVERAL OCCURRENCES

COLUMN 17 PEAK WIND IN M.P.H.

PRELIMINARY LOCAL CLIMATOLOGICAL DATA (WS FORM: F-6) , PAGE 2

                                          STATION:  EPHRATA WA AIRPORT
                                          MONTH:    APRIL
                                          YEAR:     2016
                                          LATITUDE:   47 18 N
                                          LONGITUDE: 119 31 W

[TEMPERATURE DATA]      [PRECIPITATION DATA]       SYMBOLS USED IN COLUMN 16

AVERAGE MONTHLY: 57.5   TOTAL FOR MONTH:   0.25    1 = FOG OR MIST
DPTR FM NORMAL:   7.5   DPTR FM NORMAL:   -0.19    2 = FOG REDUCING VISIBILITY
HIGHEST:    86 ON 20    GRTST 24HR  0.14 ON  4- 4      TO 1/4 MILE OR LESS
LOWEST:     32 ON  6                               3 = THUNDER
                        SNOW, ICE PELLETS, HAIL    4 = ICE PELLETS
                        TOTAL MONTH:    M          5 = HAIL
                        GRTST 24HR    M  ON   M    6 = FREEZING RAIN OR DRIZZLE
                        GRTST DEPTH:  M  ON   M    7 = DUSTSTORM OR SANDSTORM:
                                                       VSBY 1/2 MILE OR LESS
                                                   8 = SMOKE OR HAZE
[NO. OF DAYS WITH]      [WEATHER - DAYS WITH]      9 = BLOWING SNOW
                                                   X = TORNADO
MAX 32 OR BELOW:   0    0.01 INCH OR MORE:   2
MAX 90 OR ABOVE:   0    0.10 INCH OR MORE:   2
MIN 32 OR BELOW:   1    0.50 INCH OR MORE:   0
MIN  0 OR BELOW:   0    1.00 INCH OR MORE:   0

[HDD (BASE 65) ]
TOTAL THIS MO.   198    CLEAR  (SCALE 0-3)  22
DPTR FM NORMAL  -207    PTCLDY (SCALE 4-7)   5
TOTAL FM JUL 1  4752    CLOUDY (SCALE 8-10)  0
DPTR FM NORMAL  -910

[CDD (BASE 65) ]
TOTAL THIS MO.     5
DPTR FM NORMAL     5    [PRESSURE DATA]
TOTAL FM JAN 1     5    HIGHEST SLP  0.00 ON 19
DPTR FM NORMAL     5    LOWEST  SLP  0.00 ON M

[REMARKS]
