000
CXUS53 KDMX 260920
CF6EST
PRELIMINARY LOCAL CLIMATOLOGICAL DATA (WS FORM: F-6)

                                          STATION:   ESTHERVILLE IA
                                          MONTH:     JUNE
                                          YEAR:      2017
                                          LATITUDE:   43 24 N
                                          LONGITUDE:  94 45 W

  TEMPERATURE IN F:       :PCPN:    SNOW:  WIND      :SUNSHINE: SKY     :PK WND
================================================================================
1   2   3   4   5  6A  6B    7    8   9   10  11  12  13   14  15   16   17  18
                                     12Z  AVG MX 2MIN
DY MAX MIN AVG DEP HDD CDD  WTR  SNW DPTH SPD SPD DIR MIN PSBL S-S WX    SPD DR
================================================================================

 1  81  46  64   0   1   0 0.00  0.0    0  4.8 14 200   M    M   0        18 160
 2  89  56  73   9   0   8 0.00  0.0    0 12.3 22 190   M    M   1        29 180
 3  91  64  78  13   0  13 0.15  0.0    0 13.8 30 250   M    M   1 13     39 240
 4  88  57  73   8   0   8 0.00  0.0    0  8.6 18 300   M    M   0        22 320
 5  82  56  69   4   0   4 0.00  0.0    0 11.2 18  50   M    M   0        23  40
 6  82  53  68   2   0   3 0.00  0.0    0  5.4 14 120   M    M   0        17 110
 7  84  56  70   4   0   5 0.00  0.0    0 11.4 18 200   M    M   2        24 180
 8  87  60  74   8   0   9 0.00  0.0    0  8.7 20 240   M    M   2        27 240
 9  90  56  73   7   0   8 0.00  0.0    0 10.6 23 210   M    M   0        30 210
10  90  71  81  14   0  16 0.00  0.0    0 20.3 37 210   M    M   2        43 200
11  87  72  80  13   0  15 0.00  0.0    0 13.4 26 170   M    M   6        33 190
12  78  62  70   2   0   5 0.61  0.0    0  9.8 38 210   M    M   6 138    51 210
13  90  65  78  10   0  13 0.02  0.0    0 18.4 38 230   M    M   4 38     46 220
14  83  62  73   5   0   8 0.13  0.0    0 12.4 31 230   M    M   1 13     42 230
15  87  59  73   5   0   8 0.00  0.0    0  7.7 18 310   M    M   1        24 250
16  86  60  73   4   0   8 0.05  0.0    0  6.7 22 330   M    M   3 3      28 340
17  78  59  69   0   0   4 0.25  0.0    0  8.0 18 280   M    M   4 1      24 290
18  70  54  62  -7   3   0 0.14  0.0    0 10.9 29 310   M    M   4 13     34 310
19  76  54  65  -4   0   0 0.00  0.0    0 11.2 25 310   M    M   2        30 340
20  78  54  66  -4   0   1 0.00  0.0    0  9.5 20 300   M    M   0        27 300
21  77  56  67  -3   0   2 0.57  0.0    0 11.1 23 160   M    M   3 13     28 170
22  78  57  68  -2   0   3 0.17  0.0    0 10.3 35 360   M    M   6 13     50 330
23  69  51  60 -10   5   0 0.00  0.0    0 14.0 26 300   M    M   3        32 310
24  71  47  59 -11   6   0    T    M    0 13.9 31 300   M    M   2        41 280
25  69  46  58 -13   7   0 0.08    M    0 14.4 25 320   M    M   4 1      33 310
================================================================================
SM 2041 1433        22 141  2.17     0.0 278.8          M       57
================================================================================
AV 81.6 57.3                              11.2 FASTST   M    M   2    MAX(MPH)
                                 MISC ---->  # 38 210               # 51  210
================================================================================
NOTES:
# LAST OF SEVERAL OCCURRENCES

COLUMN 17 PEAK WIND IN M.P.H.

PRELIMINARY LOCAL CLIMATOLOGICAL DATA (WS FORM: F-6) , PAGE 2

                                          STATION:  ESTHERVILLE IA
                                          MONTH:    JUNE
                                          YEAR:     2017
                                          LATITUDE:   43 24 N
                                          LONGITUDE:  94 45 W

[TEMPERATURE DATA]      [PRECIPITATION DATA]       SYMBOLS USED IN COLUMN 16

AVERAGE MONTHLY: 69.5   TOTAL FOR MONTH:   2.17    1 = FOG OR MIST
DPTR FM NORMAL:   1.9   DPTR FM NORMAL:   -1.62    2 = FOG REDUCING VISIBILITY
HIGHEST:    91 ON  3    GRTST 24HR  0.61 ON 12-12      TO 1/4 MILE OR LESS
LOWEST:     46 ON 25, 1                            3 = THUNDER
                        SNOW, ICE PELLETS, HAIL    4 = ICE PELLETS
                        TOTAL MONTH:   0.0 INCH    5 = HAIL
                        GRTST 24HR     0.0         6 = FREEZING RAIN OR DRIZZLE
                        GRTST DEPTH:   0           7 = DUSTSTORM OR SANDSTORM:
                                                       VSBY 1/2 MILE OR LESS
                                                   8 = SMOKE OR HAZE
[NO. OF DAYS WITH]      [WEATHER - DAYS WITH]      9 = BLOWING SNOW
                                                   X = TORNADO
MAX 32 OR BELOW:   0    0.01 INCH OR MORE:  10
MAX 90 OR ABOVE:   4    0.10 INCH OR MORE:   7
MIN 32 OR BELOW:   0    0.50 INCH OR MORE:   2
MIN  0 OR BELOW:   0    1.00 INCH OR MORE:   0

[HDD (BASE 65) ]
TOTAL THIS MO.    22    CLEAR  (SCALE 0-3)  16
DPTR FM NORMAL   -18    PTCLDY (SCALE 4-7)   9
TOTAL FM JUL 1  6830    CLOUDY (SCALE 8-10)  0
DPTR FM NORMAL  -908

[CDD (BASE 65) ]
TOTAL THIS MO.   141
DPTR FM NORMAL    38    [PRESSURE DATA]
TOTAL FM JAN 1   162    HIGHEST SLP M ON M
DPTR FM NORMAL    23    LOWEST  SLP 29.50 ON 16

[REMARKS]
