000
CXUS52 KMHX 190700
CF6EWN
PRELIMINARY LOCAL CLIMATOLOGICAL DATA (WS FORM: F-6)

                                          STATION:   NEW BERN NC
                                          MONTH:     FEBRUARY
                                          YEAR:      2018
                                          LATITUDE:   35  4 N
                                          LONGITUDE:  77  3 W

  TEMPERATURE IN F:       :PCPN:    SNOW:  WIND      :SUNSHINE: SKY     :PK WND
================================================================================
1   2   3   4   5  6A  6B    7    8   9   10  11  12  13   14  15   16   17  18
                                     12Z  AVG MX 2MIN
DY MAX MIN AVG DEP HDD CDD  WTR  SNW DPTH SPD SPD DIR MIN PSBL S-S WX    SPD DR
================================================================================

 1  65  29  47   2  18   0 0.00  0.0    0 10.4 22 240   M    M   0        30 240
 2  58  29  44  -1  21   0 0.07    M    0 12.3 26 340   M    M   4 1      33 350
 3  39  22  31 -14  34   0 0.00  0.0    0  6.7 13  30   M    M   0        18  10
 4  62  32  47   1  18   0 0.28    M    0 10.2 24 210   M    M   8 1      34 200
 5  55  35  45  -1  20   0 0.00  0.0    0  7.0 16 340   M    M   2 1      20 330
 6  65  30  48   2  17   0 0.00  0.0    0  3.0 12 250   M    M   2 1      17 250
 7  69  38  54   8  11   0    T  0.0    0 10.4 32 210   M    M   6 12     46 210
 8  63  35  49   3  16   0 0.01  0.0    0  7.7 23 340   M    M   6 1      29 320
 9  57  28  43  -3  22   0 0.00  0.0    0  4.1 12 100   M    M   2 12     15 110
10  74  44  59  13   6   0 0.09  0.0    0  8.3 18 200   M    M   7 1      23 200
11  75  66  71  25   0   6    T  0.0    0 13.7 24 210   M    M   8 1      33 210
12  71  43  57  11   8   0 0.40    M    0  9.6 29  50   M    M   9 13     35  40
13  48  41  45  -2  20   0 0.03    M    0 12.7 22  40   M    M  10 18     28  40
14  59  40  50   3  15   0 0.01    M    0  5.3 13 210   M    M   7 1      19 200
15  76  53  65  18   0   0 0.00  0.0    0 10.3 18 230   M    M   3        25 260
16  81  61  71  24   0   6 0.00  0.0    0 12.0 24 260   M    M   3 8      32 250
17  61  47  54   7  11   0 0.01  0.0    0  8.0 25  50   M    M  10 1      29  50
18  61  45  53   6  12   0 0.00  0.0    0  8.6 18  50   M    M   5 12     22  90
================================================================================
SM 1139  718       249  12  0.90     0.0 160.3          M       92
================================================================================
AV 63.3 39.9                               8.9 FASTST   M    M   5    MAX(MPH)
                                 MISC ---->  # 32 210               # 46  210
================================================================================
NOTES:
# LAST OF SEVERAL OCCURRENCES

COLUMN 17 PEAK WIND IN M.P.H.

PRELIMINARY LOCAL CLIMATOLOGICAL DATA (WS FORM: F-6) , PAGE 2

                                          STATION:  NEW BERN NC
                                          MONTH:    FEBRUARY
                                          YEAR:     2018
                                          LATITUDE:   35  4 N
                                          LONGITUDE:  77  3 W

[TEMPERATURE DATA]      [PRECIPITATION DATA]       SYMBOLS USED IN COLUMN 16

AVERAGE MONTHLY: 51.6   TOTAL FOR MONTH:   0.90    1 = FOG OR MIST
DPTR FM NORMAL:   5.4   DPTR FM NORMAL:   -1.38    2 = FOG REDUCING VISIBILITY
HIGHEST:    81 ON 16    GRTST 24HR  0.40 ON 12-12      TO 1/4 MILE OR LESS
LOWEST:     22 ON  3                               3 = THUNDER
                        SNOW, ICE PELLETS, HAIL    4 = ICE PELLETS
                        TOTAL MONTH:   0.0 INCH    5 = HAIL
                        GRTST 24HR     0.0         6 = FREEZING RAIN OR DRIZZLE
                        GRTST DEPTH:   0           7 = DUSTSTORM OR SANDSTORM:
                                                       VSBY 1/2 MILE OR LESS
                                                   8 = SMOKE OR HAZE
[NO. OF DAYS WITH]      [WEATHER - DAYS WITH]      9 = BLOWING SNOW
                                                   X = TORNADO
MAX 32 OR BELOW:   0    0.01 INCH OR MORE:   8
MAX 90 OR ABOVE:   0    0.10 INCH OR MORE:   2
MIN 32 OR BELOW:   6    0.50 INCH OR MORE:   0
MIN  0 OR BELOW:   0    1.00 INCH OR MORE:   0

[HDD (BASE 65) ]
TOTAL THIS MO.   249    CLEAR  (SCALE 0-3)   6
DPTR FM NORMAL   -91    PTCLDY (SCALE 4-7)   9
TOTAL FM JUL 1  2123    CLOUDY (SCALE 8-10)  3
DPTR FM NORMAL   143

[CDD (BASE 65) ]
TOTAL THIS MO.    12
DPTR FM NORMAL    12    [PRESSURE DATA]
TOTAL FM JAN 1    15    HIGHEST SLP M ON M
DPTR FM NORMAL    14    LOWEST  SLP 29.79 ON M

[REMARKS]
