000
CXUS53 KIND 010730
CF6EYE
PRELIMINARY LOCAL CLIMATOLOGICAL DATA (WS FORM: F-6)

                                          STATION:   INDIANAPOLIS EAGLE CREEK IN
                                          MONTH:     SEPTEMBER
                                          YEAR:      2016
                                          LATITUDE:   39 49 N
                                          LONGITUDE:  86 18 W

  TEMPERATURE IN F:       :PCPN:    SNOW:  WIND      :SUNSHINE: SKY     :PK WND
================================================================================
1   2   3   4   5  6A  6B    7    8   9   10  11  12  13   14  15   16   17  18
                                     12Z  AVG MX 2MIN
DY MAX MIN AVG DEP HDD CDD  WTR  SNW DPTH SPD SPD DIR MIN PSBL S-S WX    SPD DR
================================================================================

 1  78  62  70  -2   0   5 0.00    M    M  7.7 18  10   M    M   3        23 360
 2  78  60  69  -3   0   4 0.00    M    M  8.8 17  50   M    M   1        22  70
 3  81  58  70  -2   0   5 0.00    M    M  4.5 14 100   M    M   1        19 100
 4  81  58  70  -2   0   5 0.00    M    M  3.2 14 120   M    M   0        18 120
 5  89  65  77   6   0  12 0.00    M    M  4.7 16 210   M    M   1        20 210
 6  89  69  79   8   0  14 0.00    M    M  4.7 15 220   M    M   1 1      20 200
 7  90  72  81  10   0  16 0.00    M    M  6.7 15 210   M    M   1        22 210
 8  83  74  79   9   0  14 0.40    M    M  6.0 21 300   M    M   5 13     27 300
 9  82  70  76   6   0  11 0.39    M    M  5.8 18 190   M    M   4 13     29 200
10  79  63  71   1   0   6 0.48    M    M  7.8 23 300   M    M   5 13     28 300
11  77  58  68  -1   0   3 0.00    M    M  3.7 12 320   M    M   2        14 320
12  79  56  68  -1   0   3 0.00    M    M  3.0 12 190   M    M   0        15 200
13  83  56  70   2   0   5 0.00    M    M  2.9  9 190   M    M   0 1      12 180
14  83  65  74   6   0   9 0.00    M    M  4.7 12  60   M    M   4        19  20
15  80  63  72   4   0   7 0.00    M    M  5.4 10 120   M    M   1        17  80
16  87  63  75   8   0  10 0.54    M    M  4.6 26 230   M    M   2 13     41 210
17  80  69  75   8   0  10 1.11    M    M  4.0 14 280   M    M   5 13     27 320
18  81  64  73   7   0   8 0.00    M    M  1.9  8 290   M    M   3 12     12 300
19  85  57  71   5   0   6 0.00    M    M  1.2  7 170   M    M   0 12      9 170
20  86  60  73   8   0   8 0.00    M    M  1.6  7 210   M    M   0 1      10 210
21  89  60  75  10   0  10 0.00    M    M  1.2  8 340   M    M   0 1      10 120
22  88  62  75  11   0  10 0.00    M    M  1.7  8 190   M    M   0 1      11 180
23  88  65  77  13   0  12 0.00    M    M  1.7  7 330   M    M   0 1      10  40
24  82  67  75  11   0  10 0.00    M    M  5.2  9  50   M    M   3 18     16  50
25  86  62  74  11   0   9 0.17    M    M  4.7 18 210   M    M   2 3      25 210
26  73  56  65   2   0   0 0.27    M    M  8.4 25 310   M    M   4 13     35 310
27  75  50  63   1   2   0 0.00    M    M  7.5 17 270   M    M   1        25 240
28  64  55  60  -2   5   0 0.55    M    M  5.6 20 290   M    M  10 13     25 280
29  69  55  62   1   3   0    T    M    M  4.8 14  80   M    M   7        30 330
30  68  58  63   2   2   0 0.13    M    M  3.4 16  20   M    M   9 13     21  20
================================================================================
SM 2433 1852        12 212  4.04    M    137.1          M       75
================================================================================
AV 81.1 61.7                               4.6 FASTST   M    M   3    MAX(MPH)
                                 MISC ---->  # 26 230               # 41  210
================================================================================
NOTES:
# LAST OF SEVERAL OCCURRENCES

COLUMN 17 PEAK WIND IN M.P.H.

PRELIMINARY LOCAL CLIMATOLOGICAL DATA (WS FORM: F-6) , PAGE 2

                                          STATION:  INDIANAPOLIS EAGLE CREEK IN
                                          MONTH:    SEPTEMBER
                                          YEAR:     2016
                                          LATITUDE:   39 49 N
                                          LONGITUDE:  86 18 W

[TEMPERATURE DATA]      [PRECIPITATION DATA]       SYMBOLS USED IN COLUMN 16

AVERAGE MONTHLY: 71.4   TOTAL FOR MONTH:   4.04    1 = FOG OR MIST
DPTR FM NORMAL:   4.3   DPTR FM NORMAL:    1.79    2 = FOG REDUCING VISIBILITY
HIGHEST:    90 ON  7    GRTST 24HR  1.65 ON 16-17      TO 1/4 MILE OR LESS
LOWEST:     50 ON 27                               3 = THUNDER
                        SNOW, ICE PELLETS, HAIL    4 = ICE PELLETS
                        TOTAL MONTH:    M          5 = HAIL
                        GRTST 24HR    M  ON   M    6 = FREEZING RAIN OR DRIZZLE
                        GRTST DEPTH:  M  ON   M    7 = DUSTSTORM OR SANDSTORM:
                                                       VSBY 1/2 MILE OR LESS
                                                   8 = SMOKE OR HAZE
[NO. OF DAYS WITH]      [WEATHER - DAYS WITH]      9 = BLOWING SNOW
                                                   X = TORNADO
MAX 32 OR BELOW:   0    0.01 INCH OR MORE:   9
MAX 90 OR ABOVE:   1    0.10 INCH OR MORE:   9
MIN 32 OR BELOW:   0    0.50 INCH OR MORE:   3
MIN  0 OR BELOW:   0    1.00 INCH OR MORE:   1

[HDD (BASE 65) ]
TOTAL THIS MO.    12    CLEAR  (SCALE 0-3)  20
DPTR FM NORMAL   -46    PTCLDY (SCALE 4-7)   8
TOTAL FM JUL 1    15    CLOUDY (SCALE 8-10)  2
DPTR FM NORMAL   -46

[CDD (BASE 65) ]
TOTAL THIS MO.   212
DPTR FM NORMAL    89    [PRESSURE DATA]
TOTAL FM JAN 1  1401    HIGHEST SLP 30.23 ON 11
DPTR FM NORMAL   358    LOWEST  SLP 29.74 ON 28

[REMARKS]
#FINAL-09-16#
