313
CXUS53 KFGF 170915
CF6FAR
PRELIMINARY LOCAL CLIMATOLOGICAL DATA (WS FORM: F-6)

                                          STATION:   FARGO HECTOR INTL AP ND
                                          MONTH:     FEBRUARY
                                          YEAR:      2018
                                          LATITUDE:   46 54 N
                                          LONGITUDE:  96 48 W

  TEMPERATURE IN F:       :PCPN:    SNOW:  WIND      :SUNSHINE: SKY     :PK WND
================================================================================
1   2   3   4   5  6A  6B    7    8   9   10  11  12  13   14  15   16   17  18
                                     12Z  AVG MX 2MIN
DY MAX MIN AVG DEP HDD CDD  WTR  SNW DPTH SPD SPD DIR MIN PSBL S-S WX    SPD DR
================================================================================

 1   3  -7  -2 -12  67   0 0.00  0.0    2 10.2 18 340   M    M   1 18     24 320
 2  17  -8   5  -6  60   0    T    T    2  7.8 15 150   M    M   6        19 150
 3  15 -11   2  -9  63   0 0.15  2.2    4 18.0 30 360   M    M   9 189    37 360
 4   4 -16  -6 -17  71   0 0.00  0.0    4 12.3 22 260   M    M   0        28 270
 5   6  -8  -1 -12  66   0 0.00  0.0    4 10.5 20 330   M    M   0        23 330
 6  10 -13  -1 -13  66   0 0.02  0.4    4  7.8 18 190   M    M   4 18     21 190
 7   6 -12  -3 -15  68   0    T    T    4  7.2 20 320   M    M   0 18     24 320
 8   2 -14  -6 -18  71   0 0.00  0.0    4  4.8  9 290   M    M   1        12 290
 9   5 -15  -5 -17  70   0 0.00  0.0    4  7.7 15 240   M    M   0        19 240
10  10 -11   0 -13  65   0 0.00  0.0    4 11.2 18 220   M    M   0        24 210
11  14  -6   4  -9  61   0    T    T    4 11.4 18 330   M    M   2 18     23 330
12   8 -18  -5 -19  70   0    T    T    4  4.7 15 160   M    M   3 18     22 170
13  27   8  18   4  47   0 0.02  0.2    4 17.5 25 210   M    M   4 18     31 150
14  39  16  28  14  37   0 0.00  0.0    4 11.8 20 190   M    M   1        25 180
15  33  -1  16   2  49   0    T    T    4 21.2 35 340   M    M   8 189    42 340
16  27  -4  12  -3  53   0 0.00  0.0    4 15.7 28 190   M    M   1        35 180
================================================================================
SM  226 -120       984   0  0.19     2.8 179.8          M       40
================================================================================
AV 14.1 -7.5                              11.2 FASTST   M    M   3    MAX(MPH)
                                 MISC ---->  # 35 340               # 42  340
================================================================================
NOTES:
# LAST OF SEVERAL OCCURRENCES

COLUMN 17 PEAK WIND IN M.P.H.

PRELIMINARY LOCAL CLIMATOLOGICAL DATA (WS FORM: F-6) , PAGE 2

                                          STATION:  FARGO HECTOR INTL AP ND
                                          MONTH:    FEBRUARY
                                          YEAR:     2018
                                          LATITUDE:   46 54 N
                                          LONGITUDE:  96 48 W

[TEMPERATURE DATA]      [PRECIPITATION DATA]       SYMBOLS USED IN COLUMN 16

AVERAGE MONTHLY:  3.3   TOTAL FOR MONTH:   0.19    1 = FOG OR MIST
DPTR FM NORMAL:  -9.1   DPTR FM NORMAL:   -0.09    2 = FOG REDUCING VISIBILITY
HIGHEST:    39 ON 14    GRTST 24HR  0.15 ON  3- 3      TO 1/4 MILE OR LESS
LOWEST:    -18 ON 12                               3 = THUNDER
                        SNOW, ICE PELLETS, HAIL    4 = ICE PELLETS
                        TOTAL MONTH:   2.8 INCHES  5 = HAIL
                        GRTST 24HR   2.2 ON   M    6 = FREEZING RAIN OR DRIZZLE
                        GRTST DEPTH:   4 ON 16,15  7 = DUSTSTORM OR SANDSTORM:
                                                       VSBY 1/2 MILE OR LESS
                                                   8 = SMOKE OR HAZE
[NO. OF DAYS WITH]      [WEATHER - DAYS WITH]      9 = BLOWING SNOW
                                                   X = TORNADO
MAX 32 OR BELOW:  14    0.01 INCH OR MORE:   3
MAX 90 OR ABOVE:   0    0.10 INCH OR MORE:   1
MIN 32 OR BELOW:  16    0.50 INCH OR MORE:   0
MIN  0 OR BELOW:  14    1.00 INCH OR MORE:   0

[HDD (BASE 65) ]
TOTAL THIS MO.   984    CLEAR  (SCALE 0-3)  11
DPTR FM NORMAL   143    PTCLDY (SCALE 4-7)   4
TOTAL FM JUL 1  6023    CLOUDY (SCALE 8-10)  1
DPTR FM NORMAL   -86

[CDD (BASE 65) ]
TOTAL THIS MO.     0
DPTR FM NORMAL     0    [PRESSURE DATA]
TOTAL FM JAN 1     0    HIGHEST SLP M ON M
DPTR FM NORMAL     0    LOWEST  SLP 29.56 ON 14

[REMARKS]
