000
CXUS56 KHNX 221146
CF6FAT
PRELIMINARY LOCAL CLIMATOLOGICAL DATA (WS FORM: F-6)

                                          STATION:   FRESNO CA
                                          MONTH:     JANUARY
                                          YEAR:      2017
                                          LATITUDE:   36 46 N
                                          LONGITUDE: 119 43 W

  TEMPERATURE IN F:       :PCPN:    SNOW:  WIND      :SUNSHINE: SKY     :PK WND
================================================================================
1   2   3   4   5  6A  6B    7    8   9   10  11  12  13   14  15   16   17  18
                                     12Z  AVG MX 2MIN
DY MAX MIN AVG DEP HDD CDD  WTR  SNW DPTH SPD SPD DIR MIN PSBL S-S WX    SPD DR
================================================================================

 1  51  40  46   1  19   0 0.00  0.0    0  4.7 10 130   M    M   9 1      13 140
 2  50  39  45   0  20   0 0.00  0.0    0  5.0 13 140   M    M   8        15 150
 3  55  42  49   4  16   0 0.29  0.0    0  7.9 15  90   M    M  10 1      19  80
 4  56  50  53   7  12   0 0.35  0.0    0 10.5 17 130   M    M  10 1      21 120
 5  56  36  46   0  19   0    T  0.0    0  9.2 20 320   M    M   6 12     23 320
 6  52  30  41  -5  24   0 0.00  0.0    0  3.5 10  80   M    M   6        11  80
 7  58  46  52   6  13   0 0.84  0.0    0  7.6 14  80   M    M  10 1      17  70
 8  71  56  64  18   1   0 0.89  0.0    0  7.3 24 230   M    M   7 18     32 230
 9  60  53  57  11   8   0 0.06  0.0    0  8.5 20 140   M    M   9 18     24 150
10  58  52  55   9  10   0 0.23  0.0    0 10.9 25 140   M    M  10 1      32 140
11  58  49  54   8  11   0 0.35  0.0    0  7.3 23 130   M    M   7 18     27 130
12  52  41  47   1  18   0 0.85  0.0    0  5.8 14  80   M    M   9 1      16 230
13  50  39  45  -1  20   0 0.00  0.0    0  6.5 15 300   M    M   8 12     17 300
14  47  40  44  -2  21   0 0.00  0.0    0  2.0  7 110   M    M  10 18      9 120
15  47  44  46   0  19   0 0.00  0.0    0  1.8  8 320   M    M  10        10 290
16  49  37  43  -3  22   0 0.00  0.0    0  2.3  9 150   M    M   7 18     11 150
17  57  33  45  -1  20   0 0.00  0.0    0  2.6 15 270   M    M   3 18     17 270
18  55  39  47   0  18   0 0.46  0.0    0  7.8 18 120   M    M  10 18     26 120
19  59  46  53   6  12   0 0.02  0.0    0  5.8 16 140   M    M   7 1      20 150
20  54  42  48   1  17   0 0.58  0.0    0 12.2 25 120   M    M   9 13     33 120
21  54  41  48   1  17   0 0.08  0.0    0  7.6 14 130   M    M   8        17 130
================================================================================
SM 1149  895       337   0  5.00     0.0 136.8          M      173
================================================================================
AV 54.7 42.6                               6.5 FASTST   M    M   8    MAX(MPH)
                                 MISC ---->  # 25 140               # 33  120
================================================================================
NOTES:
# LAST OF SEVERAL OCCURRENCES

COLUMN 17 PEAK WIND IN M.P.H.

PRELIMINARY LOCAL CLIMATOLOGICAL DATA (WS FORM: F-6) , PAGE 2

                                          STATION:  FRESNO CA
                                          MONTH:    JANUARY
                                          YEAR:     2017
                                          LATITUDE:   36 46 N
                                          LONGITUDE: 119 43 W

[TEMPERATURE DATA]      [PRECIPITATION DATA]       SYMBOLS USED IN COLUMN 16

AVERAGE MONTHLY: 48.7   TOTAL FOR MONTH:   5.00    1 = FOG OR MIST
DPTR FM NORMAL:   2.6   DPTR FM NORMAL:    3.50    2 = FOG REDUCING VISIBILITY
HIGHEST:    71 ON  8    GRTST 24HR  0.94 ON  8- 9      TO 1/4 MILE OR LESS
LOWEST:     30 ON  6                               3 = THUNDER
                        SNOW, ICE PELLETS, HAIL    4 = ICE PELLETS
                        TOTAL MONTH:   0.0 INCH    5 = HAIL
                        GRTST 24HR     0.0         6 = FREEZING RAIN OR DRIZZLE
                        GRTST DEPTH:   0           7 = DUSTSTORM OR SANDSTORM:
                                                       VSBY 1/2 MILE OR LESS
                                                   8 = SMOKE OR HAZE
[NO. OF DAYS WITH]      [WEATHER - DAYS WITH]      9 = BLOWING SNOW
                                                   X = TORNADO
MAX 32 OR BELOW:   0    0.01 INCH OR MORE:  12
MAX 90 OR ABOVE:   0    0.10 INCH OR MORE:   9
MIN 32 OR BELOW:   1    0.50 INCH OR MORE:   4
MIN  0 OR BELOW:   0    1.00 INCH OR MORE:   0

[HDD (BASE 65) ]
TOTAL THIS MO.   337    CLEAR  (SCALE 0-3)   0
DPTR FM NORMAL   -62    PTCLDY (SCALE 4-7)   9
TOTAL FM JUL 1  1132    CLOUDY (SCALE 8-10) 12
DPTR FM NORMAL  -230

[CDD (BASE 65) ]
TOTAL THIS MO.     0
DPTR FM NORMAL     0    [PRESSURE DATA]
TOTAL FM JAN 1     0    HIGHEST SLP M ON M
DPTR FM NORMAL     0    LOWEST  SLP 29.37 ON 20

[REMARKS]
