000
CXUS53 KMPX 200700
CF6FCM
PRELIMINARY LOCAL CLIMATOLOGICAL DATA (WS FORM: F-6)

                                          STATION:   MINNEAPOLIS FLYING CLOUD MN
                                          MONTH:     SEPTEMBER
                                          YEAR:      2017
                                          LATITUDE:   44 49 N
                                          LONGITUDE:  93 27 W

  TEMPERATURE IN F:       :PCPN:    SNOW:  WIND      :SUNSHINE: SKY     :PK WND
================================================================================
1   2   3   4   5  6A  6B    7    8   9   10  11  12  13   14  15   16   17  18
                                     12Z  AVG MX 2MIN
DY MAX MIN AVG DEP HDD CDD  WTR  SNW DPTH SPD SPD DIR MIN PSBL S-S WX    SPD DR
================================================================================

 1  73  53  63  -5   2   0    T    M    M  9.9 17 140   M    M   4 18     21 150
 2  82  61  72   5   0   7    T    M    M  8.3 17 300   M    M   5 8      23 300
 3  84  57  71   4   0   6 0.00    M    M  8.3 20 210   M    M   0        26 220
 4  77  52  65  -2   0   0 0.19    M    M  9.6 29 360   M    M   1 138    39 360
 5  66  51  59  -7   6   0    T    M    M 11.5 26 320   M    M   5        36 320
 6  68  49  59  -7   6   0 0.00    M    M  5.8 13 300   M    M   3 8      17 350
 7  77  46  62  -4   3   0 0.00    M    M  5.7 16  70   M    M   3 18     20  60
 8  69  53  61  -4   4   0 0.00    M    M 10.8 17  70   M    M   1 8      22  80
 9  77  53  65   0   0   0 0.00    M    M 11.5 18 140   M    M   1        27 130
10  81  62  72   8   0   7    T    M    M 12.0 21 150   M    M   3 3      25 150
11  81  62  72   8   0   7 0.00    M    M  6.4 16 210   M    M   0 18     19 210
12  84  61  73   9   0   8 0.00    M    M  4.8 12 180   M    M   0 128    15 200
13  87  63  75  12   0  10 0.00    M    M  7.4 18 180   M    M   0        22 180
14  89  65  77  14   0  12 0.00    M    M  7.8 18 150   M    M   0 1      24 170
15  83  69  76  14   0  11 0.00    M    M  9.3 21 110   M    M   0 8      24 100
16  79  58  69   7   0   4 0.02    M    M  9.3 22 170   M    M   7        30 160
17  66  49  58  -3   7   0 0.01    M    M  5.9 14 330   M    M   2 8      20 280
18  59  54  57  -4   8   0 0.43    M    M  7.4 17 120   M    M   9 1      21 120
19   M   M   M   M   M   M    M    M    M   M   M   M   M    M   M 1       M  M
================================================================================
SM 1382 1018        36  72  0.65    M    151.7          M       44
================================================================================
AV 76.8 56.6                               8.4 FASTST   M    M   2    MAX(MPH)
                                 MISC ---->  # 29 360               # 39  360
================================================================================
NOTES:
# LAST OF SEVERAL OCCURRENCES

COLUMN 17 PEAK WIND IN M.P.H.

PRELIMINARY LOCAL CLIMATOLOGICAL DATA (WS FORM: F-6) , PAGE 2

                                          STATION:  MINNEAPOLIS FLYING CLOUD MN
                                          MONTH:    SEPTEMBER
                                          YEAR:     2017
                                          LATITUDE:   44 49 N
                                          LONGITUDE:  93 27 W

[TEMPERATURE DATA]      [PRECIPITATION DATA]       SYMBOLS USED IN COLUMN 16

AVERAGE MONTHLY: 66.7   TOTAL FOR MONTH:   0.65    1 = FOG OR MIST
DPTR FM NORMAL:   2.4   DPTR FM NORMAL:   -1.66    2 = FOG REDUCING VISIBILITY
HIGHEST:    89 ON 14    GRTST 24HR  0.43 ON 18-18      TO 1/4 MILE OR LESS
LOWEST:     46 ON  7                               3 = THUNDER
                        SNOW, ICE PELLETS, HAIL    4 = ICE PELLETS
                        TOTAL MONTH:    M          5 = HAIL
                        GRTST 24HR    M  ON   M    6 = FREEZING RAIN OR DRIZZLE
                        GRTST DEPTH:  M  ON   M    7 = DUSTSTORM OR SANDSTORM:
                                                       VSBY 1/2 MILE OR LESS
                                                   8 = SMOKE OR HAZE
[NO. OF DAYS WITH]      [WEATHER - DAYS WITH]      9 = BLOWING SNOW
                                                   X = TORNADO
MAX 32 OR BELOW:   0    0.01 INCH OR MORE:   4
MAX 90 OR ABOVE:   0    0.10 INCH OR MORE:   2
MIN 32 OR BELOW:   0    0.50 INCH OR MORE:   0
MIN  0 OR BELOW:   0    1.00 INCH OR MORE:   0

[HDD (BASE 65) ]
TOTAL THIS MO.    36    CLEAR  (SCALE 0-3)  13
DPTR FM NORMAL   -30    PTCLDY (SCALE 4-7)   4
TOTAL FM JUL 1    39    CLOUDY (SCALE 8-10)  1
DPTR FM NORMAL   -42

[CDD (BASE 65) ]
TOTAL THIS MO.    72
DPTR FM NORMAL    20    [PRESSURE DATA]
TOTAL FM JAN 1   725    HIGHEST SLP M ON M
DPTR FM NORMAL    12    LOWEST  SLP 29.60 ON 14

[REMARKS]
