000
CXUS54 KOUN 210800
CF6FDR
PRELIMINARY LOCAL CLIMATOLOGICAL DATA (WS FORM: F-6)

                                          STATION:   FREDERICK MUNICIPAL
                                          MONTH:     SEPTEMBER
                                          YEAR:      2014
                                          LATITUDE:   34 21 N
                                          LONGITUDE:  98 59 W

  TEMPERATURE IN F:       :PCPN:    SNOW:  WIND      :SUNSHINE: SKY     :PK WND
================================================================================
1   2   3   4   5  6A  6B    7    8   9   10  11  12  13   14  15   16   17  18
                                     12Z  AVG MX 2MIN
DY MAX MIN AVG DEP HDD CDD  WTR  SNW DPTH SPD SPD DIR MIN PSBL S-S WX    SPD DR
================================================================================

 1 101  77  89   9   0  24 0.00  0.0    M 17.1 23 170   M    M   0        30 170
 2 100  78  89   9   0  24 0.00  0.0    0 13.9 26 140   M    M   0        38 170
 3  99  76  88   8   0  23 0.00  0.0    0 14.9 29 170   M    M   1        34 190
 4  98  75  87   7   0  22 0.00  0.0    0 15.5 28 210   M    M   0        33 200
 5  97  73  85   6   0  20 0.00  0.0    0 11.9 28  30   M    M   1        34  30
 6  73  64  69 -10   0   4 0.71  0.0    0 12.2 22 360   M    M   8 13     26  10
 7  84  65  75  -4   0  10 0.00  0.0    0  5.4 10  10   M    M   6        13  10
 8  93  68  81   3   0  16 0.00  0.0    0  8.8 21 210   M    M   1 1      24 210
 9 100  73  87   9   0  22 0.00  0.0    0 15.4 29 190   M    M   0        39 190
10  94  72  83   5   0  18 0.00  0.0    0 16.7 29  10   M    M   1        34 350
11  81  65  73  -4   0   8 0.00  0.0    0 11.1 16  80   M    M   3        24  40
12  70  55  63 -14   2   0 0.88  0.0    0 17.9 29  20   M    M  10 1      35  10
13  67  52  60 -16   5   0 0.00  0.0    0  7.8 20  30   M    M   6        23  40
14  77  58  68  -8   0   3    T  0.0    0  7.7 14 160   M    M   1        16 180
15  87  68  78   2   0  13    T  0.0    0  7.9 12 200   M    M   6        16 200
16  89  74  82   7   0  17 0.00  0.0    0  6.1 13 170   M    M   3 1      16 170
17  92  70  81   6   0  16 0.00  0.0    0  7.3 18 160   M    M   0 1      22 150
18  83  71  77   2   0  12 0.00  0.0    0  6.8 25  90   M    M   1        30 110
19  89  67  78   4   0  13 0.00  0.0    0  8.7 22 130   M    M   2 1      26 120
20  89  70  80   6   0  15 0.11  0.0    0  7.3 15  10   M    M   6 1      18 160
================================================================================
SM 1763 1371         7 280  1.70     0.0 220.4          M       56
================================================================================
AV 88.2 68.6                              11.0 FASTST   M    M   3    MAX(MPH)
                                 MISC ---->  # 29 170               # 39  190
================================================================================
NOTES:
# LAST OF SEVERAL OCCURRENCES

COLUMN 17 PEAK WIND IN M.P.H.

PRELIMINARY LOCAL CLIMATOLOGICAL DATA (WS FORM: F-6) , PAGE 2

                                          STATION:  FREDERICK MUNICIPAL
                                          MONTH:    SEPTEMBER
                                          YEAR:     2014
                                          LATITUDE:   34 21 N
                                          LONGITUDE:  98 59 W

[TEMPERATURE DATA]      [PRECIPITATION DATA]       SYMBOLS USED IN COLUMN 16

AVERAGE MONTHLY: 78.4   TOTAL FOR MONTH:   1.70    1 = FOG OR MIST
DPTR FM NORMAL:   1.1   DPTR FM NORMAL:   -0.70    2 = FOG REDUCING VISIBILITY
HIGHEST:   101 ON  1    GRTST 24HR  0.88 ON 12-12      TO 1/4 MILE OR LESS
LOWEST:     52 ON 13                               3 = THUNDER
                        SNOW, ICE PELLETS, HAIL    4 = ICE PELLETS
                        TOTAL MONTH:   0.0 INCH    5 = HAIL
                        GRTST 24HR     0.0         6 = FREEZING RAIN OR DRIZZLE
                        GRTST DEPTH:   0           7 = DUSTSTORM OR SANDSTORM:
                                                       VSBY 1/2 MILE OR LESS
                                                   8 = SMOKE OR HAZE
[NO. OF DAYS WITH]      [WEATHER - DAYS WITH]      9 = BLOWING SNOW
                                                   X = TORNADO
MAX 32 OR BELOW:   0    0.01 INCH OR MORE:   3
MAX 90 OR ABOVE:   9    0.10 INCH OR MORE:   3
MIN 32 OR BELOW:   0    0.50 INCH OR MORE:   2
MIN  0 OR BELOW:   0    1.00 INCH OR MORE:   0

[HDD (BASE 65) ]
TOTAL THIS MO.     7    CLEAR  (SCALE 0-3)  14
DPTR FM NORMAL     7    PTCLDY (SCALE 4-7)   4
TOTAL FM JUL 1     7    CLOUDY (SCALE 8-10)  2
DPTR FM NORMAL     7

[CDD (BASE 65) ]
TOTAL THIS MO.   280
DPTR FM NORMAL    30    [PRESSURE DATA]
TOTAL FM JAN 1  2340    HIGHEST SLP M ON M
DPTR FM NORMAL   120    LOWEST  SLP 29.72 ON  1

[REMARKS]
