000
CXUS54 KOUN 280800
CF6FDR
PRELIMINARY LOCAL CLIMATOLOGICAL DATA (WS FORM: F-6)

                                          STATION:   FREDERICK MUNICIPAL
                                          MONTH:     FEBRUARY
                                          YEAR:      2015
                                          LATITUDE:   34 21 N
                                          LONGITUDE:  98 59 W

  TEMPERATURE IN F:       :PCPN:    SNOW:  WIND      :SUNSHINE: SKY     :PK WND
================================================================================
1   2   3   4   5  6A  6B    7    8   9   10  11  12  13   14  15   16   17  18
                                     12Z  AVG MX 2MIN
DY MAX MIN AVG DEP HDD CDD  WTR  SNW DPTH SPD SPD DIR MIN PSBL S-S WX    SPD DR
================================================================================

 1  46  27  37  -5  28   0 0.00  0.0    0 17.6 32 350   M    M   5 12     39 340
 2  36  20  28 -14  37   0 0.00  0.0    0  7.9 21 360   M    M   2        24 350
 3  58  26  42  -1  23   0 0.00  0.0    0 10.5 22 170   M    M   0 18     25 170
 4  47  28  38  -5  27   0    T  0.0    0 15.5 37  10   M    M   7 168    45  10
 5  37  26  32 -11  33   0 0.00  0.0    0 10.1 28  10   M    M   8 1      31 360
 6  65  26  46   3  19   0 0.00  0.0    0 13.0 25 160   M    M   0 18     33 170
 7  79  37  58  15   7   0 0.00  0.0    0 10.8 17 190   M    M   0 1      22 190
 8  81  39  60  17   5   0 0.00  0.0    0 11.1 25  40   M    M   0 1      30  20
 9  75  41  58  14   7   0 0.00  0.0    0  9.2 17 360   M    M   0 8      20  20
10  79  40  60  16   5   0 0.00  0.0    0 12.5 23 170   M    M   0        29 160
11  56  37  47   3  18   0 0.00  0.0    0 18.3 37  30   M    M   2 18     43  20
12  53  27  40  -4  25   0 0.00  0.0    0  7.8 20  60   M    M   1 8      22  70
13  70  30  50   6  15   0 0.00  0.0    0  7.4 16 250   M    M   0        20 250
14  81  36  59  14   6   0 0.00  0.0    0  9.9 18 210   M    M   0        23 220
15  54  28  41  -4  24   0    T    M    0 18.4 32  10   M    M   5 168    38 360
16  41  24  33 -12  32   0    T    M    0 12.3 23 350   M    M   6 1368   32 360
17  52  29  41  -4  24   0    T  0.0    0  8.8 17 270   M    M   5 18     23 330
18  56  24  40  -6  25   0 0.00  0.0    0  7.4 16  80   M    M   2        20  70
19  62  25  44  -2  21   0 0.00  0.0    0 15.0 23 140   M    M   0 8      29 140
20  74  38  56  10   9   0 0.00  0.0    0 12.4 29  10   M    M   2 18     43  20
21  59  40  50   4  15   0 0.00  0.0    0 14.8 31 360   M    M   5 18     37  10
22  43  23  33 -14  32   0    T    T    0 22.9 35  20   M    M   8 68     41  10
23  25  20  23 -24  42   0 0.02    M    0 14.3 23  30   M    M  10 18     28  30
24  38  21  30 -17  35   0 0.00  0.0    0  5.7 12 190   M    M   3 8      14 200
25  62  27  45  -3  20   0 0.00  0.0    0  8.7 31  20   M    M   2 18     39  20
26  43  25  34 -14  31   0 0.00  0.0    0 21.2 36  20   M    M   8        42  10
27  26  17  22 -26  43   0 0.01    M    0 14.0 22  50   M    M  10 128    25  50
================================================================================
SM 1498  781       608   0  0.03    T    337.5          M       91
================================================================================
AV 55.5 28.9                              12.5 FASTST   M    M   3    MAX(MPH)
                                 MISC ---->  # 37  10               # 45   10
================================================================================
NOTES:
# LAST OF SEVERAL OCCURRENCES

COLUMN 17 PEAK WIND IN M.P.H.

PRELIMINARY LOCAL CLIMATOLOGICAL DATA (WS FORM: F-6) , PAGE 2

                                          STATION:  FREDERICK MUNICIPAL
                                          MONTH:    FEBRUARY
                                          YEAR:     2015
                                          LATITUDE:   34 21 N
                                          LONGITUDE:  98 59 W

[TEMPERATURE DATA]      [PRECIPITATION DATA]       SYMBOLS USED IN COLUMN 16

AVERAGE MONTHLY: 42.2   TOTAL FOR MONTH:   0.03    1 = FOG OR MIST
DPTR FM NORMAL:  -2.6   DPTR FM NORMAL:   -1.48    2 = FOG REDUCING VISIBILITY
HIGHEST:    81 ON 14, 8 GRTST 24HR  0.78 ON 31- 1      TO 1/4 MILE OR LESS
LOWEST:     17 ON 27                               3 = THUNDER
                        SNOW, ICE PELLETS, HAIL    4 = ICE PELLETS
                        TOTAL MONTH:    T          5 = HAIL
                        GRTST 24HR    T  ON 22-22  6 = FREEZING RAIN OR DRIZZLE
                        GRTST DEPTH:   0           7 = DUSTSTORM OR SANDSTORM:
                                                       VSBY 1/2 MILE OR LESS
                                                   8 = SMOKE OR HAZE
[NO. OF DAYS WITH]      [WEATHER - DAYS WITH]      9 = BLOWING SNOW
                                                   X = TORNADO
MAX 32 OR BELOW:   2    0.01 INCH OR MORE:   2
MAX 90 OR ABOVE:   0    0.10 INCH OR MORE:   0
MIN 32 OR BELOW:  19    0.50 INCH OR MORE:   0
MIN  0 OR BELOW:   0    1.00 INCH OR MORE:   0

[HDD (BASE 65) ]
TOTAL THIS MO.   608    CLEAR  (SCALE 0-3)  15
DPTR FM NORMAL    63    PTCLDY (SCALE 4-7)  10
TOTAL FM JUL 1  2514    CLOUDY (SCALE 8-10)  2
DPTR FM NORMAL     3

[CDD (BASE 65) ]
TOTAL THIS MO.     0
DPTR FM NORMAL     0    [PRESSURE DATA]
TOTAL FM JAN 1     0    HIGHEST SLP M ON M
DPTR FM NORMAL     0    LOWEST  SLP 29.66 ON 20

[REMARKS]
