000
CXUS53 KLMK 300800
CF6FFT
PRELIMINARY LOCAL CLIMATOLOGICAL DATA (WS FORM: F-6)

                                          STATION:   FRANKFORT KY
                                          MONTH:     OCTOBER
                                          YEAR:      2014
                                          LATITUDE:   38 10 N
                                          LONGITUDE:  84 54 W

  TEMPERATURE IN F:       :PCPN:    SNOW:  WIND      :SUNSHINE: SKY     :PK WND
================================================================================
1   2   3   4   5  6A  6B    7    8   9   10  11  12  13   14  15   16   17  18
                                     12Z  AVG MX 2MIN
DY MAX MIN AVG DEP HDD CDD  WTR  SNW DPTH SPD SPD DIR MIN PSBL S-S WX    SPD DR
================================================================================

 1  81  53  67   6   0   2 0.00    M    M  2.6 10  60   M    M   2        15  70
 2  86  60  73  12   0   8 0.00    M    M  8.2 17 220   M    M   1        22 230
 3  73  45  59  -2   6   0 0.19    M    M 10.9 21 260   M    M   8 1      31 270
 4  55  37  46 -14  19   0 0.00    M    M  9.5 22 270   M    M   4        32 270
 5  64  33  49 -11  16   0 0.02    M    M  8.5 20 220   M    M   6        27 220
 6  66  46  56  -4   9   0 0.06    M    M  6.5 22 320   M    M   4 13     28 310
 7  69  49  59   0   6   0 0.15    M    M  6.8 25 200   M    M   6 1238   34 280
 8  72  47  60   1   5   0 0.00    M    M  4.9 14 250   M    M   0 12     20 240
 9  67  44  56  -2   9   0 0.01    M    M  2.0  9 340   M    M   4        12 330
10  59  53  56  -2   9   0 1.27    M    M  6.2 13 340   M    M  10 13     16 320
11  58  51  55  -3  10   0 0.01    M    M  5.4 14  70   M    M  10 1      17  60
12  72  51  62   4   3   0 0.16    M    M  6.7 18 160   M    M   8 13     23 160
13  78  64  71  14   0   6 0.50    M    M 10.6 24 170   M    M   7 1      31 170
14  70  55  63   6   2   0 1.29    M    M 12.2 24 150   M    M   9 1      33 150
15  57  53  55  -1  10   0 0.19    M    M  8.1 13 220   M    M  10 1      18 190
16  59  51  55  -1  10   0 0.06    M    M  7.0 15 230   M    M  10 1      19 240
17  72  48  60   4   5   0 0.00    M    M 10.8 20 240   M    M   2        27 270
18  59  47  53  -3  12   0    T    M    M  7.7 18 340   M    M  10        24 320
19  61  42  52  -3  13   0 0.00    M    M  1.5  9 320   M    M   5        11 260
20  64  42  53  -2  12   0 0.04    M    M  6.8 20 220   M    M   4 1      25 210
21  57  47  52  -3  13   0 0.00    M    M  6.0 17 340   M    M   8        22 320
22  59  40  50  -4  15   0 0.00    M    M  5.0 10 350   M    M   4        17 360
23  61  39  50  -4  15   0 0.00    M    M  2.1  9  70   M    M   3        15  40
24  64  37  51  -3  14   0 0.00    M    M  1.1  8 240   M    M   0 1      12 220
25  73  41  57   3   8   0 0.00    M    M  5.3 14 240   M    M   3 1      19 230
26  71  42  57   4   8   0 0.00    M    M  2.0  8 260   M    M   0 1      12 260
27  82  46  64  11   1   0 0.00    M    M  7.9 21 210   M    M   1        26 230
28  71  53  62   9   3   0 0.43    M    M  8.9 22 220   M    M   5 18     27 220
29  62  42  52   0  13   0 0.00    M    M  6.6 16 260   M    M   2 1      24 280
================================================================================
SM 1942 1358       246  16  4.38    M    187.8          M      146
================================================================================
AV 67.0 46.8                               6.5 FASTST   M    M   5    MAX(MPH)
                                 MISC ---->  # 25 200               # 34  280
================================================================================
NOTES:
# LAST OF SEVERAL OCCURRENCES

COLUMN 17 PEAK WIND IN M.P.H.

PRELIMINARY LOCAL CLIMATOLOGICAL DATA (WS FORM: F-6) , PAGE 2

                                          STATION:  FRANKFORT KY
                                          MONTH:    OCTOBER
                                          YEAR:     2014
                                          LATITUDE:   38 10 N
                                          LONGITUDE:  84 54 W

[TEMPERATURE DATA]      [PRECIPITATION DATA]       SYMBOLS USED IN COLUMN 16

AVERAGE MONTHLY: 56.9   TOTAL FOR MONTH:   4.38    1 = FOG OR MIST
DPTR FM NORMAL:   0.2   DPTR FM NORMAL:    1.36    2 = FOG REDUCING VISIBILITY
HIGHEST:    86 ON  2    GRTST 24HR  1.38 ON 13-14      TO 1/4 MILE OR LESS
LOWEST:     33 ON  5                               3 = THUNDER
                        SNOW, ICE PELLETS, HAIL    4 = ICE PELLETS
                        TOTAL MONTH:    M          5 = HAIL
                        GRTST 24HR    M  ON   M    6 = FREEZING RAIN OR DRIZZLE
                        GRTST DEPTH:  M  ON   M    7 = DUSTSTORM OR SANDSTORM:
                                                       VSBY 1/2 MILE OR LESS
                                                   8 = SMOKE OR HAZE
[NO. OF DAYS WITH]      [WEATHER - DAYS WITH]      9 = BLOWING SNOW
                                                   X = TORNADO
MAX 32 OR BELOW:   0    0.01 INCH OR MORE:  14
MAX 90 OR ABOVE:   0    0.10 INCH OR MORE:   8
MIN 32 OR BELOW:   0    0.50 INCH OR MORE:   3
MIN  0 OR BELOW:   0    1.00 INCH OR MORE:   2

[HDD (BASE 65) ]
TOTAL THIS MO.   246    CLEAR  (SCALE 0-3)  10
DPTR FM NORMAL   -15    PTCLDY (SCALE 4-7)  12
TOTAL FM JUL 1   307    CLOUDY (SCALE 8-10)  7
DPTR FM NORMAL    -8

[CDD (BASE 65) ]
TOTAL THIS MO.    16
DPTR FM NORMAL     1    [PRESSURE DATA]
TOTAL FM JAN 1  1070    HIGHEST SLP M ON M
DPTR FM NORMAL   -80    LOWEST  SLP 29.60 ON 14

[REMARKS]
