000
CXUS56 KFGZ 240900
CF6FLG
PRELIMINARY LOCAL CLIMATOLOGICAL DATA (WS FORM: F-6)

                                          STATION:   FLAGSTAFF AZ AIRPORT
                                          MONTH:     FEBRUARY
                                          YEAR:      2018
                                          LATITUDE:   35  7 N
                                          LONGITUDE: 111 40 W

  TEMPERATURE IN F:       :PCPN:    SNOW:  WIND      :SUNSHINE: SKY     :PK WND
================================================================================
1   2   3   4   5  6A  6B    7    8   9   10  11  12  13   14  15   16   17  18
                                     12Z  AVG MX 2MIN
DY MAX MIN AVG DEP HDD CDD  WTR  SNW DPTH SPD SPD DIR MIN PSBL S-S WX    SPD DR
================================================================================

 1  64  26  45  14  20   0 0.00  0.0    0  4.4 16 220   M    M   0        19 230
 2  61  23  42  11  23   0 0.00  0.0    0  4.2 18 220   M    M   0        22 220
 3  61  26  44  13  21   0 0.00  0.0    0  3.8 14 230   M    M   0        20 230
 4  63  21  42  11  23   0 0.00  0.0    0  2.9 15 210   M    M   0        25 210
 5  61  28  45  14  20   0 0.00  0.0    0  5.6 18 230   M    M   0        23 210
 6  52  25  39   8  26   0 0.00  0.0    0  7.0 18  60   M    M   0        28 330
 7  52  21  37   6  28   0 0.00  0.0    0  6.0 17  50   M    M   0        24 100
 8  59  18  39   8  26   0 0.00  0.0    0  2.7 14  70   M    M   0        17  70
 9  62  20  41  10  24   0 0.00  0.0    0  6.2 21 220   M    M   0        26 210
10  54  30  42  11  23   0 0.00  0.0    0 15.4 35 220   M    M   2        44 230
11  48  20  34   3  31   0 0.00  0.0    0 10.3 24  60   M    M   0 8      34  40
12  38  32  35   3  30   0 0.83  2.6    0 17.6 30 200   M    M   9 12     38 210
13  40  29  35   3  30   0 0.12  0.3    2  7.6 26 210   M    M   8 1      36 210
14  40  27  34   2  31   0 0.35  3.1    3  8.2 22 210   M    M   5 12     29 220
15  43  26  35   3  30   0 0.02    T    3  4.5 14 220   M    M   6 12     17 220
16  45  19  32   0  33   0 0.00  0.0    0  3.6 14 220   M    M   0        16 220
17  54  20  37   5  28   0 0.00  0.0    0  3.3 17 200   M    M   0        22 220
18  47  26  37   5  28   0 0.00  0.0    0 19.3 38 220   M    M   5        50 220
19  36  18  27  -5  38   0 0.12  1.5    0 23.8 45 210   M    M   8 1238   59 200
20  30   1  16 -17  49   0 0.00  0.0    1  4.9 20 230   M    M   0        26 220
21  32   2  17 -16  48   0 0.00  0.0    T  7.0 23 220   M    M   3        28 210
22  33   8  21 -12  44   0    T    T    0 14.0 32 220   M    M   2        40 210
23  25  16  21 -12  44   0 0.47  7.0    7 11.1 29 220   M    M   9 12     35 220
================================================================================
SM 1100  482       698   0  1.91    14.5 193.4          M       57
================================================================================
AV 47.8 21.0                               8.4 FASTST   M    M   2    MAX(MPH)
                                 MISC ---->  # 45 210               # 59  200
================================================================================
NOTES:
# LAST OF SEVERAL OCCURRENCES

COLUMN 17 PEAK WIND IN M.P.H.

PRELIMINARY LOCAL CLIMATOLOGICAL DATA (WS FORM: F-6) , PAGE 2

                                          STATION:  FLAGSTAFF AZ AIRPORT
                                          MONTH:    FEBRUARY
                                          YEAR:     2018
                                          LATITUDE:   35  7 N
                                          LONGITUDE: 111 40 W

[TEMPERATURE DATA]      [PRECIPITATION DATA]       SYMBOLS USED IN COLUMN 16

AVERAGE MONTHLY: 34.4   TOTAL FOR MONTH:   1.91    1 = FOG OR MIST
DPTR FM NORMAL:   2.7   DPTR FM NORMAL:    0.15    2 = FOG REDUCING VISIBILITY
HIGHEST:    64 ON  1    GRTST 24HR  0.83 ON 12-12      TO 1/4 MILE OR LESS
LOWEST:      1 ON 20                               3 = THUNDER
                        SNOW, ICE PELLETS, HAIL    4 = ICE PELLETS
                        TOTAL MONTH:  14.5 INCHES  5 = HAIL
                        GRTST 24HR   7.0 ON 23-23  6 = FREEZING RAIN OR DRIZZLE
                        GRTST DEPTH:   7 ON 23     7 = DUSTSTORM OR SANDSTORM:
                                                       VSBY 1/2 MILE OR LESS
                                                   8 = SMOKE OR HAZE
[NO. OF DAYS WITH]      [WEATHER - DAYS WITH]      9 = BLOWING SNOW
                                                   X = TORNADO
MAX 32 OR BELOW:   3    0.01 INCH OR MORE:   6
MAX 90 OR ABOVE:   0    0.10 INCH OR MORE:   5
MIN 32 OR BELOW:  23    0.50 INCH OR MORE:   1
MIN  0 OR BELOW:   0    1.00 INCH OR MORE:   0

[HDD (BASE 65) ]
TOTAL THIS MO.   698    CLEAR  (SCALE 0-3)  16
DPTR FM NORMAL   -67    PTCLDY (SCALE 4-7)   4
TOTAL FM JUL 1  3935    CLOUDY (SCALE 8-10)  3
DPTR FM NORMAL  -746

[CDD (BASE 65) ]
TOTAL THIS MO.     0
DPTR FM NORMAL     0    [PRESSURE DATA]
TOTAL FM JAN 1     0    HIGHEST SLP M ON M
DPTR FM NORMAL     0    LOWEST  SLP 29.41 ON 19

[REMARKS]
