000
CXUS56 KFGZ 240900
CF6FLG
PRELIMINARY LOCAL CLIMATOLOGICAL DATA (WS FORM: F-6)

                                          STATION:   FLAGSTAFF AZ AIRPORT
                                          MONTH:     MAY
                                          YEAR:      2017
                                          LATITUDE:   35  7 N
                                          LONGITUDE: 111 40 W

  TEMPERATURE IN F:       :PCPN:    SNOW:  WIND      :SUNSHINE: SKY     :PK WND
================================================================================
1   2   3   4   5  6A  6B    7    8   9   10  11  12  13   14  15   16   17  18
                                     12Z  AVG MX 2MIN
DY MAX MIN AVG DEP HDD CDD  WTR  SNW DPTH SPD SPD DIR MIN PSBL S-S WX    SPD DR
================================================================================

 1  68  29  49   1  16   0 0.00  0.0    0  6.4 23 220   M    M   1        34 220
 2  72  30  51   3  14   0 0.00  0.0    0  6.4 24 220   M    M   0        40 210
 3  72  35  54   6  11   0 0.00  0.0    0  5.0 17  50   M    M   0        24  60
 4  76  31  54   6  11   0 0.00  0.0    0  4.7 21 210   M    M   0        27 200
 5  77  39  58   9   7   0 0.00  0.0    0  4.8 21 220   M    M   1 8      29 170
 6  69  44  57   8   8   0 0.00  0.0    0 14.6 33 210   M    M   0        44 220
 7  56  32  44  -5  21   0 0.00  0.0    0 10.5 25 200   M    M   5 8      36 210
 8  60  30  45  -5  20   0 0.05  0.0    0  6.5 25 160   M    M   5 13     33 190
 9  47  32  40 -10  25   0 0.49  0.2    0  5.8 24 220   M    M   6 13     28 220
10  50  29  40 -10  25   0 0.00  0.0    0  7.6 21 220   M    M   6 1      24 240
11  68  35  52   2  13   0 0.00  0.0    0  4.0 13  60   M    M   4        17  30
12  70  36  53   2  12   0 0.00  0.0    0  8.7 25 220   M    M   0 8      30 220
13  68  42  55   4  10   0 0.00  0.0    0 16.9 35 220   M    M   0        44 210
14  65  34  50  -1  15   0 0.00  0.0    0 12.5 31 200   M    M   0        41 180
15  59  36  48  -3  17   0 0.00  0.0    0 15.3 33 210   M    M   2        47 200
16  53  31  42 -10  23   0 0.00  0.0    0 10.4 26 230   M    M   4 8      35 220
17  55  29  42 -10  23   0 0.17  0.0    0 13.5 32 210   M    M   5 1      40 220
18  52  26  39 -13  26   0 0.08  1.0    0  5.3 18 250   M    M   3 1      24 250
19  58  28  43  -9  22   0 0.00  0.0    0  7.0 18  50   M    M   0        25  70
20  66  27  47  -6  18   0 0.00  0.0    0  6.1 18  70   M    M   0        23  80
21  72  29  51  -2  14   0 0.00  0.0    0  3.3 14  70   M    M   1        20  70
22  74  35  55   2  10   0 0.00  0.0    0  4.6 16 360   M    M   1        25  10
23  76  37  57   4   8   0 0.00  0.0    0  7.3 23  40   M    M   0 8      29  60
================================================================================
SM 1483  756       369   0  0.79     1.2 187.2          M       44
================================================================================
AV 64.5 32.9                               8.1 FASTST   M    M   2    MAX(MPH)
                                 MISC ---->  # 35 220               # 47  200
================================================================================
NOTES:
# LAST OF SEVERAL OCCURRENCES

COLUMN 17 PEAK WIND IN M.P.H.

PRELIMINARY LOCAL CLIMATOLOGICAL DATA (WS FORM: F-6) , PAGE 2

                                          STATION:  FLAGSTAFF AZ AIRPORT
                                          MONTH:    MAY
                                          YEAR:     2017
                                          LATITUDE:   35  7 N
                                          LONGITUDE: 111 40 W

[TEMPERATURE DATA]      [PRECIPITATION DATA]       SYMBOLS USED IN COLUMN 16

AVERAGE MONTHLY: 48.7   TOTAL FOR MONTH:   0.79    1 = FOG OR MIST
DPTR FM NORMAL:  -1.9   DPTR FM NORMAL:    0.32    2 = FOG REDUCING VISIBILITY
HIGHEST:    77 ON  5    GRTST 24HR  0.49 ON  9- 9      TO 1/4 MILE OR LESS
LOWEST:     26 ON 18                               3 = THUNDER
                        SNOW, ICE PELLETS, HAIL    4 = ICE PELLETS
                        TOTAL MONTH:   1.2 INCHES  5 = HAIL
                        GRTST 24HR   1.0 ON 18-18  6 = FREEZING RAIN OR DRIZZLE
                        GRTST DEPTH:   0           7 = DUSTSTORM OR SANDSTORM:
                                                       VSBY 1/2 MILE OR LESS
                                                   8 = SMOKE OR HAZE
[NO. OF DAYS WITH]      [WEATHER - DAYS WITH]      9 = BLOWING SNOW
                                                   X = TORNADO
MAX 32 OR BELOW:   0    0.01 INCH OR MORE:   4
MAX 90 OR ABOVE:   0    0.10 INCH OR MORE:   2
MIN 32 OR BELOW:  13    0.50 INCH OR MORE:   0
MIN  0 OR BELOW:   0    1.00 INCH OR MORE:   0

[HDD (BASE 65) ]
TOTAL THIS MO.   369    CLEAR  (SCALE 0-3)  16
DPTR FM NORMAL    37    PTCLDY (SCALE 4-7)   7
TOTAL FM JUL 1  6152    CLOUDY (SCALE 8-10)  0
DPTR FM NORMAL  -536

[CDD (BASE 65) ]
TOTAL THIS MO.     0
DPTR FM NORMAL     0    [PRESSURE DATA]
TOTAL FM JAN 1     0    HIGHEST SLP M ON M
DPTR FM NORMAL     0    LOWEST  SLP 29.57 ON  6

[REMARKS]
