000
CXUS52 KMFL 211000
CF6FLL
PRELIMINARY LOCAL CLIMATOLOGICAL DATA (WS FORM: F-6)

                                          STATION:   FORT LAUDERDALE
                                          MONTH:     JULY
                                          YEAR:      2017
                                          LATITUDE:   26  4 N
                                          LONGITUDE:  80  9 W

  TEMPERATURE IN F:       :PCPN:    SNOW:  WIND      :SUNSHINE: SKY     :PK WND
================================================================================
1   2   3   4   5  6A  6B    7    8   9   10  11  12  13   14  15   16   17  18
                                     12Z  AVG MX 2MIN
DY MAX MIN AVG DEP HDD CDD  WTR  SNW DPTH SPD SPD DIR MIN PSBL S-S WX    SPD DR
================================================================================

 1  90  82  86   2   0  21    T  0.0    0 10.9 17 100   M    M   4        22 120
 2  89  77  83  -1   0  18 0.53  0.0    0  8.8 16 130   M    M   6 13     23 110
 3  90  82  86   2   0  21 0.00  0.0    0 12.0 17 130   M    M   4        21 130
 4  88  81  85   1   0  20    T  0.0    0 10.3 20 100   M    M   5 3      22 100
 5  90  81  86   2   0  21 0.08  0.0    0 11.8 18  90   M    M   4        23 110
 6  91  82  87   3   0  22    T  0.0    0 11.6 16 120   M    M   4        20 120
 7  91  83  87   3   0  22 0.00  0.0    0  9.2 15 120   M    M   6 3      20 140
 8  91  78  85   1   0  20 0.15  0.0    0  6.1 18 110   M    M   5 3      22 130
 9  90  79  85   1   0  20 0.00  0.0    0  8.6 17 130   M    M   5 3      21 120
10  88  76  82  -2   0  17 0.48  0.0    0  9.0 29 160   M    M   6 13     36 150
11  89  80  85   1   0  20 0.16  0.0    0  9.5 14  60   M    M   6        18  80
12  89  74  82  -2   0  17 0.37  0.0    0  9.7 26 110   M    M   7 3      32 110
13  89  77  83  -1   0  18 0.50  0.0    0 14.7 25 110   M    M   7 13     35 110
14  90  80  85   1   0  20 0.01  0.0    M 13.3 16  90   M    M   6        24 100
15  90  80  85   1   0  20    T  0.0    0 10.6 16  80   M    M   4        17 100
16  88  76  82  -2   0  17 0.24  0.0    0  6.4 12 130   M    M   5 13     32 100
17  90  77  84   0   0  19 0.11  0.0    0  4.9 10 190   M    M   5 3      24 130
18  90  77  84   0   0  19    T  0.0    0  2.9 15 230   M    M   7 3       M  M
19  89  78  84   0   0  19 0.15  0.0    0  3.8 12 140   M    M   7 3       M  M
20  91  77  84   0   0  19 0.23  0.0    0  4.8 15 110   M    M   8 3      21  20
================================================================================
SM 1793 1577         0 390  3.01     0.0 178.9          M      111
================================================================================
AV 89.7 78.9                               8.9 FASTST   M    M   6    MAX(MPH)
                                 MISC ---->  # 29 160               # 36  150
================================================================================
NOTES:
# LAST OF SEVERAL OCCURRENCES

COLUMN 17 PEAK WIND IN M.P.H.

PRELIMINARY LOCAL CLIMATOLOGICAL DATA (WS FORM: F-6) , PAGE 2

                                          STATION:  FORT LAUDERDALE
                                          MONTH:    JULY
                                          YEAR:     2017
                                          LATITUDE:   26  4 N
                                          LONGITUDE:  80  9 W

[TEMPERATURE DATA]      [PRECIPITATION DATA]       SYMBOLS USED IN COLUMN 16

AVERAGE MONTHLY: 84.3   TOTAL FOR MONTH:   3.01    1 = FOG OR MIST
DPTR FM NORMAL:   0.2   DPTR FM NORMAL:   -1.01    2 = FOG REDUCING VISIBILITY
HIGHEST:    91 ON 20, 8 GRTST 24HR  0.53 ON  2- 2      TO 1/4 MILE OR LESS
LOWEST:     74 ON 12                               3 = THUNDER
                        SNOW, ICE PELLETS, HAIL    4 = ICE PELLETS
                        TOTAL MONTH:   0.0 INCH    5 = HAIL
                        GRTST 24HR     0.0         6 = FREEZING RAIN OR DRIZZLE
                        GRTST DEPTH:   0           7 = DUSTSTORM OR SANDSTORM:
                                                       VSBY 1/2 MILE OR LESS
                                                   8 = SMOKE OR HAZE
[NO. OF DAYS WITH]      [WEATHER - DAYS WITH]      9 = BLOWING SNOW
                                                   X = TORNADO
MAX 32 OR BELOW:   0    0.01 INCH OR MORE:  12
MAX 90 OR ABOVE:  12    0.10 INCH OR MORE:  10
MIN 32 OR BELOW:   0    0.50 INCH OR MORE:   2
MIN  0 OR BELOW:   0    1.00 INCH OR MORE:   0

[HDD (BASE 65) ]
TOTAL THIS MO.     0    CLEAR  (SCALE 0-3)   0
DPTR FM NORMAL     0    PTCLDY (SCALE 4-7)  20
TOTAL FM JUL 1     0    CLOUDY (SCALE 8-10)  0
DPTR FM NORMAL     0

[CDD (BASE 65) ]
TOTAL THIS MO.   390
DPTR FM NORMAL     9    [PRESSURE DATA]
TOTAL FM JAN 1  2500    HIGHEST SLP M ON M
DPTR FM NORMAL   158    LOWEST  SLP 29.94 ON 16

[REMARKS]
