133
CXUS52 KILM 251000
CF6FLO
PRELIMINARY LOCAL CLIMATOLOGICAL DATA (WS FORM: F-6)

                                          STATION:   FLORENCE SOUTH  CAROLINA
                                          MONTH:     JULY
                                          YEAR:      2016
                                          LATITUDE:   34 10 N
                                          LONGITUDE:  79 43 W

  TEMPERATURE IN F:       :PCPN:    SNOW:  WIND      :SUNSHINE: SKY     :PK WND
================================================================================
1   2   3   4   5  6A  6B    7    8   9   10  11  12  13   14  15   16   17  18
                                     12Z  AVG MX 2MIN
DY MAX MIN AVG DEP HDD CDD  WTR  SNW DPTH SPD SPD DIR MIN PSBL S-S WX    SPD DR
================================================================================

 1  92  75  84   3   0  19    T    M    M  6.4 15 180   M    M   3        19 180
 2  96  74  85   4   0  20 0.00    M    M  5.9 14 180   M    M   2        17 190
 3  98  75  87   6   0  22 0.38    M    M  7.1 29 330   M    M   2 13     39 340
 4  96  76  86   5   0  21 0.01    M    M  6.6 15 210   M    M   4 1      20 230
 5  98  77  88   7   0  23 0.03    M    M 10.7 24 290   M    M   1        36 290
 6  97  74  86   5   0  21 0.02    M    M 10.8 26 270   M    M   1 38     37 260
 7  97  73  85   4   0  20 0.59    M    M 10.0 52 230   M    M   1 138    64 230
 8  97  72  85   4   0  20 0.24    M    M  6.9 29 350   M    M   0 13     41 340
 9  96  73  85   4   0  20 0.02    M    M  6.0 14 320   M    M   0 13     18 320
10  95  75  85   4   0  20    T    M    M  4.2 12 170   M    M   1        14 180
11  95  71  83   2   0  18 1.33    M    M  5.2 35 320   M    M   1 13     43 310
12  95  72  84   3   0  19 0.00    M    M  4.9 14 240   M    M   3        17 230
13  97  76  87   6   0  22 0.00    M    M  5.3 12 190   M    M   1        16 190
14  97  78  88   7   0  23 0.00    M    M  8.0 23 250   M    M   0        28 250
15  96  74  85   4   0  20 0.40    M    M  6.6 23 300   M    M   2 13     30 300
16  91  73  82   1   0  17 0.79    M    M  6.0 18 340   M    M   3 13     24 350
17  92  72  82   1   0  17 0.13    M    M  4.2 25 180   M    M   2 1      32 200
18  93  73  83   2   0  18 0.00    M    M  5.0 13 220   M    M   2 12     20 200
19  93  72  83   2   0  18 0.92    M    M  6.7 26  70   M    M   2 13     33  70
20  91  71  81   0   0  16 1.01    M    M  4.7 14 240   M    M   1 13     16 240
21  92  75  84   3   0  19 0.00    M    M  3.1 12 240   M    M   2        14 230
22  92  72  82   1   0  17 0.00    M    M  5.4 14 180   M    M   2        16 170
23  96  77  87   6   0  22 0.00    M    M  6.6 14 150   M    M   1 3      18 140
24  96  77  87   6   0  22 0.00    M    M  5.8 17 170   M    M   0        20 160
================================================================================
SM 2278 1777         0 474  5.87    M    152.1          M       37
================================================================================
AV 94.9 74.0                               6.3 FASTST   M    M   2    MAX(MPH)
                                 MISC ---->  # 52 230               # 64  230
================================================================================
NOTES:
# LAST OF SEVERAL OCCURRENCES

COLUMN 17 PEAK WIND IN M.P.H.

PRELIMINARY LOCAL CLIMATOLOGICAL DATA (WS FORM: F-6) , PAGE 2

                                          STATION:  FLORENCE SOUTH  CAROLINA
                                          MONTH:    JULY
                                          YEAR:     2016
                                          LATITUDE:   34 10 N
                                          LONGITUDE:  79 43 W

[TEMPERATURE DATA]      [PRECIPITATION DATA]       SYMBOLS USED IN COLUMN 16

AVERAGE MONTHLY: 84.5   TOTAL FOR MONTH:   5.87    1 = FOG OR MIST
DPTR FM NORMAL:   3.5   DPTR FM NORMAL:    1.87    2 = FOG REDUCING VISIBILITY
HIGHEST:    98 ON  5, 3 GRTST 24HR  1.93 ON 19-20      TO 1/4 MILE OR LESS
LOWEST:     71 ON 20,11                            3 = THUNDER
                        SNOW, ICE PELLETS, HAIL    4 = ICE PELLETS
                        TOTAL MONTH:    M          5 = HAIL
                        GRTST 24HR    M  ON   M    6 = FREEZING RAIN OR DRIZZLE
                        GRTST DEPTH:  M  ON   M    7 = DUSTSTORM OR SANDSTORM:
                                                       VSBY 1/2 MILE OR LESS
                                                   8 = SMOKE OR HAZE
[NO. OF DAYS WITH]      [WEATHER - DAYS WITH]      9 = BLOWING SNOW
                                                   X = TORNADO
MAX 32 OR BELOW:   0    0.01 INCH OR MORE:  13
MAX 90 OR ABOVE:  24    0.10 INCH OR MORE:   9
MIN 32 OR BELOW:   0    0.50 INCH OR MORE:   5
MIN  0 OR BELOW:   0    1.00 INCH OR MORE:   2

[HDD (BASE 65) ]
TOTAL THIS MO.     0    CLEAR  (SCALE 0-3)  22
DPTR FM NORMAL     0    PTCLDY (SCALE 4-7)   2
TOTAL FM JUL 1     0    CLOUDY (SCALE 8-10)  0
DPTR FM NORMAL     0

[CDD (BASE 65) ]
TOTAL THIS MO.   474
DPTR FM NORMAL    90    [PRESSURE DATA]
TOTAL FM JAN 1  1308    HIGHEST SLP M ON M
DPTR FM NORMAL   220    LOWEST  SLP 29.87 ON M

[REMARKS]
