000
CXUS53 KOAX 231000
CF6FNB
PRELIMINARY LOCAL CLIMATOLOGICAL DATA (WS FORM: F-6)

                                          STATION:   FALLS CITY, NEBRASKA
                                          MONTH:     JULY
                                          YEAR:      2016
                                          LATITUDE:   40  4 N
                                          LONGITUDE:  95 35 W

  TEMPERATURE IN F:       :PCPN:    SNOW:  WIND      :SUNSHINE: SKY     :PK WND
================================================================================
1   2   3   4   5  6A  6B    7    8   9   10  11  12  13   14  15   16   17  18
                                     12Z  AVG MX 2MIN
DY MAX MIN AVG DEP HDD CDD  WTR  SNW DPTH SPD SPD DIR MIN PSBL S-S WX    SPD DR
================================================================================

 1  82  62  72  -5   0   7 0.00    M    M  5.5 12  70   M    M   1        14 100
 2  70  61  66 -11   0   1 0.89    M    M 10.7 17 110   M    M  10 1      23 110
 3  66  59  63 -14   2   0 0.94    M    M  7.1 15  80   M    M  10 1      19  70
 4  83  63  73  -4   0   8 0.00    M    M  2.5  9 170   M    M   7 12     12 140
 5  98  68  83   6   0  18 0.00    M    M  8.0 15 210   M    M   0 1      22 190
 6  90  73  82   5   0  17 0.00    M    M   M   M   M   M    M   0         M  M
 7  88  66  77  -1   0  12 0.56    M    M  8.9 47 300   M    M   2 13     67 290
 8  88  71  80   2   0  15 0.00    M    M  3.4  8 150   M    M   1        11 340
 9  89  69  79   1   0  14 0.00    M    M  7.8 14 120   M    M   1 3      20 110
10  91  72  82   4   0  17 0.00    M    M 10.4 23 160   M    M   0        29 160
11  92  75  84   6   0  19 0.00    M    M 15.0 25 170   M    M   1        34 170
12  84  64  74  -4   0   9 0.77    M    M  8.9 29  10   M    M   6 13     43 360
13  87  69  78   0   0  13 0.35    M    M  5.5 31 240   M    M   2 13     44 270
14  83  65  74  -4   0   9    T    M    M  4.0 24 220   M    M   0 123    35 210
15  77  62  70  -8   0   5    T    M    M  4.7 14 360   M    M   1 12     18 350
16  87  62  75  -3   0  10 0.00    M    M  7.3 17 150   M    M   1        25 150
17  85  73  79   1   0  14 0.03    M    M  7.9 31 170   M    M   2 3      41 180
18  88  67  78   0   0  13 0.67    M    M 11.1 25  80   M    M   2 13     32  80
19  92  71  82   4   0  17 0.00    M    M  8.2 16 210   M    M   1        21 210
20  95  74  85   7   0  20 0.00    M    M 10.7 20 160   M    M   0        25 160
21  97  78  88  10   0  23 0.00    M    M 11.1 21 200   M    M   0        26 200
22  96  79  88  10   0  23 0.04    M    M 10.4 22 150   M    M   0 3      31 140
================================================================================
SM 1908 1503         2 284  4.25    M    169.1          M       48
================================================================================
AV 86.7 68.3                               8.1 FASTST   M    M   2    MAX(MPH)
                                 MISC ---->  # 47 300               # 67  290
================================================================================
NOTES:
# LAST OF SEVERAL OCCURRENCES

COLUMN 17 PEAK WIND IN M.P.H.

PRELIMINARY LOCAL CLIMATOLOGICAL DATA (WS FORM: F-6) , PAGE 2

                                          STATION:  FALLS CITY, NEBRASKA
                                          MONTH:    JULY
                                          YEAR:     2016
                                          LATITUDE:   40  4 N
                                          LONGITUDE:  95 35 W

[TEMPERATURE DATA]      [PRECIPITATION DATA]       SYMBOLS USED IN COLUMN 16

AVERAGE MONTHLY: 77.5   TOTAL FOR MONTH:   4.25    1 = FOG OR MIST
DPTR FM NORMAL:  -0.2   DPTR FM NORMAL:    0.62    2 = FOG REDUCING VISIBILITY
HIGHEST:    98 ON  5    GRTST 24HR  1.79 ON  2- 3      TO 1/4 MILE OR LESS
LOWEST:     59 ON  3                               3 = THUNDER
                        SNOW, ICE PELLETS, HAIL    4 = ICE PELLETS
                        TOTAL MONTH:    M          5 = HAIL
                        GRTST 24HR    M  ON   M    6 = FREEZING RAIN OR DRIZZLE
                        GRTST DEPTH:  M  ON   M    7 = DUSTSTORM OR SANDSTORM:
                                                       VSBY 1/2 MILE OR LESS
                                                   8 = SMOKE OR HAZE
[NO. OF DAYS WITH]      [WEATHER - DAYS WITH]      9 = BLOWING SNOW
                                                   X = TORNADO
MAX 32 OR BELOW:   0    0.01 INCH OR MORE:   8
MAX 90 OR ABOVE:   8    0.10 INCH OR MORE:   6
MIN 32 OR BELOW:   0    0.50 INCH OR MORE:   5
MIN  0 OR BELOW:   0    1.00 INCH OR MORE:   0

[HDD (BASE 65) ]
TOTAL THIS MO.     2    CLEAR  (SCALE 0-3)  18
DPTR FM NORMAL     2    PTCLDY (SCALE 4-7)   2
TOTAL FM JUL 1     2    CLOUDY (SCALE 8-10)  2
DPTR FM NORMAL     2

[CDD (BASE 65) ]
TOTAL THIS MO.   284
DPTR FM NORMAL     4    [PRESSURE DATA]
TOTAL FM JAN 1   786    HIGHEST SLP M ON M
DPTR FM NORMAL   140    LOWEST  SLP 29.56 ON 11

[REMARKS]
