000
CXUS53 KDTX 290800
CF6FNT
PRELIMINARY LOCAL CLIMATOLOGICAL DATA (WS FORM: F-6)

                                          STATION:   FLINT MI
                                          MONTH:     MAY
                                          YEAR:      2015
                                          LATITUDE:   42 58 N
                                          LONGITUDE:  83 44 W

  TEMPERATURE IN F:       :PCPN:    SNOW:  WIND      :SUNSHINE: SKY     :PK WND
================================================================================
1   2   3   4   5  6A  6B    7    8   9   10  11  12  13   14  15   16   17  18
                                     12Z  AVG MX 2MIN
DY MAX MIN AVG DEP HDD CDD  WTR  SNW DPTH SPD SPD DIR MIN PSBL S-S WX    SPD DR
================================================================================

 1  74  41  58   6   7   0 0.00  0.0    0  6.9 17  20   M    M   0        24 330
 2  76  45  61   9   4   0 0.00  0.0    0  6.1 16 270   M    M   1        21 230
 3  81  49  65  12   0   0 0.00  0.0    0  9.4 20 240   M    M   3        26 250
 4  76  60  68  15   0   3 0.10  0.0    0 11.2 25 280   M    M   7        33 250
 5  61  50  56   3   9   0 0.40  0.0    0  5.7 17  70   M    M   8 1      21  70
 6  77  51  64  10   1   0    T  0.0    0  4.2 10 120   M    M   6 18     15 100
 7  86  54  70  16   0   5 0.00  0.0    0  7.6 16 160   M    M   0 128    28 200
 8  86  63  75  21   0  10 0.25  0.0    0  7.7 29 290   M    M   4 3      33 290
 9  77  60  69  14   0   4 0.02  0.0    0  7.3 16 310   M    M   7 18     20 260
10  70  53  62   7   3   0 0.58  0.0    0  8.0 12 360   M    M  10 1      15  40
11  77  51  64   9   1   0 0.18  0.0    0  6.9 18 230   M    M   8 12     23 230
12  63  48  56   0   9   0 0.01  0.0    0 15.9 25 270   M    M   8        34 270
13  60  40  50  -6  15   0 0.00  0.0    0  7.8 15 360   M    M   5        19 330
14  67  36  52  -4  13   0 0.00  0.0    0  5.3 12 140   M    M   0        16 140
15  74  51  63   7   2   0 0.44  0.0    0  7.0 15 200   M    M   7 128    20 180
16  77  55  66   9   0   1    T  0.0    0  4.2 10 150   M    M   8 128    13 140
17  84  62  73  16   0   8    T  0.0    0  9.0 20 150   M    M   6 12     26 150
18  84  59  72  14   0   7 0.09  0.0    0 10.5 29 250   M    M   1        39 250
19  59  41  50  -8  15   0 0.00  0.0    0 13.5 24 300   M    M   8        30 300
20  62  40  51  -7  14   0 0.00  0.0    0  5.6 17 340   M    M   5        21 340
21  68  48  58   0   7   0 0.00  0.0    0  9.6 20 270   M    M   3        27 280
22  68  41  55  -4  10   0 0.00  0.0    0  9.7 20 330   M    M   2        25 320
23  77  36  57  -2   8   0 0.00  0.0    0  5.6 15 250   M    M   0        21 240
24  79  50  65   5   0   0    T  0.0    0  6.4 13 220   M    M   5        17 220
25  83  66  75  15   0  10 0.11  0.0    0 10.4 29 270   M    M   5 8      41 270
26  85  67  76  16   0  11 0.06  0.0    0 11.1 26 170   M    M   4        33 190
27  81  59  70  10   0   5 0.00  0.0    0 12.7 25 260   M    M   3        36 270
28  83  52  68   7   0   3 0.00  0.0    0  5.3 13 170   M    M   1 12     16 200
================================================================================
SM 2095 1428       118  67  2.24     0.0 230.6          M      125
================================================================================
AV 74.8 51.0                               8.2 FASTST   M    M   4    MAX(MPH)
                                 MISC ---->  # 29 290               # 41  270
================================================================================
NOTES:
# LAST OF SEVERAL OCCURRENCES

COLUMN 17 PEAK WIND IN M.P.H.

PRELIMINARY LOCAL CLIMATOLOGICAL DATA (WS FORM: F-6) , PAGE 2

                                          STATION:  FLINT MI
                                          MONTH:    MAY
                                          YEAR:     2015
                                          LATITUDE:   42 58 N
                                          LONGITUDE:  83 44 W

[TEMPERATURE DATA]      [PRECIPITATION DATA]       SYMBOLS USED IN COLUMN 16

AVERAGE MONTHLY: 62.9   TOTAL FOR MONTH:   2.24    1 = FOG OR MIST
DPTR FM NORMAL:   6.5   DPTR FM NORMAL:   -0.54    2 = FOG REDUCING VISIBILITY
HIGHEST:    86 ON  8, 7 GRTST 24HR  0.58 ON 10-10      TO 1/4 MILE OR LESS
LOWEST:     36 ON 23,14                            3 = THUNDER
                        SNOW, ICE PELLETS, HAIL    4 = ICE PELLETS
                        TOTAL MONTH:   0.0 INCH    5 = HAIL
                        GRTST 24HR     0.0         6 = FREEZING RAIN OR DRIZZLE
                        GRTST DEPTH:   0           7 = DUSTSTORM OR SANDSTORM:
                                                       VSBY 1/2 MILE OR LESS
                                                   8 = SMOKE OR HAZE
[NO. OF DAYS WITH]      [WEATHER - DAYS WITH]      9 = BLOWING SNOW
                                                   X = TORNADO
MAX 32 OR BELOW:   0    0.01 INCH OR MORE:  11
MAX 90 OR ABOVE:   0    0.10 INCH OR MORE:   7
MIN 32 OR BELOW:   0    0.50 INCH OR MORE:   1
MIN  0 OR BELOW:   0    1.00 INCH OR MORE:   0

[HDD (BASE 65) ]
TOTAL THIS MO.   118    CLEAR  (SCALE 0-3)   9
DPTR FM NORMAL  -146    PTCLDY (SCALE 4-7)  16
TOTAL FM JUL 1  6907    CLOUDY (SCALE 8-10)  3
DPTR FM NORMAL    36

[CDD (BASE 65) ]
TOTAL THIS MO.    67
DPTR FM NORMAL    45    [PRESSURE DATA]
TOTAL FM JAN 1    67    HIGHEST SLP M ON M
DPTR FM NORMAL    41    LOWEST  SLP 29.74 ON 11

[REMARKS]
