000
CXUS54 KTSA 160940
CF6FSM
PRELIMINARY LOCAL CLIMATOLOGICAL DATA (WS FORM: F-6)

                                          STATION:   FORT SMITH ARKANSAS
                                          MONTH:     JANUARY
                                          YEAR:      2018
                                          LATITUDE:   35 19 N
                                          LONGITUDE:  94 22 W

  TEMPERATURE IN F:       :PCPN:    SNOW:  WIND      :SUNSHINE: SKY     :PK WND
================================================================================
1   2   3   4   5  6A  6B    7    8   9   10  11  12  13   14  15   16   17  18
                                     12Z  AVG MX 2MIN
DY MAX MIN AVG DEP HDD CDD  WTR  SNW DPTH SPD SPD DIR MIN PSBL S-S WX    SPD DR
================================================================================

 1  25  11  18 -21  47   0 0.00  0.0    0  6.4 15  10   M    M   0        18  10
 2  24  16  20 -19  45   0 0.00  0.0    0  5.4 12  90   M    M   3        15  80
 3  39  14  27 -12  38   0 0.00  0.0    0  7.4 16 340   M    M   0        23 290
 4  42  20  31  -8  34   0 0.00  0.0    0  2.8 10 320   M    M   0        12 320
 5  53  18  36  -3  29   0 0.00  0.0    0  2.3  8  60   M    M   0         9  30
 6  45  29  37  -2  28   0 0.00  0.0    0 12.1 18  70   M    M   0        22  70
 7  41  30  36  -3  29   0 0.54  0.0    0  9.5 16  70   M    M   7 1      19  80
 8  55  35  45   6  20   0 0.00  0.0    0  6.4 15 310   M    M   3 18     19 310
 9  45  33  39   0  26   0 0.00  0.0    0  8.8 16 110   M    M  10 1      19 110
10  65  43  54  15  11   0 0.00  0.0    0 10.0 23 170   M    M   5 1      32 180
11  68  23  46   7  19   0    T    T    0 13.6 28 260   M    M   8 6      32 280
12  37  18  28 -11  37   0 0.00  0.0    0 11.8 20 320   M    M   2        26 310
13  38  26  32  -7  33   0 0.00  0.0    0  4.5 14 360   M    M   6        16 350
14  44  27  36  -3  29   0 0.00  0.0    0  5.8 13  80   M    M   5        16 110
15  46  18  32  -7  33   0 0.00  0.0    0  9.9 22 350   M    M   6        27 350
================================================================================
SM  667  361       458   0  0.54    T    116.7          M       55
================================================================================
AV 44.5 24.1                               7.8 FASTST   M    M   4    MAX(MPH)
                                 MISC ---->  # 28 260               # 32  180
================================================================================
NOTES:
# LAST OF SEVERAL OCCURRENCES

COLUMN 17 PEAK WIND IN M.P.H.

PRELIMINARY LOCAL CLIMATOLOGICAL DATA (WS FORM: F-6) , PAGE 2

                                          STATION:  FORT SMITH ARKANSAS
                                          MONTH:    JANUARY
                                          YEAR:     2018
                                          LATITUDE:   35 19 N
                                          LONGITUDE:  94 22 W

[TEMPERATURE DATA]      [PRECIPITATION DATA]       SYMBOLS USED IN COLUMN 16

AVERAGE MONTHLY: 34.3   TOTAL FOR MONTH:   0.54    1 = FOG OR MIST
DPTR FM NORMAL:  -4.7   DPTR FM NORMAL:   -0.77    2 = FOG REDUCING VISIBILITY
HIGHEST:    68 ON 11    GRTST 24HR  0.54 ON  7- 7      TO 1/4 MILE OR LESS
LOWEST:     11 ON  1                               3 = THUNDER
                        SNOW, ICE PELLETS, HAIL    4 = ICE PELLETS
                        TOTAL MONTH:    T          5 = HAIL
                        GRTST 24HR    T  ON 11-11  6 = FREEZING RAIN OR DRIZZLE
                        GRTST DEPTH:   0           7 = DUSTSTORM OR SANDSTORM:
                                                       VSBY 1/2 MILE OR LESS
                                                   8 = SMOKE OR HAZE
[NO. OF DAYS WITH]      [WEATHER - DAYS WITH]      9 = BLOWING SNOW
                                                   X = TORNADO
MAX 32 OR BELOW:   2    0.01 INCH OR MORE:   1
MAX 90 OR ABOVE:   0    0.10 INCH OR MORE:   1
MIN 32 OR BELOW:  12    0.50 INCH OR MORE:   1
MIN  0 OR BELOW:   0    1.00 INCH OR MORE:   0

[HDD (BASE 65) ]
TOTAL THIS MO.   458    CLEAR  (SCALE 0-3)   7
DPTR FM NORMAL    68    PTCLDY (SCALE 4-7)   7
TOTAL FM JUL 1  1571    CLOUDY (SCALE 8-10)  1
DPTR FM NORMAL  -118

[CDD (BASE 65) ]
TOTAL THIS MO.     0
DPTR FM NORMAL     0    [PRESSURE DATA]
TOTAL FM JAN 1     0    HIGHEST SLP M ON M
DPTR FM NORMAL     0    LOWEST  SLP 29.89 ON  7

[REMARKS]
