000
CXUS56 KSGX 231545
CF6FUL
PRELIMINARY LOCAL CLIMATOLOGICAL DATA (WS FORM: F-6)

                                          STATION:   FULLERTON AIRPORT CA
                                          MONTH:     JULY
                                          YEAR:      2016
                                          LATITUDE:   33 52 N
                                          LONGITUDE: 117 58 W

  TEMPERATURE IN F:       :PCPN:    SNOW:  WIND      :SUNSHINE: SKY     :PK WND
================================================================================
1   2   3   4   5  6A  6B    7    8   9   10  11  12  13   14  15   16   17  18
                                     12Z  AVG MX 2MIN
DY MAX MIN AVG DEP HDD CDD  WTR  SNW DPTH SPD SPD DIR MIN PSBL S-S WX    SPD DR
================================================================================

 1  80  65  73   1   0   8 0.00  0.0    0  5.8 12 190   M    M   5        16 210
 2  80  65  73   1   0   8 0.00  0.0    0  5.4 12 200   M    M   4        16 220
 3  78  63  71  -2   0   6 0.00  0.0    0  4.2 13 210   M    M   3        19 210
 4  83  64  74   1   0   9 0.00  0.0    0  3.4 14 210   M    M   4 8      21 230
 5  83  66  75   2   0  10 0.00  0.0    0  4.3 15 200   M    M   4 8      20 200
 6  82  64  73   0   0   8 0.00  0.0    0  4.3 14 180   M    M   5        20 180
 7  83  63  73   0   0   8 0.00  0.0    0  3.7 13 200   M    M   4        19 220
 8  84  66  75   2   0  10 0.00  0.0    0  3.7 13 190   M    M   3        16 210
 9  85  66  76   3   0  11 0.00  0.0    0  3.3 12 210   M    M   2 8      15 220
10  87  66  77   3   0  12 0.00  0.0    0  4.6 13 170   M    M   2        17 170
11  82  67  75   1   0  10 0.00  0.0    0  5.9 12 220   M    M   3        16 200
12  83  68  76   2   0  11 0.00  0.0    0  4.0 12 210   M    M   4        18 230
13  87  67  77   3   0  12 0.00  0.0    0  4.5 13 200   M    M   3 8      17 190
14  84  67  76   2   0  11 0.00  0.0    0  3.5 12 210   M    M   2 8      16 210
15  86  64  75   1   0  10 0.00  0.0    0  2.8 12 180   M    M   3 8      16 200
16  87  67  77   3   0  12 0.00  0.0    0  4.6 13 190   M    M   4        18 210
17  84  65  75   1   0  10 0.00  0.0    0  4.4 12 200   M    M   3 8      16 200
18  89  65  77   3   0  12 0.00  0.0    0  3.4 12 180   M    M   2        16 170
19  93  66  80   6   0  15 0.00  0.0    0  3.9 12 210   M    M   0        16 220
20 100  67  84  10   0  19 0.00  0.0    0  3.1 13 200   M    M   0        17 270
21 100  69  85  11   0  20 0.00  0.0    0  3.0 12 200   M    M   0        16 200
22 104  68  86  12   0  21 0.00  0.0    0  3.4 10 210   M    M   0        16 260
================================================================================
SM 1904 1448         0 253  0.00     0.0  89.2          M       60
================================================================================
AV 86.5 65.8                               4.1 FASTST   M    M   3    MAX(MPH)
                                 MISC ---->  # 15 200               # 21  230
================================================================================
NOTES:
# LAST OF SEVERAL OCCURRENCES

COLUMN 17 PEAK WIND IN M.P.H.

PRELIMINARY LOCAL CLIMATOLOGICAL DATA (WS FORM: F-6) , PAGE 2

                                          STATION:  FULLERTON AIRPORT CA
                                          MONTH:    JULY
                                          YEAR:     2016
                                          LATITUDE:   33 52 N
                                          LONGITUDE: 117 58 W

[TEMPERATURE DATA]      [PRECIPITATION DATA]       SYMBOLS USED IN COLUMN 16

AVERAGE MONTHLY: 76.2   TOTAL FOR MONTH:   0.00    1 = FOG OR MIST
DPTR FM NORMAL:   2.7   DPTR FM NORMAL:   -0.03    2 = FOG REDUCING VISIBILITY
HIGHEST:   104 ON 22    GRTST 24HR  0.00 ON 22-22      TO 1/4 MILE OR LESS
LOWEST:     63 ON  7, 3                            3 = THUNDER
                        SNOW, ICE PELLETS, HAIL    4 = ICE PELLETS
                        TOTAL MONTH:   0.0 INCH    5 = HAIL
                        GRTST 24HR     0.0         6 = FREEZING RAIN OR DRIZZLE
                        GRTST DEPTH:   0           7 = DUSTSTORM OR SANDSTORM:
                                                       VSBY 1/2 MILE OR LESS
                                                   8 = SMOKE OR HAZE
[NO. OF DAYS WITH]      [WEATHER - DAYS WITH]      9 = BLOWING SNOW
                                                   X = TORNADO
MAX 32 OR BELOW:   0    0.01 INCH OR MORE:   0
MAX 90 OR ABOVE:   4    0.10 INCH OR MORE:   0
MIN 32 OR BELOW:   0    0.50 INCH OR MORE:   0
MIN  0 OR BELOW:   0    1.00 INCH OR MORE:   0

[HDD (BASE 65) ]
TOTAL THIS MO.     0    CLEAR  (SCALE 0-3)  14
DPTR FM NORMAL     0    PTCLDY (SCALE 4-7)   8
TOTAL FM JUL 1     0    CLOUDY (SCALE 8-10)  0
DPTR FM NORMAL     0

[CDD (BASE 65) ]
TOTAL THIS MO.   253
DPTR FM NORMAL    67    [PRESSURE DATA]
TOTAL FM JAN 1   749    HIGHEST SLP M ON M
DPTR FM NORMAL   295    LOWEST  SLP 29.79 ON 22

[REMARKS]
