000
CXUS51 KCAR 210600
CF6FVE
PRELIMINARY LOCAL CLIMATOLOGICAL DATA (WS FORM: F-6)

                                          STATION:   FRENCHVILLE ME
                                          MONTH:     JULY
                                          YEAR:      2017
                                          LATITUDE:   47 16 N
                                          LONGITUDE:  68 19 W

  TEMPERATURE IN F:       :PCPN:    SNOW:  WIND      :SUNSHINE: SKY     :PK WND
================================================================================
1   2   3   4   5  6A  6B    7    8   9   10  11  12  13   14  15   16   17  18
                                     12Z  AVG MX 2MIN
DY MAX MIN AVG DEP HDD CDD  WTR  SNW DPTH SPD SPD DIR MIN PSBL S-S WX    SPD DR
================================================================================

 1  64  58  61  -2   4   0 0.19    M    M 10.4 17 130   M    M  10 1      23 120
 2  77  58  68   5   0   3 0.07    M    M 11.7 26 260   M    M   7 12     35 260
 3  71  56  64   0   1   0    T    M    M  9.7 23 280   M    M   5        30 290
 4  72  55  64   0   1   0    T    M    M  7.6 15 330   M    M   5        25 330
 5  76  50  63  -1   2   0 0.00    M    M  5.7 14 250   M    M   1        18 250
 6  80  54  67   3   0   2    T    M    M 10.5 23 230   M    M   3        31 220
 7  75  60  68   4   0   3 0.59    M    M  6.1 14 220   M    M   7 12     18 210
 8  71  57  64   0   1   0 0.38    M    M  3.5 15 320   M    M  10 123    22 280
 9  75  54  65   1   0   0 0.00    M    M  9.6 24 250   M    M   3 12     31 260
10  73  53  63  -1   2   0 0.02    M    M  5.7 17 210   M    M   5 1      25 200
11  79  58  69   5   0   4 0.16    M    M  8.0 22 250   M    M   4 13     29 240
12  67  51  59  -6   6   0 0.00    M    M 10.5 22 320   M    M   0        28 310
13  71  48  60  -5   5   0 0.00    M    M  5.7 16 330   M    M   0        19 330
14  75  46  61  -4   4   0 0.00    M    M  4.6 10 160   M    M   0        14 150
15  71  55  63  -2   2   0 0.00    M    M  6.1 12 210   M    M   5 1      16 200
16  78  55  67   2   0   2 0.15    M    M  3.5 23 320   M    M   5 123    34 310
17  80  59  70   5   0   5 0.00    M    M  5.6 15 150   M    M   4 12     18 150
18  78  62  70   5   0   5 0.02    M    M  6.2 15 160   M    M   4        20 210
19  82  62  72   7   0   7    T    M    M  8.2 18 290   M    M   5 12     23 250
20  78  59  69   4   0   4    T    M    M  5.4 13 250   M    M   1 1      17 250
================================================================================
SM 1493 1110        28  35  1.58    M    144.3          M       84
================================================================================
AV 74.7 55.5                               7.2 FASTST   M    M   4    MAX(MPH)
                                 MISC ---->  # 26 260               # 35  260
================================================================================
NOTES:
# LAST OF SEVERAL OCCURRENCES

COLUMN 17 PEAK WIND IN M.P.H.

PRELIMINARY LOCAL CLIMATOLOGICAL DATA (WS FORM: F-6) , PAGE 2

                                          STATION:  FRENCHVILLE ME
                                          MONTH:    JULY
                                          YEAR:     2017
                                          LATITUDE:   47 16 N
                                          LONGITUDE:  68 19 W

[TEMPERATURE DATA]      [PRECIPITATION DATA]       SYMBOLS USED IN COLUMN 16

AVERAGE MONTHLY: 65.1   TOTAL FOR MONTH:   1.58    1 = FOG OR MIST
DPTR FM NORMAL:   0.7   DPTR FM NORMAL:   -1.41    2 = FOG REDUCING VISIBILITY
HIGHEST:    82 ON 19    GRTST 24HR  0.59 ON  7- 7      TO 1/4 MILE OR LESS
LOWEST:     46 ON 14                               3 = THUNDER
                        SNOW, ICE PELLETS, HAIL    4 = ICE PELLETS
                        TOTAL MONTH:    M          5 = HAIL
                        GRTST 24HR    M  ON   M    6 = FREEZING RAIN OR DRIZZLE
                        GRTST DEPTH:  M  ON   M    7 = DUSTSTORM OR SANDSTORM:
                                                       VSBY 1/2 MILE OR LESS
                                                   8 = SMOKE OR HAZE
[NO. OF DAYS WITH]      [WEATHER - DAYS WITH]      9 = BLOWING SNOW
                                                   X = TORNADO
MAX 32 OR BELOW:   0    0.01 INCH OR MORE:   8
MAX 90 OR ABOVE:   0    0.10 INCH OR MORE:   5
MIN 32 OR BELOW:   0    0.50 INCH OR MORE:   1
MIN  0 OR BELOW:   0    1.00 INCH OR MORE:   0

[HDD (BASE 65) ]
TOTAL THIS MO.    28    CLEAR  (SCALE 0-3)   6
DPTR FM NORMAL   -19    PTCLDY (SCALE 4-7)  12
TOTAL FM JUL 1    28    CLOUDY (SCALE 8-10)  2
DPTR FM NORMAL   -19

[CDD (BASE 65) ]
TOTAL THIS MO.    35
DPTR FM NORMAL    -4    [PRESSURE DATA]
TOTAL FM JAN 1    63    HIGHEST SLP M ON M
DPTR FM NORMAL    -4    LOWEST  SLP 29.58 ON  8

[REMARKS]
