000
CXUS51 KCAR 250600
CF6FVE
PRELIMINARY LOCAL CLIMATOLOGICAL DATA (WS FORM: F-6)

                                          STATION:   FRENCHVILLE ME
                                          MONTH:     OCTOBER
                                          YEAR:      2014
                                          LATITUDE:   47 16 N
                                          LONGITUDE:  68 19 W

  TEMPERATURE IN F:       :PCPN:    SNOW:  WIND      :SUNSHINE: SKY     :PK WND
================================================================================
1   2   3   4   5  6A  6B    7    8   9   10  11  12  13   14  15   16   17  18
                                     12Z  AVG MX 2MIN
DY MAX MIN AVG DEP HDD CDD  WTR  SNW DPTH SPD SPD DIR MIN PSBL S-S WX    SPD DR
================================================================================

 1  57  37  47   0  18   0 0.00    M    M  5.5 12 360   M    M   5 12     14  10
 2  57  33  45  -2  20   0 0.00    M    M  4.6 10  70   M    M   3 12     13  90
 3  58  34  46  -1  19   0 0.00    M    M  6.1 12 100   M    M   4 12     15  90
 4  58  41  50   4  15   0 0.20    M    M 10.5 20 120   M    M  10 1      29 110
 5  58  38  48   2  17   0 0.89    M    M 11.7 22 260   M    M   7 1      29 120
 6  58  34  46   1  19   0 0.00    M    M  6.6 15 200   M    M   2        20 160
 7  56  40  48   3  17   0 0.14    M    M 13.1 23 150   M    M   6 1      32 160
 8  56  45  51   6  14   0 0.73    M    M 11.3 26 150   M    M   8 1      35 150
 9  49  36  43  -1  22   0 0.05    M    M 10.6 23 260   M    M   6 1      29 260
10  51  37  44   0  21   0    T    M    M 13.0 25 260   M    M   8        32 250
11  50  34  42  -2  23   0 0.03    M    M  5.6 14 270   M    M   6 1      16 270
12  51  34  43   0  22   0 0.00    M    M  8.9 17 330   M    M   0        23 330
13  60  36  48   5  17   0 0.00    M    M  5.5 14 230   M    M   0 8      18 220
14  69  39  54  12  11   0 0.00    M    M  7.4 17 180   M    M   2        24 180
15  64  51  58  16   7   0 0.15    M    M  6.8 14 320   M    M   7 1      18 250
16  54  50  52  10  13   0 0.07    M    M 10.6 15 100   M    M  10 12     21  90
17  62  50  56  14   9   0 1.61    M    M 10.2 24 260   M    M   8 12     35 250
18  58  42  50   9  15   0 0.35    M    M  7.9 24 320   M    M  10 1      29 320
19  42  34  38  -3  27   0 0.01    M    M 13.5 20 320   M    M  10        30 340
20  42  29  36  -4  29   0 0.00    M    M 11.8 24 290   M    M   3        32 290
21  45  26  36  -4  29   0 0.00    M    M  3.6 12  10   M    M   4        17  20
22  48  30  39  -1  26   0 0.00    M    M 10.2 17  50   M    M   4        27  50
23  44  39  42   3  23   0    T    M    M 12.7 18  40   M    M   9        30  20
24  46  36  41   2  24   0 0.39    M    M 10.8 21  40   M    M   9 1      29  40
================================================================================
SM 1293  905       457   0  4.62    M    218.5          M      141
================================================================================
AV 53.9 37.7                               9.1 FASTST   M    M   6    MAX(MPH)
                                 MISC ---->  # 26 150               # 35  150
================================================================================
NOTES:
# LAST OF SEVERAL OCCURRENCES

COLUMN 17 PEAK WIND IN M.P.H.

PRELIMINARY LOCAL CLIMATOLOGICAL DATA (WS FORM: F-6) , PAGE 2

                                          STATION:  FRENCHVILLE ME
                                          MONTH:    OCTOBER
                                          YEAR:     2014
                                          LATITUDE:   47 16 N
                                          LONGITUDE:  68 19 W

[TEMPERATURE DATA]      [PRECIPITATION DATA]       SYMBOLS USED IN COLUMN 16

AVERAGE MONTHLY: 45.8   TOTAL FOR MONTH:   4.62    1 = FOG OR MIST
DPTR FM NORMAL:   2.7   DPTR FM NORMAL:    2.62    2 = FOG REDUCING VISIBILITY
HIGHEST:    69 ON 14    GRTST 24HR  1.67 ON 16-17      TO 1/4 MILE OR LESS
LOWEST:     26 ON 21                               3 = THUNDER
                        SNOW, ICE PELLETS, HAIL    4 = ICE PELLETS
                        TOTAL MONTH:    M          5 = HAIL
                        GRTST 24HR    M  ON   M    6 = FREEZING RAIN OR DRIZZLE
                        GRTST DEPTH:  M  ON   M    7 = DUSTSTORM OR SANDSTORM:
                                                       VSBY 1/2 MILE OR LESS
                                                   8 = SMOKE OR HAZE
[NO. OF DAYS WITH]      [WEATHER - DAYS WITH]      9 = BLOWING SNOW
                                                   X = TORNADO
MAX 32 OR BELOW:   0    0.01 INCH OR MORE:  12
MAX 90 OR ABOVE:   0    0.10 INCH OR MORE:   8
MIN 32 OR BELOW:   3    0.50 INCH OR MORE:   3
MIN  0 OR BELOW:   0    1.00 INCH OR MORE:   1

[HDD (BASE 65) ]
TOTAL THIS MO.   457    CLEAR  (SCALE 0-3)   6
DPTR FM NORMAL   -68    PTCLDY (SCALE 4-7)  10
TOTAL FM JUL 1   950    CLOUDY (SCALE 8-10)  8
DPTR FM NORMAL  -119

[CDD (BASE 65) ]
TOTAL THIS MO.     0
DPTR FM NORMAL     0    [PRESSURE DATA]
TOTAL FM JAN 1   139    HIGHEST SLP M ON M
DPTR FM NORMAL     5    LOWEST  SLP 29.40 ON M

[REMARKS]
