000
CXUS53 KIWX 270800
CF6FWA
PRELIMINARY LOCAL CLIMATOLOGICAL DATA (WS FORM: F-6)

                                          STATION:   FORT WAYNE
                                          MONTH:     MAY
                                          YEAR:      2017
                                          LATITUDE:   41  0 N
                                          LONGITUDE:  85 12 W

  TEMPERATURE IN F:       :PCPN:    SNOW:  WIND      :SUNSHINE: SKY     :PK WND
================================================================================
1   2   3   4   5  6A  6B    7    8   9   10  11  12  13   14  15   16   17  18
                                     12Z  AVG MX 2MIN
DY MAX MIN AVG DEP HDD CDD  WTR  SNW DPTH SPD SPD DIR MIN PSBL S-S WX    SPD DR
================================================================================

 1  68  49  59   3   6   0 0.32  0.0    0 19.1 36 240   M    M   9 13     45 240
 2  53  43  48  -8  17   0 0.03  0.0    0 18.7 38 270   M    M   9        47 260
 3  56  38  47  -9  18   0    T  0.0    0  7.9 16  80   M    M   8        23 300
 4  48  44  46 -11  19   0 2.35  0.0    0 15.9 28  60   M    M  10 1      35  60
 5  58  44  51  -6  14   0 0.10  0.0    0 14.7 28  10   M    M   9        39  20
 6  60  39  50  -7  15   0 0.00  0.0    0 11.1 22 320   M    M   5        28 290
 7  56  37  47 -11  18   0 0.00  0.0    0 12.2 24 320   M    M   1        32 330
 8  61  31  46 -12  19   0 0.01  0.0    0  7.7 16 290   M    M   2        24 340
 9  57  45  51  -7  14   0    T  0.0    0  4.6 10  90   M    M   9        13  90
10  73  47  60   2   5   0 0.09  0.0    0  9.5 24  80   M    M   7 3      29  90
11  62  47  55  -4  10   0 0.21  0.0    0  8.8 21  60   M    M   9 1      29  50
12  69  46  58  -1   7   0 0.00  0.0    0  7.2 18  40   M    M   4        23  50
13  75  43  59  -1   6   0 0.00  0.0    0  6.4 20 250   M    M   3 1      23 240
14  81  50  66   6   0   1 0.00  0.0    0  8.7 22 290   M    M   3        29 270
15  78  50  64   4   1   0 0.00  0.0    0  9.4 16 110   M    M   4        20 100
16  86  59  73  13   0   8 0.00  0.0    0 12.7 25 210   M    M   6        33 200
17  87  67  77  16   0  12 0.00  0.0    0 18.9 38 210   M    M   6 8      50 220
18  91  64  78  17   0  13 1.39  0.0    0 17.3 44 280   M    M   6 138    57 270
19  65  50  58  -3   7   0 0.15  0.0    0 13.8 26  80   M    M  10 13     32  80
20  69  50  60  -2   5   0 0.75  0.0    0 13.1 23 110   M    M  10 13     28 100
21  73  54  64   2   1   0 0.41  0.0    0 14.1 25 270   M    M   6 13     31 280
22  70  49  60  -2   5   0 0.00  0.0    0 11.3 23 270   M    M   6        29 290
23  75  56  66   3   0   1    T  0.0    0  5.3 14  60   M    M   9        17  70
24  69  57  63   0   2   0 1.41  0.0    0 10.4 22 120   M    M  10 13     29 110
25  65  56  61  -2   4   0 0.28  0.0    0 11.3 17 310   M    M   9 1      25  30
26  72  52  62  -2   3   0 0.83  0.0    0  7.3 15  70   M    M   7 13     22 280
================================================================================
SM 1777 1267       196  35  8.33     0.0 297.4          M      177
================================================================================
AV 68.4 48.7                              11.4 FASTST   M    M   7    MAX(MPH)
                                 MISC ---->  # 44 280               # 57  270
================================================================================
NOTES:
# LAST OF SEVERAL OCCURRENCES

COLUMN 17 PEAK WIND IN M.P.H.

PRELIMINARY LOCAL CLIMATOLOGICAL DATA (WS FORM: F-6) , PAGE 2

                                          STATION:  FORT WAYNE
                                          MONTH:    MAY
                                          YEAR:     2017
                                          LATITUDE:   41  0 N
                                          LONGITUDE:  85 12 W

[TEMPERATURE DATA]      [PRECIPITATION DATA]       SYMBOLS USED IN COLUMN 16

AVERAGE MONTHLY: 58.5   TOTAL FOR MONTH:   8.33    1 = FOG OR MIST
DPTR FM NORMAL:  -1.1   DPTR FM NORMAL:    4.89    2 = FOG REDUCING VISIBILITY
HIGHEST:    91 ON 18    GRTST 24HR  2.35 ON  4- 4      TO 1/4 MILE OR LESS
LOWEST:     31 ON  8                               3 = THUNDER
                        SNOW, ICE PELLETS, HAIL    4 = ICE PELLETS
                        TOTAL MONTH:   0.0 INCH    5 = HAIL
                        GRTST 24HR     0.0         6 = FREEZING RAIN OR DRIZZLE
                        GRTST DEPTH:   0           7 = DUSTSTORM OR SANDSTORM:
                                                       VSBY 1/2 MILE OR LESS
                                                   8 = SMOKE OR HAZE
[NO. OF DAYS WITH]      [WEATHER - DAYS WITH]      9 = BLOWING SNOW
                                                   X = TORNADO
MAX 32 OR BELOW:   0    0.01 INCH OR MORE:  14
MAX 90 OR ABOVE:   1    0.10 INCH OR MORE:  11
MIN 32 OR BELOW:   1    0.50 INCH OR MORE:   5
MIN  0 OR BELOW:   0    1.00 INCH OR MORE:   3

[HDD (BASE 65) ]
TOTAL THIS MO.   196    CLEAR  (SCALE 0-3)   4
DPTR FM NORMAL    21    PTCLDY (SCALE 4-7)  11
TOTAL FM JUL 1  4979    CLOUDY (SCALE 8-10) 11
DPTR FM NORMAL -1078

[CDD (BASE 65) ]
TOTAL THIS MO.    35
DPTR FM NORMAL     1    [PRESSURE DATA]
TOTAL FM JAN 1    55    HIGHEST SLP M ON M
DPTR FM NORMAL    13    LOWEST  SLP 29.36 ON 25

[REMARKS]
