000
CXUS54 KTSA 300840
CF6FYV
PRELIMINARY LOCAL CLIMATOLOGICAL DATA (WS FORM: F-6)

                                          STATION:   FAYETTEVILLE ARKANSAS
                                          MONTH:     AUGUST
                                          YEAR:      2014
                                          LATITUDE:   36  0 N
                                          LONGITUDE:  94 10 W

  TEMPERATURE IN F:       :PCPN:    SNOW:  WIND      :SUNSHINE: SKY     :PK WND
================================================================================
1   2   3   4   5  6A  6B    7    8   9   10  11  12  13   14  15   16   17  18
                                     12Z  AVG MX 2MIN
DY MAX MIN AVG DEP HDD CDD  WTR  SNW DPTH SPD SPD DIR MIN PSBL S-S WX    SPD DR
================================================================================

 1  81  64  73  -5   0   8 0.00  0.0    0  1.5  8 130   M    M   6 1      12 100
 2  86  61  74  -4   0   9 0.01  0.0    0  1.7 10  80   M    M   4 12     15  60
 3  87  62  75  -3   0  10 0.00  0.0    0  1.3  9  80   M    M   2 12     52 330
 4  88  60  74  -4   0   9 0.00  0.0    0  1.6  8 190   M    M   1 1      10 330
 5  89  63  76  -2   0  11 0.00  0.0    0  3.5 12 180   M    M   1 1      14 170
 6  89  62  76  -2   0  11 0.00  0.0    0  5.1 15 190   M    M   1 1      20 170
 7  87  67  77  -1   0  12 0.93  0.0    0  8.1 21 310   M    M   3 13     24 300
 8  87  69  78   0   0  13 0.48  0.0    0  3.3 21 260   M    M   2 13     67 240
 9  88  66  77  -1   0  12 0.24  0.0    0  2.0 36 320   M    M   3 13     45 320
10  87  64  76  -2   0  11    T  0.0    0  4.1 13 220   M    M   2 12     17 240
11  85  71  78   0   0  13    T  0.0    0  4.9 17 320   M    M   4 1      22 320
12  80  56  68 -10   0   3 0.00  0.0    0  5.2 16 320   M    M   0        23 330
13  83  51  67 -11   0   2 0.00  0.0    0  1.9  9  80   M    M   0 1      12  90
14  84  57  71  -7   0   6 0.00  0.0    0  3.1 10 190   M    M   0        14 250
15  84  60  72  -6   0   7 0.00  0.0    0  4.5 14 180   M    M   0        18 200
16  87  71  79   1   0  14 0.00  0.0    0  9.2 21 190   M    M   2        26 200
17  90  70  80   3   0  15 0.00  0.0    0  6.8 16 290   M    M   2 3      22 280
18  89  68  79   2   0  14    T  0.0    0  3.8 18 280   M    M   2 3      22 290
19  92  70  81   4   0  16 0.00  0.0    0  8.0 14 200   M    M   0        19 210
20  90  67  79   2   0  14 0.00  0.0    0  8.2 20 180   M    M   0        24 190
21  90  73  82   5   0  17 0.00  0.0    0 10.8 21 180   M    M   0        25 210
22  93  75  84   7   0  19 0.00  0.0    0  8.9 18 220   M    M   1        24 210
23  95  69  82   6   0  17 0.00  0.0    0  6.1 17 170   M    M   0        22 180
24  94  63  79   3   0  14 0.00  0.0    0  4.2 15 210   M    M   0 1      18 220
25  98  64  81   5   0  16 0.00  0.0    0  2.5 15 120   M    M   0 1      17 120
26  94  65  80   4   0  15 0.00  0.0    0  3.2 10 120   M    M   1 1      15 110
27  94  67  81   5   0  16 0.00  0.0    0  3.3 13 130   M    M   1 13     17 120
28  90  65  78   3   0  13    T  0.0    0  5.6 17 190   M    M   1 1      24 170
29  87  66  77   2   0  12 0.03  0.0    0  7.2 17 200   M    M   3        23 200
================================================================================
SM 2568 1886         0 349  1.69     0.0 139.6          M       42
================================================================================
AV 88.6 65.0                               4.8 FASTST   M    M   1    MAX(MPH)
                                 MISC ---->  # 36 320               # 67  240
================================================================================
NOTES:
# LAST OF SEVERAL OCCURRENCES

COLUMN 17 PEAK WIND IN M.P.H.

PRELIMINARY LOCAL CLIMATOLOGICAL DATA (WS FORM: F-6) , PAGE 2

                                          STATION:  FAYETTEVILLE ARKANSAS
                                          MONTH:    AUGUST
                                          YEAR:     2014
                                          LATITUDE:   36  0 N
                                          LONGITUDE:  94 10 W

[TEMPERATURE DATA]      [PRECIPITATION DATA]       SYMBOLS USED IN COLUMN 16

AVERAGE MONTHLY: 76.8   TOTAL FOR MONTH:   1.69    1 = FOG OR MIST
DPTR FM NORMAL:  -0.4   DPTR FM NORMAL:   -1.32    2 = FOG REDUCING VISIBILITY
HIGHEST:    98 ON 25    GRTST 24HR  0.93 ON  7- 7      TO 1/4 MILE OR LESS
LOWEST:     51 ON 13                               3 = THUNDER
                        SNOW, ICE PELLETS, HAIL    4 = ICE PELLETS
                        TOTAL MONTH:   0.0 INCH    5 = HAIL
                        GRTST 24HR     0.0         6 = FREEZING RAIN OR DRIZZLE
                        GRTST DEPTH:   0           7 = DUSTSTORM OR SANDSTORM:
                                                       VSBY 1/2 MILE OR LESS
                                                   8 = SMOKE OR HAZE
[NO. OF DAYS WITH]      [WEATHER - DAYS WITH]      9 = BLOWING SNOW
                                                   X = TORNADO
MAX 32 OR BELOW:   0    0.01 INCH OR MORE:   5
MAX 90 OR ABOVE:  11    0.10 INCH OR MORE:   3
MIN 32 OR BELOW:   0    0.50 INCH OR MORE:   1
MIN  0 OR BELOW:   0    1.00 INCH OR MORE:   0

[HDD (BASE 65) ]
TOTAL THIS MO.     0    CLEAR  (SCALE 0-3)  23
DPTR FM NORMAL     0    PTCLDY (SCALE 4-7)   6
TOTAL FM JUL 1     4    CLOUDY (SCALE 8-10)  0
DPTR FM NORMAL     4

[CDD (BASE 65) ]
TOTAL THIS MO.   349
DPTR FM NORMAL    -7    [PRESSURE DATA]
TOTAL FM JAN 1  1011    HIGHEST SLP M ON M
DPTR FM NORMAL   -94    LOWEST  SLP 29.81 ON 19

[REMARKS]
