000
CXUS55 KRIW 280901
CF6GEY
PRELIMINARY LOCAL CLIMATOLOGICAL DATA (WS FORM: F-6)

                                          STATION:   GREYBULL WY
                                          MONTH:     MARCH
                                          YEAR:      2015
                                          LATITUDE:   44 30 N
                                          LONGITUDE: 108  4 W

  TEMPERATURE IN F:       :PCPN:    SNOW:  WIND      :SUNSHINE: SKY     :PK WND
================================================================================
1   2   3   4   5  6A  6B    7    8   9   10  11  12  13   14  15   16   17  18
                                     12Z  AVG MX 2MIN
DY MAX MIN AVG DEP HDD CDD  WTR  SNW DPTH SPD SPD DIR MIN PSBL S-S WX    SPD DR
================================================================================

 1  32   9  21  -9  44   0 0.00  0.0    M  4.5 12 170   M    M   1        17 190
 2  42  10  26  -5  39   0    T    M    M  7.7 28 320   M    M   3        33 320
 3  24   5  15 -17  50   0    T    M    M 16.1 36 330   M    M   5 128    43 340
 4  24  -2  11 -21  54   0    T    M    M  4.0 12 140   M    M   0        17 150
 5  42   8  25  -7  40   0 0.00  0.0    M  5.3 10 130   M    M   1        14 170
 6  53  16  35   2  30   0 0.00  0.0    M  4.9 10 190   M    M   0        14 150
 7  60  20  40   6  25   0 0.00  0.0    M  4.9 14 330   M    M   2        18 350
 8  56  25  41   7  24   0 0.00  0.0    M  4.9 14 290   M    M   1        16 290
 9  60  20  40   6  25   0 0.00  0.0    M  3.5 10 190   M    M   0        15 160
10  63  22  43   8  22   0 0.00  0.0    M  5.0 14 160   M    M   0        17 180
11  62  26  44   9  21   0 0.00  0.0    M  4.3 15 120   M    M   0        21 120
12  66  34  50  14  15   0 0.00  0.0    M  5.5 16 360   M    M   4        20 280
13  62  28  45   9  20   0 0.00  0.0    M  5.7 13 160   M    M   0        15 160
14  65  28  47  11  18   0 0.00  0.0    M  5.1 16 130   M    M   0        20 130
15  73  40  57  20   8   0 0.00  0.0    M  8.5 28 150   M    M   2        35 150
16  57  33  45   8  20   0 0.08    M    M 12.7 28 320   M    M   4 1      35 320
17  47  32  40   2  25   0 0.06    M    M  3.4 14 310   M    M   7 1      16 310
18  55  33  44   6  21   0 0.00  0.0    M  6.0 22 350   M    M   6 12     27 350
19  57  28  43   5  22   0 0.00  0.0    M  3.6 10 160   M    M   0        14 170
20  67  29  48   9  17   0 0.00  0.0    M  4.4 10 100   M    M   0        13 140
21  68  30  49  10  16   0 0.00  0.0    M  5.3 22 320   M    M   1        26 310
22  63  39  51  12  14   0    T    M    M  7.9 28 340   M    M   1        34 350
23  67  29  48   8  17   0    T    M    M  7.4 35 280   M    M   1 3      43 280
24  51  31  41   1  24   0    T    M    M  7.4 23 260   M    M   6        27 250
25  54  32  43   3  22   0    T    M    M  9.4 20 310   M    M   5        23 310
26  62  38  50   9  15   0 0.00  0.0    M  4.8 15 320   M    M   9        21 360
27  73  34  54  13  11   0 0.00  0.0    M  4.3 12 120   M    M   0        14 150
================================================================================
SM 1505  677       659   0  0.14     0.0 166.5          M       59
================================================================================
AV 55.7 25.1                               6.2 FASTST   M    M   2    MAX(MPH)
                                 MISC ---->  # 36 330               # 43  340
================================================================================
NOTES:
# LAST OF SEVERAL OCCURRENCES

COLUMN 17 PEAK WIND IN M.P.H.

PRELIMINARY LOCAL CLIMATOLOGICAL DATA (WS FORM: F-6) , PAGE 2

                                          STATION:  GREYBULL WY
                                          MONTH:    MARCH
                                          YEAR:     2015
                                          LATITUDE:   44 30 N
                                          LONGITUDE: 108  4 W

[TEMPERATURE DATA]      [PRECIPITATION DATA]       SYMBOLS USED IN COLUMN 16

AVERAGE MONTHLY: 40.4   TOTAL FOR MONTH:   0.14    1 = FOG OR MIST
DPTR FM NORMAL:   4.2   DPTR FM NORMAL:   -0.18    2 = FOG REDUCING VISIBILITY
HIGHEST:    73 ON 27,15 GRTST 24HR  0.08 ON 16-16      TO 1/4 MILE OR LESS
LOWEST:     -2 ON  4                               3 = THUNDER
                        SNOW, ICE PELLETS, HAIL    4 = ICE PELLETS
                        TOTAL MONTH:   0.0 INCH    5 = HAIL
                        GRTST 24HR     0.0         6 = FREEZING RAIN OR DRIZZLE
                        GRTST DEPTH:  M  ON   M    7 = DUSTSTORM OR SANDSTORM:
                                                       VSBY 1/2 MILE OR LESS
                                                   8 = SMOKE OR HAZE
[NO. OF DAYS WITH]      [WEATHER - DAYS WITH]      9 = BLOWING SNOW
                                                   X = TORNADO
MAX 32 OR BELOW:   3    0.01 INCH OR MORE:   2
MAX 90 OR ABOVE:   0    0.10 INCH OR MORE:   0
MIN 32 OR BELOW:  20    0.50 INCH OR MORE:   0
MIN  0 OR BELOW:   1    1.00 INCH OR MORE:   0

[HDD (BASE 65) ]
TOTAL THIS MO.   659    CLEAR  (SCALE 0-3)  19
DPTR FM NORMAL  -118    PTCLDY (SCALE 4-7)   7
TOTAL FM JUL 1  6303    CLOUDY (SCALE 8-10)  1
DPTR FM NORMAL  -445

[CDD (BASE 65) ]
TOTAL THIS MO.     0
DPTR FM NORMAL     0    [PRESSURE DATA]
TOTAL FM JAN 1     0    HIGHEST SLP M ON M
DPTR FM NORMAL     0    LOWEST  SLP 29.63 ON 23

[REMARKS]
