000
CXUS53 KIND 240730
CF6GEZ
PRELIMINARY LOCAL CLIMATOLOGICAL DATA (WS FORM: F-6)

                                          STATION:   SHELBYVILLE IN
                                          MONTH:     AUGUST
                                          YEAR:      2016
                                          LATITUDE:   39 35 N
                                          LONGITUDE:  85 48 W

  TEMPERATURE IN F:       :PCPN:    SNOW:  WIND      :SUNSHINE: SKY     :PK WND
================================================================================
1   2   3   4   5  6A  6B    7    8   9   10  11  12  13   14  15   16   17  18
                                     12Z  AVG MX 2MIN
DY MAX MIN AVG DEP HDD CDD  WTR  SNW DPTH SPD SPD DIR MIN PSBL S-S WX    SPD DR
================================================================================

 1  86  66  76   3   0  11 0.00    M    M  1.9  9 140   M    M   2 18     12 140
 2  90  66  78   5   0  13 0.00    M    M  1.3  6  20   M    M   4 128     8  30
 3  91  67  79   6   0  14 0.00    M    M  1.6  7 130   M    M   1         9 130
 4  90  70  80   7   0  15 0.26    M    M  1.9 18 330   M    M   4 13     23 310
 5  91  68  80   7   0  15 0.02    M    M  5.1 13 190   M    M   4 128    16 280
 6  85  69  77   4   0  12    T    M    M  4.3 10 360   M    M   4        14  20
 7  88  63  76   3   0  11 0.00    M    M  2.7  8 100   M    M   1        10 100
 8  86  65  76   3   0  11 0.00    M    M  6.0 13  50   M    M   1        15  70
 9  91  66  79   6   0  14 0.00    M    M  4.7  9 130   M    M   3        12 130
10  88  74  81   8   0  16 0.27    M    M  3.5 20 190   M    M   6 13     25 190
11  90  74  82   9   0  17 0.05    M    M  6.7 17 190   M    M   2 138    21 180
12  90  76  83  10   0  18 0.38    M    M  8.6 23 190   M    M   6        31 180
13  83  74  79   6   0  14 0.77    M    M  9.2 25 210   M    M   9 13     32 210
14  79  70  75   2   0  10 1.33    M    M  3.2  9 250   M    M   8 1      13 250
15  80  72  76   3   0  11 0.73    M    M  6.3 28 220   M    M   9 13     37 220
16  79  72  76   4   0  11 0.77    M    M  7.9 29 220   M    M   7 13     36 220
17  83  69  76   4   0  11 0.00    M    M  4.4 12 320   M    M   5 1      14 310
18  85  67  76   4   0  11 0.00    M    M  4.9 13 190   M    M   5 12     21 190
19  86  71  79   7   0  14 0.00    M    M  5.5 12 210   M    M   5 13     15 220
20  83  70  77   5   0  12 0.47    M    M  8.8 21 280   M    M   5 18     28 270
21  79  61  70  -2   0   5 0.00    M    M  7.2 16 300   M    M   3        21 300
22  79  55  67  -5   0   2 0.00    M    M  2.1  8 210   M    M   0 1      21 180
23  81  56  69  -3   0   4 0.00    M    M  5.5 14 190   M    M   1 8      17 190
================================================================================
SM 1963 1561         0 272  5.05    M    113.3          M       95
================================================================================
AV 85.3 67.9                               4.9 FASTST   M    M   4    MAX(MPH)
                                 MISC ---->  # 29 220               # 37  220
================================================================================
NOTES:
# LAST OF SEVERAL OCCURRENCES

COLUMN 17 PEAK WIND IN M.P.H.

PRELIMINARY LOCAL CLIMATOLOGICAL DATA (WS FORM: F-6) , PAGE 2

                                          STATION:  SHELBYVILLE IN
                                          MONTH:    AUGUST
                                          YEAR:     2016
                                          LATITUDE:   39 35 N
                                          LONGITUDE:  85 48 W

[TEMPERATURE DATA]      [PRECIPITATION DATA]       SYMBOLS USED IN COLUMN 16

AVERAGE MONTHLY: 76.6   TOTAL FOR MONTH:   5.05    1 = FOG OR MIST
DPTR FM NORMAL:   4.0   DPTR FM NORMAL:    2.72    2 = FOG REDUCING VISIBILITY
HIGHEST:    91 ON  9, 5 GRTST 24HR  2.02 ON 13-14      TO 1/4 MILE OR LESS
LOWEST:     55 ON 22                               3 = THUNDER
                        SNOW, ICE PELLETS, HAIL    4 = ICE PELLETS
                        TOTAL MONTH:    M          5 = HAIL
                        GRTST 24HR    M  ON   M    6 = FREEZING RAIN OR DRIZZLE
                        GRTST DEPTH:  M  ON   M    7 = DUSTSTORM OR SANDSTORM:
                                                       VSBY 1/2 MILE OR LESS
                                                   8 = SMOKE OR HAZE
[NO. OF DAYS WITH]      [WEATHER - DAYS WITH]      9 = BLOWING SNOW
                                                   X = TORNADO
MAX 32 OR BELOW:   0    0.01 INCH OR MORE:  10
MAX 90 OR ABOVE:   7    0.10 INCH OR MORE:   8
MIN 32 OR BELOW:   0    0.50 INCH OR MORE:   4
MIN  0 OR BELOW:   0    1.00 INCH OR MORE:   1

[HDD (BASE 65) ]
TOTAL THIS MO.     0    CLEAR  (SCALE 0-3)   8
DPTR FM NORMAL     0    PTCLDY (SCALE 4-7)  12
TOTAL FM JUL 1     2    CLOUDY (SCALE 8-10)  3
DPTR FM NORMAL     1

[CDD (BASE 65) ]
TOTAL THIS MO.   272
DPTR FM NORMAL    93    [PRESSURE DATA]
TOTAL FM JAN 1  1062    HIGHEST SLP M ON M
DPTR FM NORMAL   310    LOWEST  SLP 29.64 ON 20

[REMARKS]
