000
CXUS55 KALY 250710
CF6GFL
PRELIMINARY LOCAL CLIMATOLOGICAL DATA (WS FORM: F-6)

                                          STATION:   GLENS FALLS NY
                                          MONTH:     JUNE
                                          YEAR:      2017
                                          LATITUDE:   43 20 N
                                          LONGITUDE:  73 37 W

  TEMPERATURE IN F:       :PCPN:    SNOW:  WIND      :SUNSHINE: SKY     :PK WND
================================================================================
1   2   3   4   5  6A  6B    7    8   9   10  11  12  13   14  15   16   17  18
                                     12Z  AVG MX 2MIN
DY MAX MIN AVG DEP HDD CDD  WTR  SNW DPTH SPD SPD DIR MIN PSBL S-S WX    SPD DR
================================================================================

 1  73  46  60   0   5   0 0.01    M    M  6.1 20 290   M    M   5 12     30 230
 2  67  40  54  -7  11   0    T    M    M  5.8 20 310   M    M   6        28 260
 3  71  38  55  -6  10   0 0.00    M    M  4.5 17 350   M    M   5 1      23 350
 4  63  43  53  -8  12   0 0.33    M    M  2.7  9  70   M    M   0 1      10 210
 5  63  55  59  -3   6   0 0.29    M    M  3.3 15 360   M    M  10 1      19 110
 6  56  49  53  -9  12   0 0.52    M    M  6.9  8  10   M    M  10 1      23  50
 7  76  43  60  -2   5   0    T    M    M  5.0  7  80   M    M   8 1      17  70
 8  80  44  62   0   3   0 0.00    M    M  2.3  9 140   M    M   1 1      11 140
 9  79  52  66   3   0   1 0.00    M    M  5.2 17 290   M    M   5        24 290
10  81  49  65   2   0   0 0.00    M    M  4.7 18 160   M    M   M        22 160
11  90  58  74  11   0   9 0.00    M    M  8.0 21 230   M    M   M        30 230
12  92  63  78  14   0  13 0.00    M    M  5.9 18 160   M    M   1        25 210
13  89  61  75  11   0  10    T    M    M  5.5 16  30   M    M   2 13     20  50
14  74  48  61  -3   4   0 0.00    M    M  7.3 15  40   M    M   0 1      20  40
15  79  47  63  -1   2   0 0.02    M    M  6.0 18 200   M    M   1        26 200
16  65  58  62  -3   3   0 0.53    M    M  3.0 16 190   M    M   5 1      24 190
17  79  61  70   5   0   5 0.00    M    M  2.6  8 160   M    M   M 1      12 170
18  87  71  79  14   0  14 0.00    M    M  9.0 15 180   M    M   6        25 180
19  82  67  75  10   0  10 0.96    M    M  7.2 23 140   M    M   8 13     29 260
20  77  62  70   4   0   5    T    M    M  8.3 20 210   M    M  10 1      24 220
21  77  54  66   0   0   1    T    M    M  5.7 15 280   M    M   4 1      25 290
22  79  48  64  -2   1   0 0.00    M    M  4.2 14 240   M    M   4 1      24 230
23  84  62  73   7   0   8 0.02  0.0    M  4.6 16 210   M    M   6 1      21 190
24  83  58  71   5   0   6 0.05  0.0    0  7.7 21 310   M    M   2 1      28 300
================================================================================
SM 1846 1277        74  82  2.73     0.0 131.5          M       99
================================================================================
AV 76.9 53.2                               5.5 FASTST   M    M   5    MAX(MPH)
                                 MISC ---->  # 23 140               # 30  230
================================================================================
NOTES:
# LAST OF SEVERAL OCCURRENCES

COLUMN 17 PEAK WIND IN M.P.H.

PRELIMINARY LOCAL CLIMATOLOGICAL DATA (WS FORM: F-6) , PAGE 2

                                          STATION:  GLENS FALLS NY
                                          MONTH:    JUNE
                                          YEAR:     2017
                                          LATITUDE:   43 20 N
                                          LONGITUDE:  73 37 W

[TEMPERATURE DATA]      [PRECIPITATION DATA]       SYMBOLS USED IN COLUMN 16

AVERAGE MONTHLY: 65.1   TOTAL FOR MONTH:   2.73    1 = FOG OR MIST
DPTR FM NORMAL:   1.5   DPTR FM NORMAL:   -0.10    2 = FOG REDUCING VISIBILITY
HIGHEST:    92 ON 12    GRTST 24HR  0.96 ON 19-19      TO 1/4 MILE OR LESS
LOWEST:     38 ON  3                               3 = THUNDER
                        SNOW, ICE PELLETS, HAIL    4 = ICE PELLETS
                        TOTAL MONTH:   0.0 INCH    5 = HAIL
                        GRTST 24HR     0.0         6 = FREEZING RAIN OR DRIZZLE
                        GRTST DEPTH:   0           7 = DUSTSTORM OR SANDSTORM:
                                                       VSBY 1/2 MILE OR LESS
                                                   8 = SMOKE OR HAZE
[NO. OF DAYS WITH]      [WEATHER - DAYS WITH]      9 = BLOWING SNOW
                                                   X = TORNADO
MAX 32 OR BELOW:   0    0.01 INCH OR MORE:   9
MAX 90 OR ABOVE:   2    0.10 INCH OR MORE:   5
MIN 32 OR BELOW:   0    0.50 INCH OR MORE:   3
MIN  0 OR BELOW:   0    1.00 INCH OR MORE:   0

[HDD (BASE 65) ]
TOTAL THIS MO.    74    CLEAR  (SCALE 0-3)   7
DPTR FM NORMAL    -9    PTCLDY (SCALE 4-7)  10
TOTAL FM JUL 1  6391    CLOUDY (SCALE 8-10)  4
DPTR FM NORMAL -1278

[CDD (BASE 65) ]
TOTAL THIS MO.    82
DPTR FM NORMAL    34    [PRESSURE DATA]
TOTAL FM JAN 1   103    HIGHEST SLP M ON M
DPTR FM NORMAL    43    LOWEST  SLP 29.52 ON 24

[REMARKS]
