000
CXUS55 KGGW 230800
CF6GGW
PRELIMINARY LOCAL CLIMATOLOGICAL DATA (WS FORM: F-6)

                                          STATION:   GLASGOW MT
                                          MONTH:     MAY
                                          YEAR:      2015
                                          LATITUDE:   48 13 N
                                          LONGITUDE: 106 37 W

  TEMPERATURE IN F:       :PCPN:    SNOW:  WIND      :SUNSHINE: SKY     :PK WND
================================================================================
1   2   3   4   5  6A  6B    7    8   9   10  11  12  13   14  15   16   17  18
                                     12Z  AVG MX 2MIN
DY MAX MIN AVG DEP HDD CDD  WTR  SNW DPTH SPD SPD DIR MIN PSBL S-S WX    SPD DR
================================================================================

 1  73  41  57   7   8   0 0.00  0.0    0  8.6 21 240   M    M   0        27 210
 2  71  43  57   6   8   0 0.00  0.0    0  9.0 28 360   M    M   1        34 360
 3  63  34  49  -2  16   0 0.00  0.0    0  7.2 14 110   M    M   5        18 300
 4  75  38  57   6   8   0 0.00  0.0    0 17.6 26 150   M    M   0        35 140
 5  80  44  62  10   3   0 0.00  0.0    0 13.8 22 140   M    M   1 3      28 140
 6  63  41  52   0  13   0    T  0.0    0 17.5 26 330   M    M   4        32 330
 7  54  32  43  -9  22   0 0.00  0.0    0 13.9 24 320   M    M   1        31 320
 8  56  35  46  -7  19   0 0.00  0.0    0  7.8 20  70   M    M   6        23  70
 9  58  30  44  -9  21   0 0.00  0.0    0  7.5 16 120   M    M   2        19 120
10  63  31  47  -6  18   0 0.00  0.0    0  8.3 15 110   M    M   0        18 110
11  69  35  52  -2  13   0 0.00  0.0    0 10.8 21 270   M    M   5        31 280
12  65  45  55   1  10   0 0.00  0.0    0  9.5 26  60   M    M   9        33  60
13  65  43  54   0  11   0 0.00  0.0    0 15.9 25  80   M    M   7        31  90
14  60  43  52  -2  13   0 0.00  0.0    0 12.1 21  80   M    M   6        23  80
15  64  38  51  -4  14   0 0.05  0.0    0 16.1 31 110   M    M   4 18     39  90
16  51  47  49  -6  16   0 0.60  0.0    0 24.0 33  50   M    M  10 18     39  60
17  49  34  42 -13  23   0 0.08  0.0    0 15.1 28 350   M    M   8        33 360
18  56  29  43 -13  22   0 0.00  0.0    0  8.4 13 150   M    M   0        17 140
19  64  32  48  -8  17   0 0.00  0.0    0 11.7 18 120   M    M   0        23 120
20  67  35  51  -5  14   0 0.00  0.0    0  7.4 15 130   M    M   0        19 160
21  73  40  57   0   8   0 0.00  0.0    0 12.5 25 150   M    M   0        31 160
22  75  44  60   3   5   0 0.00  0.0    0 14.6 28 110   M    M   4        38 150
================================================================================
SM 1414  834       302   0  0.73     0.0 269.3          M       73
================================================================================
AV 64.3 37.9                              12.2 FASTST   M    M   3    MAX(MPH)
                                 MISC ---->  # 33  50               # 39   90
================================================================================
NOTES:
# LAST OF SEVERAL OCCURRENCES

COLUMN 17 PEAK WIND IN M.P.H.

PRELIMINARY LOCAL CLIMATOLOGICAL DATA (WS FORM: F-6) , PAGE 2

                                          STATION:  GLASGOW MT
                                          MONTH:    MAY
                                          YEAR:     2015
                                          LATITUDE:   48 13 N
                                          LONGITUDE: 106 37 W

[TEMPERATURE DATA]      [PRECIPITATION DATA]       SYMBOLS USED IN COLUMN 16

AVERAGE MONTHLY: 51.1   TOTAL FOR MONTH:   0.73    1 = FOG OR MIST
DPTR FM NORMAL:  -2.6   DPTR FM NORMAL:   -0.49    2 = FOG REDUCING VISIBILITY
HIGHEST:    80 ON  5    GRTST 24HR  0.62 ON 15-16      TO 1/4 MILE OR LESS
LOWEST:     29 ON 18                               3 = THUNDER
                        SNOW, ICE PELLETS, HAIL    4 = ICE PELLETS
                        TOTAL MONTH:   0.0 INCH    5 = HAIL
                        GRTST 24HR     0.0         6 = FREEZING RAIN OR DRIZZLE
                        GRTST DEPTH:   0           7 = DUSTSTORM OR SANDSTORM:
                                                       VSBY 1/2 MILE OR LESS
                                                   8 = SMOKE OR HAZE
[NO. OF DAYS WITH]      [WEATHER - DAYS WITH]      9 = BLOWING SNOW
                                                   X = TORNADO
MAX 32 OR BELOW:   0    0.01 INCH OR MORE:   3
MAX 90 OR ABOVE:   0    0.10 INCH OR MORE:   1
MIN 32 OR BELOW:   5    0.50 INCH OR MORE:   1
MIN  0 OR BELOW:   0    1.00 INCH OR MORE:   0

[HDD (BASE 65) ]
TOTAL THIS MO.   302    CLEAR  (SCALE 0-3)  11
DPTR FM NORMAL    44    PTCLDY (SCALE 4-7)   9
TOTAL FM JUL 1  7727    CLOUDY (SCALE 8-10)  2
DPTR FM NORMAL  -538

[CDD (BASE 65) ]
TOTAL THIS MO.     0
DPTR FM NORMAL    -2    [PRESSURE DATA]
TOTAL FM JAN 1     0    HIGHEST SLP M ON M
DPTR FM NORMAL    -3    LOWEST  SLP 29.59 ON  5

[REMARKS]
