000
CXUS55 KGGW 230800
CF6GGW
PRELIMINARY LOCAL CLIMATOLOGICAL DATA (WS FORM: F-6)

                                          STATION:   GLASGOW MT
                                          MONTH:     JULY
                                          YEAR:      2017
                                          LATITUDE:   48 13 N
                                          LONGITUDE: 106 37 W

  TEMPERATURE IN F:       :PCPN:    SNOW:  WIND      :SUNSHINE: SKY     :PK WND
================================================================================
1   2   3   4   5  6A  6B    7    8   9   10  11  12  13   14  15   16   17  18
                                     12Z  AVG MX 2MIN
DY MAX MIN AVG DEP HDD CDD  WTR  SNW DPTH SPD SPD DIR MIN PSBL S-S WX    SPD DR
================================================================================

 1  90  54  72   4   0   7 0.00  0.0    0  8.6 20 110   M    M   0        24 110
 2  95  61  78  10   0  13 0.00  0.0    0 11.4 21 100   M    M   0        26 110
 3 101  61  81  12   0  16 0.00  0.0    0  8.7 21 310   M    M   0        25 310
 4  93  61  77   8   0  12 0.00  0.0    0  8.1 16 360   M    M   0        19 360
 5  99  61  80  11   0  15 0.00  0.0    0 13.3 24 320   M    M   0        33 310
 6  92  61  77   8   0  12 0.00  0.0    0  9.2 17 110   M    M   0        21 100
 7  95  63  79   9   0  14 0.00  0.0    0  9.9 17 100   M    M   0        23  80
 8 103  62  83  13   0  18 0.00  0.0    0 11.1 22 190   M    M   0        32 220
 9  96  64  80  10   0  15 0.00  0.0    0 10.7 16 110   M    M   0        23  80
10 102  68  85  15   0  20 0.00  0.0    0 10.7 44 270   M    M   0        58 260
11  84  57  71   1   0   6 0.48  0.0    0 12.3 49 320   M    M   1 135    62 320
12  76  57  67  -4   0   2 0.00  0.0    0 10.0 15 110   M    M   4        19 120
13  98  58  78   7   0  13 0.00  0.0    0 16.1 24 130   M    M   1        33 120
14  97  67  82  11   0  17 0.00  0.0    0 12.5 21 350   M    M   0        29 350
15  95  58  77   6   0  12 0.00  0.0    0 16.9 28 110   M    M   0        33 120
16  98  67  83  12   0  18 0.00  0.0    0  9.1 22 360   M    M   0 3      26  10
17  84  58  71  -1   0   6    T  0.0    0  8.0 24 350   M    M   0        30 360
18  88  61  75   3   0  10 0.00  0.0    0 12.8 20 110   M    M   3 8      25 120
19  94  66  80   8   0  15    T  0.0    0  8.2 15 300   M    M   1 3      17 310
20  97  57  77   5   0  12 0.00  0.0    0 16.1 32  90   M    M   0        39  60
21  89  61  75   3   0  10 0.00  0.0    0 13.9 26 300   M    M   0        33 290
22  87  57  72   0   0   7 0.00  0.0    0 10.2 22 320   M    M   0        26 300
================================================================================
SM 2053 1340         0 270  0.48     0.0 247.8          M       10
================================================================================
AV 93.3 60.9                              11.3 FASTST   M    M   0    MAX(MPH)
                                 MISC ---->  # 49 320               # 62  320
================================================================================
NOTES:
# LAST OF SEVERAL OCCURRENCES

COLUMN 17 PEAK WIND IN M.P.H.

PRELIMINARY LOCAL CLIMATOLOGICAL DATA (WS FORM: F-6) , PAGE 2

                                          STATION:  GLASGOW MT
                                          MONTH:    JULY
                                          YEAR:     2017
                                          LATITUDE:   48 13 N
                                          LONGITUDE: 106 37 W

[TEMPERATURE DATA]      [PRECIPITATION DATA]       SYMBOLS USED IN COLUMN 16

AVERAGE MONTHLY: 77.1   TOTAL FOR MONTH:   0.48    1 = FOG OR MIST
DPTR FM NORMAL:   6.7   DPTR FM NORMAL:   -0.87    2 = FOG REDUCING VISIBILITY
HIGHEST:   103 ON  8    GRTST 24HR  0.48 ON 11-11      TO 1/4 MILE OR LESS
LOWEST:     54 ON  1                               3 = THUNDER
                        SNOW, ICE PELLETS, HAIL    4 = ICE PELLETS
                        TOTAL MONTH:   0.0 INCH    5 = HAIL
                        GRTST 24HR     0.0         6 = FREEZING RAIN OR DRIZZLE
                        GRTST DEPTH:   0           7 = DUSTSTORM OR SANDSTORM:
                                                       VSBY 1/2 MILE OR LESS
                                                   8 = SMOKE OR HAZE
[NO. OF DAYS WITH]      [WEATHER - DAYS WITH]      9 = BLOWING SNOW
                                                   X = TORNADO
MAX 32 OR BELOW:   0    0.01 INCH OR MORE:   1
MAX 90 OR ABOVE:  16    0.10 INCH OR MORE:   1
MIN 32 OR BELOW:   0    0.50 INCH OR MORE:   0
MIN  0 OR BELOW:   0    1.00 INCH OR MORE:   0

[HDD (BASE 65) ]
TOTAL THIS MO.     0    CLEAR  (SCALE 0-3)  21
DPTR FM NORMAL   -15    PTCLDY (SCALE 4-7)   1
TOTAL FM JUL 1     0    CLOUDY (SCALE 8-10)  0
DPTR FM NORMAL   -15

[CDD (BASE 65) ]
TOTAL THIS MO.   270
DPTR FM NORMAL   135    [PRESSURE DATA]
TOTAL FM JAN 1   365    HIGHEST SLP M ON M
DPTR FM NORMAL   138    LOWEST  SLP 29.61 ON 10

[REMARKS]
