000
CXUS53 KGLD 010800
CF6GLD
PRELIMINARY LOCAL CLIMATOLOGICAL DATA (WS FORM: F-6)

                                          STATION:   GOODLAND KS
                                          MONTH:     JULY
                                          YEAR:      2014
                                          LATITUDE:   39 22 N
                                          LONGITUDE: 101 42 W

  TEMPERATURE IN F:       :PCPN:    SNOW:  WIND      :SUNSHINE: SKY     :PK WND
================================================================================
1   2   3   4   5  6A  6B    7    8   9   10  11  12  13   14  15   16   17  18
                                     12Z  AVG MX 2MIN
DY MAX MIN AVG DEP HDD CDD  WTR  SNW DPTH SPD SPD DIR MIN PSBL S-S WX    SPD DR
================================================================================

 1  80  57  69  -5   0   4    T  0.0    0 11.2 25 340   M    M   3        34 350
 2  77  58  68  -7   0   3    T  0.0    0  5.7 14 190   M    M   5        21 140
 3  82  57  70  -5   0   5 0.00  0.0    0 18.9 30 160   M    M   1        37 150
 4  95  63  79   4   0  14 0.33  0.0    0 14.7 29 240   M    M   2 13     34 230
 5  94  60  77   2   0  12 0.00  0.0    0  7.7 14 150   M    M   0        17 340
 6  99  64  82   7   0  17    T  0.0    0  7.4 23  70   M    M   1 3      31  80
 7 100  61  81   6   0  16 0.38  0.0    0 10.0 28 360   M    M   1 13     35  10
 8  81  62  72  -4   0   7 0.19  0.0    0  5.4 17  40   M    M   4 13     23  40
 9  87  60  74  -2   0   9 0.00  0.0    0 16.4 29 170   M    M   0        37 180
10  90  63  77   1   0  12 0.00  0.0    0 15.9 24 170   M    M   2        29 170
11  98  65  82   6   0  17 0.00  0.0    0 11.8 29 170   M    M   0        37 170
12  88  62  75  -1   0  10 0.00  0.0    0  9.5 18  10   M    M   1        26 350
13  85  63  74  -2   0   9 0.50  0.0    0  8.4 31 350   M    M   2 13     37 340
14  82  57  70  -6   0   5 0.00  0.0    0 12.3 21  60   M    M   1        27  70
15  69  54  62 -14   3   0 0.01  0.0    0 11.0 21 160   M    M   9        26 160
16  62  56  59 -17   6   0 0.01  0.0    0 10.7 24 160   M    M   9 1      28 150
17  66  55  61 -15   4   0 0.02  0.0    0  7.5 17 190   M    M   8 1      21 190
18  86  56  71  -5   0   6 0.29  0.0    0 17.3 30 180   M    M   4 135    39 190
19  89  59  74  -2   0   9 0.00  0.0    0 10.5 18 190   M    M   2 12     25 190
20 101  63  82   6   0  17 0.00  0.0    0  9.7 25 230   M    M   0        39 230
21  98  71  85   9   0  20 0.00  0.0    0 10.1 22 180   M    M   0        27 120
22  96  66  81   5   0  16 0.00  0.0    0  9.5 21 340   M    M   0        25 340
23  91  67  79   3   0  14 0.00  0.0    0 14.3 29  90   M    M   3 1      36  80
24 100  67  84   8   0  19 0.00  0.0    0 13.8 25 190   M    M   0 1      35 200
25  97  67  82   6   0  17 0.08  0.0    0 10.1 32 170   M    M   0 3      40 170
26  97  66  82   6   0  17 0.00  0.0    0 10.3 20  20   M    M   0        26 340
27  88  59  74  -2   0   9 0.00  0.0    0  7.9 18  50   M    M   0        24  80
28  85  58  72  -4   0   7 0.00  0.0    0 10.8 20 170   M    M   1        25 160
29  87  59  73  -3   0   8 0.24  0.0    0 10.6 18 150   M    M   3 13     26 160
30  72  57  65 -11   0   0 0.02  0.0    0  9.4 20  70   M    M   6 1      24  60
31  84  54  69  -7   0   4 0.00  0.0    0  7.6 13 260   M    M   0        17 320
================================================================================
SM 2706 1886        13 303  2.07     0.0 336.4          M       68
================================================================================
AV 87.3 60.8                              10.9 FASTST   M    M   2    MAX(MPH)
                                 MISC ---->  # 32 170               # 40  170
================================================================================
NOTES:
# LAST OF SEVERAL OCCURRENCES

COLUMN 17 PEAK WIND IN M.P.H.

PRELIMINARY LOCAL CLIMATOLOGICAL DATA (WS FORM: F-6) , PAGE 2

                                          STATION:  GOODLAND KS
                                          MONTH:    JULY
                                          YEAR:     2014
                                          LATITUDE:   39 22 N
                                          LONGITUDE: 101 42 W

[TEMPERATURE DATA]      [PRECIPITATION DATA]       SYMBOLS USED IN COLUMN 16

AVERAGE MONTHLY: 74.1   TOTAL FOR MONTH:   2.07    1 = FOG OR MIST
DPTR FM NORMAL:  -1.6   DPTR FM NORMAL:   -1.40    2 = FOG REDUCING VISIBILITY
HIGHEST:   101 ON 20    GRTST 24HR  0.57 ON  7- 8      TO 1/4 MILE OR LESS
LOWEST:     54 ON 31,15                            3 = THUNDER
                        SNOW, ICE PELLETS, HAIL    4 = ICE PELLETS
                        TOTAL MONTH:   0.0 INCH    5 = HAIL
                        GRTST 24HR     0.0         6 = FREEZING RAIN OR DRIZZLE
                        GRTST DEPTH:   0           7 = DUSTSTORM OR SANDSTORM:
                                                       VSBY 1/2 MILE OR LESS
                                                   8 = SMOKE OR HAZE
[NO. OF DAYS WITH]      [WEATHER - DAYS WITH]      9 = BLOWING SNOW
                                                   X = TORNADO
MAX 32 OR BELOW:   0    0.01 INCH OR MORE:  11
MAX 90 OR ABOVE:  13    0.10 INCH OR MORE:   6
MIN 32 OR BELOW:   0    0.50 INCH OR MORE:   1
MIN  0 OR BELOW:   0    1.00 INCH OR MORE:   0

[HDD (BASE 65) ]
TOTAL THIS MO.    13    CLEAR  (SCALE 0-3)  24
DPTR FM NORMAL     9    PTCLDY (SCALE 4-7)   5
TOTAL FM JUL 1    13    CLOUDY (SCALE 8-10)  2
DPTR FM NORMAL     9

[CDD (BASE 65) ]
TOTAL THIS MO.   303
DPTR FM NORMAL   -31    [PRESSURE DATA]
TOTAL FM JAN 1   498    HIGHEST SLP M ON M
DPTR FM NORMAL   -56    LOWEST  SLP 29.69 ON  7

[REMARKS]
#FINAL-07-14#
